INSERT INTO `joom5_finder_links` (`link_id`, `url`, `route`, `title`, `description`, `indexdate`, `md5sum`, `published`, `state`, `access`, `language`, `publish_start_date`, `publish_end_date`, `start_date`, `end_date`, `list_price`, `sale_price`, `type_id`, `object`) VALUES
(12, 'index.php?option=com_content&view=article&id=10', 'index.php?option=com_content&view=article&id=10:contact-us&catid=2', 'Contact us', '', '2025-04-10 06:24:01', '41f69b4a26f4725e2db300fc7d49d183', 1, 1, 1, '*', '2025-04-10 06:24:01', NULL, '2025-04-10 06:24:01', NULL, 0, 0, 3, 0x[encoded data, 10308 characters]),
(13, 'index.php?option=com_content&view=article&id=11', 'index.php?option=com_content&view=article&id=11:products&catid=8', 'Products', ' We are always supporting you with best products. Fiber Glass Backing Plate Flap Disc Grinding Disc Sanding Belt Flap Wheel Cutting Disc Sanding Paper Abrasive Machine ', '2025-04-10 13:38:02', 'a43dc40bd9b7c32482c71d35d28725df', 1, 1, 1, '*', '2025-04-10 13:38:02', NULL, '2025-04-10 13:38:02', NULL, 0, 0, 3, 0x[encoded data, 14316 characters]);

-- --------------------------------------------------------

--
-- Структура таблицы `joom5_finder_links_terms`
--

CREATE TABLE `joom5_finder_links_terms` (
  `link_id` int UNSIGNED NOT NULL,
  `term_id` int UNSIGNED NOT NULL,
  `weight` float UNSIGNED NOT NULL DEFAULT '0'
) ENGINE=InnoDB DEFAULT CHARSET=utf8mb4 COLLATE=utf8mb4_unicode_ci;

--
-- Дамп данных таблицы `joom5_finder_links_terms`
--

INSERT INTO `joom5_finder_links_terms` (`link_id`, `term_id`, `weight`) VALUES
(1, 1, 0.5334),
(1, 2, 0.17),
(4, 2, 0.17),
(1, 3, 0.45339),
(2, 4, 1.23321),
(2, 5, 0.49321),
(12, 5, 0.49321),
(2, 6, 0.96),
(4, 6, 0.96),
(6, 6, 0.96),
(7, 6, 0.96),
(8, 6, 0.96),
(10, 6, 0.96),
(11, 6, 0.96),
(12, 6, 0.96),
(13, 6, 0.96),
(5, 6, 0.96),
(9, 6, 0.96),
(2, 7, 0.17),
(3, 11, 1.4666),
(3, 12, 0.17),
(10, 12, 0.17),
(3, 13, 1.02),
(10, 14, 0.32669),
(13, 14, 0.32669),
(5, 14, 0.65338),
(4, 14, 3.03355),
(13, 15, 0.23331),
(4, 15, 1.23321),
(13, 16, 0.23331),
(4, 16, 1.23321),
(13, 17, 0.23331),
(5, 17, 0.46662),
(4, 17, 1.69983),
(11, 21, 0.37338),
(13, 21, 0.56007),
(9, 21, 1.92024),
(6, 21, 2.10693),
(5, 21, 3.04038),
(13, 22, 0.37338),
(11, 22, 2.61366),
(5, 22, 2.85369),
(8, 22, 3.78714),
(9, 23, 0.07),
(5, 23, 0.17),
(13, 24, 0.37331),
(4, 24, 0.74662),
(7, 24, 1.86655),
(5, 24, 2.23986),
(8, 24, 2.98648),
(6, 24, 5.70631),
(4, 25, 0.09338),
(10, 25, 0.09338),
(7, 25, 0.4669),
(5, 25, 0.51359),
(8, 25, 0.56028),
(9, 25, 0.65366),
(6, 25, 0.70035),
(11, 25, 0.74704),
(4, 26, 0.37331),
(13, 26, 0.37331),
(10, 26, 0.74662),
(6, 26, 2.61317),
(8, 26, 3.7331),
(9, 26, 4.10641),
(7, 26, 4.85303),
(11, 26, 5.70631),
(6, 27, 0.28),
(9, 27, 0.28),
(5, 28, 1.12),
(6, 28, 1.12),
(6, 29, 0.23331),
(6, 30, 0.42),
(4, 31, 0.28),
(5, 31, 0.28),
(6, 31, 0.28),
(7, 31, 0.28),
(8, 31, 0.28),
(9, 31, 0.28),
(10, 31, 0.28),
(11, 31, 0.28),
(13, 31, 0.28),
(6, 32, 0.09331),
(7, 32, 0.09331),
(9, 32, 0.09331),
(11, 32, 0.09331),
(8, 32, 0.27993),
(10, 33, 0.42),
(4, 33, 0.84),
(6, 33, 1.68),
(7, 33, 1.68),
(9, 33, 1.68),
(8, 33, 2.38),
(11, 33, 2.38),
(5, 33, 2.52),
(5, 34, 0.56),
(10, 34, 0.56),
(7, 34, 1.12),
(6, 34, 2.8),
(8, 34, 2.8),
(9, 34, 3.36),
(4, 35, 0.14),
(5, 35, 0.14),
(6, 35, 0.14),
(7, 35, 0.14),
(8, 35, 0.14),
(9, 35, 0.14),
(10, 35, 0.14),
(11, 35, 0.14),
(13, 35, 0.14),
(6, 36, 0.23331),
(8, 36, 0.23331),
(6, 37, 0.23331),
(6, 38, 0.32669),
(8, 38, 0.32669),
(9, 38, 0.32669),
(7, 38, 0.65338),
(4, 39, 0.18669),
(5, 39, 0.18669),
(6, 39, 0.18669),
(7, 39, 0.18669),
(8, 39, 0.18669),
(9, 39, 0.18669),
(10, 39, 0.18669),
(11, 39, 0.18669),
(13, 39, 0.18669),
(5, 40, 0.28),
(6, 40, 0.28),
(9, 40, 0.28),
(8, 41, 0.23331),
(9, 41, 0.23331),
(6, 41, 0.46662),
(6, 42, 0.32669),
(6, 43, 0.23331),
(6, 44, 0.32669),
(6, 45, 0.23331),
(11, 45, 0.46662),
(6, 46, 0.56),
(9, 46, 0.56),
(5, 47, 0.32669),
(6, 47, 0.65338),
(7, 47, 0.65338),
(5, 48, 0.23331),
(6, 48, 0.23331),
(6, 49, 0.37331),
(6, 50, 0.42),
(6, 51, 0.37331),
(5, 52, 0.32669),
(6, 52, 0.32669),
(9, 52, 0.32669),
(6, 53, 0.7),
(6, 54, 0.32669),
(9, 54, 0.65338),
(5, 55, 0.32669),
(6, 55, 0.32669),
(13, 55, 0.32669),
(4, 55, 0.65338),
(11, 55, 1.30676),
(9, 55, 6.95383),
(6, 56, 0.56),
(10, 56, 0.56),
(11, 56, 2.24),
(6, 57, 0.37331),
(11, 58, 0.32669),
(6, 58, 0.65338),
(6, 59, 0.84),
(9, 59, 0.84),
(4, 60, 0.37331),
(7, 60, 1.11993),
(8, 60, 1.49324),
(6, 60, 1.86655),
(9, 60, 2.23986),
(11, 60, 2.98648),
(4, 61, 0.46669),
(6, 61, 0.46669),
(5, 61, 0.93338),
(7, 61, 0.93338),
(8, 61, 0.93338),
(7, 62, 0.42),
(8, 62, 0.42),
(5, 62, 0.42),
(6, 62, 0.84),
(9, 62, 1.26),
(11, 62, 4.2),
(4, 63, 0.46669),
(7, 63, 0.46669),
(10, 63, 0.46669),
(6, 63, 1.40007),
(8, 63, 1.40007),
(9, 63, 1.86676),
(11, 63, 3.73352),
(6, 64, 0.23331),
(6, 65, 0.28),
(9, 65, 0.28),
(8, 65, 0.56),
(6, 66, 0.51331),
(7, 66, 0.51331),
(8, 67, 0.46669),
(6, 67, 0.93338),
(5, 68, 0.18669),
(6, 68, 0.18669),
(9, 68, 0.18669),
(5, 69, 0.18669),
(6, 69, 0.37338),
(5, 70, 0.28),
(6, 70, 0.28),
(6, 71, 0.37331),
(5, 72, 0.37331),
(6, 72, 1.11993),
(4, 73, 0.14),
(5, 73, 0.14),
(10, 73, 0.14),
(6, 73, 0.84),
(7, 73, 0.98),
(8, 73, 1.54),
(9, 73, 2.1),
(11, 73, 2.8),
(4, 74, 0.18669),
(6, 74, 0.18669),
(7, 74, 0.18669),
(10, 75, 0.14),
(4, 75, 0.28),
(7, 75, 0.84),
(6, 75, 0.98),
(8, 75, 1.12),
(9, 75, 1.12),
(5, 75, 1.54),
(11, 75, 1.96),
(10, 76, 0.28),
(6, 76, 0.56),
(8, 76, 0.56),
(9, 76, 1.12),
(7, 76, 1.4),
(6, 77, 0.60669),
(8, 77, 0.60669),
(8, 78, 0.7),
(9, 78, 0.7),
(11, 78, 0.7),
(6, 78, 1.4),
(7, 78, 1.4),
(6, 79, 0.60669),
(4, 80, 0.56),
(5, 80, 0.56),
(6, 80, 1.12),
(7, 80, 1.68),
(11, 80, 3.92),
(4, 81, 0.09331),
(7, 81, 0.09331),
(9, 81, 0.09331),
(10, 81, 0.09331),
(8, 81, 0.18662),
(11, 81, 0.18662),
(6, 81, 0.27993),
(6, 82, 0.46669),
(8, 82, 0.46669),
(9, 82, 0.46669),
(6, 83, 0.09331),
(8, 83, 0.09331),
(9, 83, 0.27993),
(11, 83, 0.46655),
(4, 84, 0.09331),
(6, 84, 0.09331),
(8, 84, 0.09331),
(11, 84, 0.09331),
(9, 84, 0.46655),
(6, 85, 0.18669),
(5, 85, 0.56007),
(6, 86, 0.37331),
(6, 87, 0.37338),
(11, 87, 0.37338),
(5, 87, 0.56007),
(4, 88, 0.18669),
(6, 88, 0.18669),
(7, 88, 0.56007),
(6, 89, 0.56),
(7, 89, 0.56),
(10, 89, 0.56),
(4, 90, 0.37331),
(9, 90, 0.37331),
(6, 90, 0.74662),
(8, 90, 0.74662),
(8, 91, 0.42),
(7, 91, 0.84),
(11, 91, 0.84),
(6, 91, 1.26),
(9, 91, 1.68),
(9, 92, 0.23331),
(6, 92, 0.46662),
(4, 93, 0.09331),
(5, 93, 0.27993),
(7, 93, 0.27993),
(8, 93, 0.46655),
(6, 93, 0.55986),
(9, 93, 0.55986),
(11, 93, 1.49296),
(4, 94, 0.28),
(11, 94, 0.28),
(9, 94, 0.56),
(6, 94, 0.84),
(8, 94, 0.84),
(7, 94, 1.4),
(5, 95, 0.09331),
(6, 95, 0.09331),
(7, 95, 0.09331),
(8, 95, 0.09331),
(9, 95, 0.18662),
(6, 96, 0.51331),
(6, 97, 0.14),
(4, 97, 0.28),
(6, 98, 0.18669),
(6, 99, 0.23331),
(6, 100, 0.56),
(8, 101, 0.51331),
(10, 101, 0.51331),
(11, 101, 0.51331),
(4, 101, 1.02662),
(6, 101, 1.53993),
(7, 101, 1.53993),
(9, 101, 1.53993),
(5, 101, 2.05324),
(8, 102, 0.42),
(5, 102, 0.42),
(6, 102, 0.84),
(6, 103, 0.32669),
(10, 103, 0.32669),
(9, 103, 0.65338),
(7, 103, 0.98007),
(8, 103, 0.98007),
(6, 104, 0.60669),
(4, 105, 0.37331),
(5, 105, 0.37331),
(6, 105, 0.37331),
(7, 105, 0.37331),
(8, 105, 0.37331),
(9, 105, 0.37331),
(10, 105, 0.37331),
(11, 105, 0.37331),
(13, 105, 2.34652),
(6, 106, 0.51331),
(6, 107, 0.37331),
(10, 107, 0.37331),
(10, 108, 0.23331),
(4, 108, 0.46662),
(7, 108, 1.39986),
(6, 108, 1.63317),
(8, 108, 1.86648),
(9, 108, 1.86648),
(5, 108, 2.56641),
(11, 108, 3.26634),
(6, 109, 0.23331),
(9, 109, 0.46662),
(5, 109, 0.69993),
(6, 110, 0.32669),
(8, 110, 0.32669),
(5, 110, 0.65338),
(6, 111, 0.37331),
(5, 112, 0.32669),
(6, 112, 0.32669),
(9, 112, 0.32669),
(11, 112, 0.32669),
(6, 113, 0.18669),
(6, 114, 0.18669),
(6, 115, 0.18662),
(6, 116, 0.23331),
(8, 116, 0.23331),
(6, 117, 0.37331),
(8, 117, 0.37331),
(10, 117, 0.37331),
(11, 117, 1.11993),
(7, 117, 1.86655),
(7, 118, 0.51331),
(6, 118, 1.53993),
(8, 118, 1.53993),
(9, 118, 1.53993),
(11, 118, 2.56655),
(7, 119, 0.56),
(6, 119, 1.12),
(8, 119, 1.12),
(9, 119, 1.12),
(11, 119, 1.68),
(6, 120, 0.37331),
(6, 121, 0.7),
(9, 121, 0.7),
(11, 121, 4.2),
(6, 122, 0.23331),
(6, 123, 0.42),
(6, 124, 0.42),
(6, 125, 0.37331),
(7, 125, 0.37331),
(8, 125, 0.37331),
(4, 126, 0.46669),
(5, 126, 0.46669),
(6, 126, 0.46669),
(7, 126, 0.46669),
(8, 126, 0.46669),
(9, 126, 0.46669),
(10, 126, 0.46669),
(11, 126, 0.46669),
(13, 126, 0.46669),
(5, 127, 0.32669),
(6, 127, 0.32669),
(7, 127, 0.65338),
(8, 127, 0.65338),
(6, 128, 0.37331),
(6, 129, 0.42),
(7, 129, 0.42),
(6, 130, 0.46662),
(9, 130, 0.46662),
(7, 130, 0.93324),
(8, 130, 0.93324),
(5, 131, 0.14),
(7, 131, 0.14),
(6, 131, 0.28),
(4, 131, 0.42),
(9, 131, 0.56),
(11, 131, 2.38),
(4, 132, 0.37338),
(6, 132, 1.12014),
(7, 132, 1.12014),
(9, 132, 1.12014),
(8, 132, 1.30683),
(11, 132, 2.61366),
(4, 133, 0.09331),
(9, 133, 0.18662),
(6, 133, 0.27993),
(11, 133, 0.37324),
(5, 133, 0.46655),
(4, 134, 0.18669),
(7, 134, 0.18669),
(6, 134, 1.12014),
(8, 134, 1.49352),
(9, 134, 1.49352),
(6, 135, 0.84),
(7, 136, 0.28),
(9, 136, 0.28),
(8, 136, 0.56),
(6, 136, 0.84),
(6, 137, 0.23331),
(6, 138, 0.42),
(8, 138, 0.42),
(6, 139, 0.32669),
(8, 139, 0.32669),
(6, 140, 0.42),
(7, 140, 0.42),
(8, 140, 0.42),
(4, 141, 0.09331),
(5, 141, 0.09331),
(6, 141, 0.09331),
(7, 141, 0.09331),
(8, 141, 0.09331),
(9, 141, 0.09331),
(10, 141, 0.09331),
(11, 141, 0.09331),
(13, 141, 0.09331),
(13, 142, 0.23331),
(6, 142, 1.16655),
(9, 142, 1.39986),
(11, 142, 1.63317),
(8, 142, 4.73286),
(6, 143, 0.18669),
(9, 143, 0.18669),
(11, 143, 0.37338),
(5, 143, 0.56007),
(5, 144, 0.18669),
(13, 144, 0.18669),
(4, 144, 0.37338),
(10, 144, 0.37338),
(6, 144, 0.93345),
(7, 144, 1.12014),
(8, 144, 1.12014),
(9, 144, 1.49352),
(11, 144, 2.05359),
(4, 145, 0.32669),
(6, 145, 0.32669),
(4, 146, 0.14),
(5, 146, 0.14),
(6, 146, 0.14),
(7, 146, 0.14),
(8, 146, 0.14),
(9, 146, 0.14),
(10, 146, 0.14),
(11, 146, 0.14),
(13, 146, 0.14),
(6, 147, 0.17),
(5, 151, 0.32669),
(5, 152, 0.23331),
(5, 153, 0.32669),
(8, 153, 0.65338),
(7, 153, 1.30676),
(8, 154, 0.84),
(5, 154, 1.68),
(5, 156, 1.02662),
(5, 157, 0.32669),
(5, 158, 4.10641),
(5, 159, 0.51331),
(5, 160, 0.37331),
(5, 161, 0.37331),
(5, 162, 0.46662),
(11, 162, 0.46662),
(5, 165, 0.28),
(5, 166, 0.32669),
(9, 167, 0.23331),
(11, 167, 0.46662),
(5, 168, 0.46669),
(5, 169, 1.53993),
(5, 170, 0.28),
(5, 171, 0.65338),
(5, 172, 0.28),
(8, 173, 0.18669),
(5, 173, 0.74676),
(5, 174, 0.56),
(7, 175, 0.42),
(5, 176, 0.56),
(7, 177, 0.46669),
(8, 177, 0.46669),
(11, 177, 0.46669),
(5, 177, 0.93338),
(5, 178, 2.1),
(5, 179, 0.46669),
(5, 180, 0.51331),
(5, 182, 0.42),
(5, 183, 1.49352),
(5, 184, 0.23331),
(7, 184, 0.23331),
(5, 185, 0.37331),
(5, 186, 0.74676),
(5, 187, 0.65331),
(5, 188, 0.23331),
(11, 189, 0.18669),
(9, 189, 0.37338),
(5, 189, 1.68021),
(5, 190, 0.32669),
(5, 191, 0.65338),
(5, 192, 0.28),
(5, 193, 0.18669),
(5, 194, 0.42),
(5, 195, 0.18669),
(5, 196, 0.37331),
(5, 197, 0.18662),
(5, 198, 0.69993),
(5, 199, 0.14),
(5, 200, 0.32669),
(7, 201, 0.46662),
(8, 201, 0.46662),
(5, 201, 0.69993),
(8, 202, 0.32669),
(9, 202, 0.32669),
(11, 202, 0.32669),
(5, 202, 0.65338),
(5, 203, 0.28),
(5, 204, 1.86676),
(4, 205, 0.28),
(5, 205, 0.28),
(5, 206, 0.37331),
(5, 207, 0.7),
(5, 208, 0.65338),
(5, 209, 0.32669),
(5, 210, 0.23331),
(11, 210, 0.46662),
(4, 211, 0.42),
(5, 211, 0.84),
(5, 212, 0.42),
(9, 212, 1.26),
(5, 213, 0.23331),
(9, 213, 0.69993),
(5, 214, 0.23331),
(5, 215, 0.37331),
(5, 216, 1.11993),
(5, 217, 0.56),
(5, 218, 0.37331),
(9, 218, 0.37331),
(5, 219, 0.32669),
(5, 220, 0.32669),
(5, 221, 0.18669),
(8, 222, 0.14),
(5, 222, 0.28),
(5, 224, 0.37331),
(5, 225, 0.84),
(5, 226, 0.74676),
(5, 227, 0.18669),
(8, 227, 0.18669),
(5, 228, 0.42),
(5, 229, 0.23331),
(7, 230, 0.74662),
(8, 230, 0.74662),
(5, 230, 1.11993),
(4, 278, 0.46669),
(9, 278, 0.46669),
(4, 279, 0.32669),
(4, 280, 0.42),
(4, 281, 0.32669),
(4, 282, 0.37331),
(4, 283, 0.32669),
(8, 283, 0.32669),
(9, 283, 0.65338),
(11, 283, 0.98007),
(4, 284, 0.42),
(4, 285, 1.40007),
(4, 286, 0.37331),
(9, 286, 0.37331),
(4, 287, 0.42),
(4, 288, 0.18669),
(9, 288, 0.18669),
(8, 289, 0.46669),
(9, 289, 0.46669),
(4, 289, 0.93338),
(4, 290, 0.23331),
(8, 290, 0.23331),
(11, 290, 0.23331),
(4, 291, 0.60669),
(4, 292, 0.28),
(9, 292, 0.28),
(4, 293, 0.42),
(4, 294, 0.32669),
(4, 295, 0.14),
(4, 296, 0.28),
(11, 296, 1.68),
(4, 297, 0.56),
(4, 298, 0.18669),
(8, 298, 0.18669),
(13, 309, 0.18669),
(11, 309, 0.56007),
(7, 309, 3.41376),
(13, 310, 0.65338),
(7, 310, 1.72679),
(10, 310, 2.05348),
(7, 311, 0.28),
(7, 312, 0.32669),
(8, 312, 0.32669),
(8, 313, 0.65338),
(7, 313, 0.98007),
(9, 314, 0.32669),
(11, 314, 0.32669),
(7, 314, 0.65338),
(7, 315, 0.56),
(7, 316, 0.37331),
(7, 317, 0.51331),
(7, 318, 0.46669),
(8, 318, 0.46669),
(10, 318, 0.46669),
(11, 318, 0.46669),
(7, 319, 0.32669),
(7, 320, 0.37331),
(7, 321, 0.37331),
(11, 321, 0.37331),
(7, 322, 0.42),
(7, 323, 0.46669),
(7, 324, 0.28),
(7, 325, 0.37331),
(7, 326, 2.1),
(8, 326, 2.94),
(7, 327, 0.28),
(7, 328, 0.18669),
(8, 328, 0.18669),
(7, 329, 0.7),
(7, 330, 0.23331),
(8, 330, 0.23331),
(11, 330, 0.46662),
(9, 330, 0.69993),
(8, 331, 0.46669),
(7, 331, 0.93338),
(9, 331, 1.40007),
(11, 331, 4.6669),
(7, 332, 0.7),
(7, 333, 0.32669),
(8, 333, 0.32669),
(7, 334, 0.42),
(8, 334, 1.68),
(7, 335, 0.42),
(7, 336, 0.18669),
(7, 337, 0.42),
(7, 338, 0.84),
(8, 338, 0.84),
(7, 339, 0.7),
(8, 340, 0.65338),
(7, 340, 0.98007),
(7, 341, 0.51331),
(7, 342, 0.42),
(8, 343, 0.23331),
(9, 343, 0.23331),
(7, 343, 0.69993),
(11, 343, 0.69993),
(7, 344, 0.28),
(8, 345, 0.37331),
(7, 345, 0.74662),
(9, 345, 0.74662),
(11, 345, 0.74662),
(7, 346, 0.37331),
(7, 347, 0.42),
(7, 348, 0.56),
(11, 348, 1.12),
(7, 349, 0.14),
(9, 349, 0.14),
(11, 349, 0.14),
(7, 350, 0.17),
(8, 372, 0.7),
(8, 373, 0.37331),
(9, 373, 0.37331),
(11, 373, 2.23986),
(8, 374, 0.46669),
(8, 375, 0.37331),
(8, 376, 0.51331),
(8, 377, 0.32669),
(8, 378, 0.51331),
(8, 379, 0.42),
(8, 380, 0.28),
(8, 381, 0.42),
(8, 382, 0.18669),
(8, 383, 0.37331),
(11, 383, 0.74662),
(8, 384, 0.60669),
(8, 385, 0.84),
(8, 386, 0.37338),
(8, 387, 0.23331),
(8, 388, 0.37331),
(8, 389, 0.46669),
(9, 389, 0.46669),
(8, 390, 0.37331),
(8, 391, 0.46669),
(8, 392, 0.28),
(11, 392, 0.56),
(8, 393, 0.46669),
(8, 394, 0.14),
(9, 394, 0.14),
(11, 394, 0.14),
(8, 395, 0.23331),
(8, 396, 0.56),
(9, 396, 0.56),
(8, 397, 0.32669),
(8, 398, 0.37331),
(9, 398, 0.37331),
(8, 399, 0.32669),
(11, 399, 0.32669),
(9, 399, 0.65338),
(8, 400, 0.51331),
(8, 401, 0.51331),
(11, 402, 0.42),
(8, 402, 0.84),
(9, 402, 1.26),
(9, 403, 0.42),
(8, 403, 0.84),
(8, 404, 0.23331),
(11, 405, 0.23331),
(8, 405, 0.46662),
(8, 406, 0.23331),
(8, 407, 0.28),
(8, 408, 0.56),
(8, 409, 0.32669),
(8, 410, 0.56),
(11, 410, 0.56),
(8, 411, 0.37331),
(8, 412, 0.37331),
(8, 413, 0.18669),
(8, 414, 0.37338),
(8, 415, 0.23331),
(8, 416, 0.17),
(9, 435, 0.28),
(9, 436, 0.23331),
(9, 437, 0.37331),
(9, 438, 0.42),
(9, 439, 0.37331),
(9, 440, 0.46662),
(9, 441, 0.32669),
(10, 443, 0.18669),
(9, 443, 0.37338),
(9, 444, 0.23331),
(9, 445, 0.28),
(9, 447, 0.46669),
(9, 448, 0.56),
(11, 448, 1.68),
(9, 449, 0.46669),
(9, 450, 0.28),
(9, 451, 0.28),
(9, 452, 0.18669),
(9, 453, 0.42),
(9, 454, 0.28),
(9, 455, 0.37331),
(9, 456, 0.14),
(9, 458, 0.46669),
(9, 459, 0.32669),
(9, 460, 0.37331),
(9, 461, 0.46669),
(9, 462, 0.32669),
(9, 463, 0.18669),
(9, 464, 0.42),
(11, 464, 0.84),
(11, 465, 0.46669),
(9, 466, 0.51331),
(9, 467, 0.23331),
(9, 468, 0.65331),
(9, 470, 0.28),
(9, 471, 0.18669),
(9, 472, 0.42),
(9, 473, 0.18669),
(11, 474, 0.56),
(9, 474, 0.84),
(9, 475, 0.28),
(9, 476, 0.28),
(9, 477, 0.32669),
(9, 478, 1.02662),
(9, 479, 0.23331),
(9, 480, 0.28),
(9, 481, 0.37331),
(11, 481, 0.37331),
(9, 482, 0.32669),
(9, 483, 0.37331),
(9, 484, 0.98007),
(11, 484, 2.28683),
(9, 486, 0.32669),
(9, 487, 0.37331),
(9, 489, 0.23331),
(9, 490, 0.18669),
(9, 491, 0.46662),
(9, 492, 0.28),
(9, 493, 0.23331),
(9, 494, 0.46669),
(9, 495, 0.18669),
(9, 496, 0.74662),
(9, 497, 0.14),
(11, 499, 0.65338),
(9, 499, 0.98007),
(9, 500, 0.17),
(13, 562, 0.23331),
(10, 562, 1.23321),
(10, 563, 0.46669),
(10, 564, 0.14),
(10, 565, 0.37331),
(11, 565, 0.37331),
(10, 566, 0.42),
(10, 567, 0.7),
(10, 568, 0.46669),
(10, 569, 0.28),
(13, 577, 0.32669),
(11, 577, 12.8342),
(11, 578, 0.37331),
(11, 579, 0.28),
(11, 580, 0.28),
(11, 581, 0.09331),
(11, 582, 0.42),
(11, 583, 0.42),
(11, 584, 0.69993),
(11, 585, 0.46662),
(11, 586, 0.28),
(11, 587, 0.37331),
(11, 588, 0.37331),
(11, 589, 0.46669),
(11, 590, 1.53993),
(11, 591, 0.42),
(11, 592, 0.32669),
(11, 593, 0.32669),
(11, 594, 0.28),
(11, 595, 0.56),
(11, 596, 1.26),
(11, 597, 1.11993),
(11, 598, 0.42),
(11, 599, 0.23331),
(11, 600, 0.28),
(11, 601, 0.23331),
(11, 602, 1.30662),
(11, 603, 0.93338),
(11, 604, 2.56655),
(11, 605, 0.56),
(11, 606, 0.60669),
(11, 607, 0.60669),
(11, 608, 0.7),
(11, 609, 0.37338),
(11, 610, 0.46662),
(11, 611, 0.28),
(11, 612, 0.56),
(11, 613, 0.32669),
(11, 614, 0.42),
(11, 615, 0.51331),
(11, 616, 1.21338),
(11, 617, 3.03345),
(11, 618, 0.42),
(11, 619, 0.56),
(11, 620, 0.74662),
(11, 621, 0.23331),
(11, 622, 0.32669),
(11, 623, 0.23331),
(11, 624, 0.23331),
(11, 625, 0.23331),
(11, 626, 0.37331),
(11, 627, 0.65338),
(11, 628, 4.20021),
(11, 629, 0.32669),
(11, 630, 0.23331),
(11, 631, 0.56),
(11, 632, 1.4),
(11, 633, 0.18669),
(11, 634, 0.69993),
(11, 635, 0.37331),
(11, 636, 0.28),
(11, 637, 0.37331),
(11, 638, 0.60669),
(11, 639, 0.56),
(11, 640, 0.28),
(11, 641, 0.65338),
(11, 642, 3.7331),
(11, 643, 0.32669),
(11, 644, 0.42),
(11, 645, 0.51331),
(11, 646, 0.28),
(11, 647, 0.32669),
(11, 648, 0.56),
(11, 649, 4.6669),
(11, 650, 0.98007),
(11, 651, 0.32669),
(11, 652, 0.32669),
(11, 653, 0.23331),
(11, 654, 0.46662),
(11, 655, 0.28),
(11, 656, 0.17),
(12, 704, 1.72679),
(12, 705, 0.34),
(13, 707, 0.34);

-- --------------------------------------------------------

--
-- Структура таблицы `joom5_finder_logging`
--

CREATE TABLE `joom5_finder_logging` (
  `searchterm` varchar(255) CHARACTER SET utf8mb4 COLLATE utf8mb4_unicode_ci NOT NULL DEFAULT '',
  `md5sum` varchar(32) CHARACTER SET utf8mb4 COLLATE utf8mb4_unicode_ci NOT NULL DEFAULT '',
  `query` blob NOT NULL,
  `hits` int NOT NULL DEFAULT '1',
  `results` int NOT NULL DEFAULT '0'
) ENGINE=InnoDB DEFAULT CHARSET=utf8mb4 COLLATE=utf8mb4_unicode_ci;

-- --------------------------------------------------------

--
-- Структура таблицы `joom5_finder_taxonomy`
--

CREATE TABLE `joom5_finder_taxonomy` (
  `id` int UNSIGNED NOT NULL,
  `parent_id` int UNSIGNED NOT NULL DEFAULT '0',
  `lft` int NOT NULL DEFAULT '0',
  `rgt` int NOT NULL DEFAULT '0',
  `level` int UNSIGNED NOT NULL DEFAULT '0',
  `path` varchar(400) CHARACTER SET utf8mb4 COLLATE utf8mb4_unicode_ci NOT NULL DEFAULT '',
  `title` varchar(255) CHARACTER SET utf8mb4 COLLATE utf8mb4_unicode_ci NOT NULL DEFAULT '',
  `alias` varchar(400) CHARACTER SET utf8mb4 COLLATE utf8mb4_unicode_ci NOT NULL DEFAULT '',
  `state` tinyint UNSIGNED NOT NULL DEFAULT '1',
  `access` tinyint UNSIGNED NOT NULL DEFAULT '1',
  `language` char(7) CHARACTER SET utf8mb4 COLLATE utf8mb4_unicode_ci NOT NULL DEFAULT ''
) ENGINE=InnoDB DEFAULT CHARSET=utf8mb4 COLLATE=utf8mb4_unicode_ci;

--
-- Дамп данных таблицы `joom5_finder_taxonomy`
--

INSERT INTO `joom5_finder_taxonomy` (`id`, `parent_id`, `lft`, `rgt`, `level`, `path`, `title`, `alias`, `state`, `access`, `language`) VALUES
(1, 0, 0, 29, 0, '', 'ROOT', 'root', 1, 1, '*'),
(2, 1, 1, 4, 1, 'type', 'Type', 'type', 1, 1, ''),
(3, 2, 2, 3, 2, 'type/category', 'Category', 'category', 1, 1, ''),
(4, 1, 5, 8, 1, 'language', 'Language', 'language', 1, 1, ''),
(5, 4, 6, 7, 2, 'language/2aadaae48c21115dda3f90daaebb4724', '*', '2aadaae48c21115dda3f90daaebb4724', 1, 1, ''),
(6, 1, 9, 14, 1, 'type', 'Type', 'type', 1, 1, '*'),
(7, 6, 10, 11, 2, 'type/article', 'Article', 'article', 1, 1, '*'),
(8, 1, 15, 18, 1, 'author', 'Author', 'author', 1, 1, '*'),
(9, 8, 16, 17, 2, 'author/master-saita', 'master-saita', 'master-saita', 1, 1, '*'),
(10, 1, 19, 24, 1, 'category', 'Category', 'category', 1, 1, '*'),
(11, 10, 20, 21, 2, 'category/sajt', 'Сайт', 'sajt', 1, 1, '*'),
(12, 1, 25, 28, 1, 'language', 'Language', 'language', 1, 1, '*'),
(13, 12, 26, 27, 2, 'language/4086f6336014c75439f87cbda42d9c51', '*', '4086f6336014c75439f87cbda42d9c51', 1, 1, '*'),
(14, 6, 12, 13, 2, 'type/category', 'Category', 'category', 1, 1, '*'),
(15, 10, 22, 23, 2, 'category/produktsiya', 'Продукция', 'produktsiya', 1, 1, '*');

-- --------------------------------------------------------

--
-- Структура таблицы `joom5_finder_taxonomy_map`
--

CREATE TABLE `joom5_finder_taxonomy_map` (
  `link_id` int UNSIGNED NOT NULL,
  `node_id` int UNSIGNED NOT NULL
) ENGINE=InnoDB DEFAULT CHARSET=utf8mb4 COLLATE=utf8mb4_unicode_ci;

--
-- Дамп данных таблицы `joom5_finder_taxonomy_map`
--

INSERT INTO `joom5_finder_taxonomy_map` (`link_id`, `node_id`) VALUES
(1, 3),
(1, 5),
(2, 7),
(2, 9),
(2, 11),
(2, 13),
(3, 13),
(3, 14),
(4, 7),
(4, 9),
(4, 13),
(4, 15),
(5, 7),
(5, 9),
(5, 13),
(5, 15),
(6, 7),
(6, 9),
(6, 13),
(6, 15),
(7, 7),
(7, 9),
(7, 13),
(7, 15),
(8, 7),
(8, 9),
(8, 13),
(8, 15),
(9, 7),
(9, 9),
(9, 13),
(9, 15),
(10, 7),
(10, 9),
(10, 13),
(10, 15),
(11, 7),
(11, 9),
(11, 13),
(11, 15),
(12, 7),
(12, 9),
(12, 11),
(12, 13),
(13, 7),
(13, 9),
(13, 13),
(13, 15);

-- --------------------------------------------------------

--
-- Структура таблицы `joom5_finder_terms`
--

CREATE TABLE `joom5_finder_terms` (
  `term_id` int UNSIGNED NOT NULL,
  `term` varchar(75) CHARACTER SET utf8mb4 COLLATE utf8mb4_bin NOT NULL,
  `stem` varchar(75) CHARACTER SET utf8mb4 COLLATE utf8mb4_bin NOT NULL DEFAULT '',
  `common` tinyint UNSIGNED NOT NULL DEFAULT '0',
  `phrase` tinyint UNSIGNED NOT NULL DEFAULT '0',
  `weight` float UNSIGNED NOT NULL DEFAULT '0',
  `soundex` varchar(75) CHARACTER SET utf8mb4 COLLATE utf8mb4_bin NOT NULL DEFAULT '',
  `links` int NOT NULL DEFAULT '0',
  `language` char(7) CHARACTER SET utf8mb4 COLLATE utf8mb4_unicode_ci NOT NULL DEFAULT ''
) ENGINE=InnoDB DEFAULT CHARSET=utf8mb4 COLLATE=utf8mb4_unicode_ci;

--
-- Дамп данных таблицы `joom5_finder_terms`
--

INSERT INTO `joom5_finder_terms` (`term_id`, `term`, `stem`, `common`, `phrase`, `weight`, `soundex`, `links`, `language`) VALUES
(1, 'sait', 'sait', 0, 0, 0.2667, 'S300', 1, '*'),
(2, '2', '2', 0, 0, 0.1, '', 5, '*'),
(3, 'сайт', 'сайт', 0, 0, 0.2667, 'с000', 1, '*'),
(4, 'about', 'about', 0, 0, 0.3333, 'A130', 1, '*'),
(5, 'us', 'us', 0, 0, 0.1333, 'U200', 2, '*'),
(6, 'master-saita', 'master-saita', 0, 0, 0.8, 'M23623', 27, '*'),
(7, '1', '1', 0, 0, 0.1, '', 1, '*'),
(11, 'produktsiya', 'produktsiya', 0, 0, 0.7333, 'P63232', 1, '*'),
(12, '8', '8', 0, 0, 0.1, '', 3, '*'),
(13, 'продукция', 'продукция', 0, 0, 0.6, 'п000', 1, '*'),
(14, 'backing', 'backing', 0, 0, 0.4667, 'B252', 12, '*'),
(15, 'fiber', 'fiber', 0, 0, 0.3333, 'F600', 5, '*'),
(16, 'glass', 'glass', 0, 0, 0.3333, 'G420', 5, '*'),
(17, 'plate', 'plate', 0, 0, 0.3333, 'P430', 10, '*'),
(21, 'disc', 'disc', 0, 0, 0.2667, 'D200', 15, '*'),
(22, 'flap', 'flap', 0, 0, 0.2667, 'F410', 11, '*'),
(23, '3', '3', 0, 0, 0.1, '', 10, '*'),
(24, 'grinding', 'grinding', 0, 0, 0.5333, 'G65352', 14, '*'),
(25, 'a', 'a', 0, 0, 0.0667, 'A000', 21, '*'),
(26, 'abrasive', 'abrasive', 0, 0, 0.5333, 'A1621', 17, '*'),
(27, 'across', 'across', 0, 0, 0.4, 'A262', 6, '*'),
(28, 'adaptability', 'adaptability', 0, 0, 0.8, 'A313143', 7, '*'),
(29, 'added', 'added', 0, 0, 0.3333, 'A300', 2, '*'),
(30, 'adhesives', 'adhesives', 0, 0, 0.6, 'A3212', 2, '*'),
(31, 'always', 'always', 0, 0, 0.4, 'A420', 22, '*'),
(32, 'an', 'an', 0, 0, 0.1333, 'A500', 12, '*'),
(33, 'and', 'and', 0, 0, 0.2, 'A530', 21, '*'),
(34, 'applications', 'applications', 0, 0, 0.8, 'A142352', 17, '*'),
(35, 'are', 'are', 0, 0, 0.2, 'A600', 22, '*'),
(36, 'areas', 'areas', 0, 0, 0.3333, 'A620', 4, '*'),
(37, 'array', 'array', 0, 0, 0.3333, 'A600', 2, '*'),
(38, 'balance', 'balance', 0, 0, 0.4667, 'B452', 10, '*'),
(39, 'best', 'best', 0, 0, 0.2667, 'B230', 22, '*'),
(40, 'better', 'better', 0, 0, 0.4, 'B360', 11, '*'),
(41, 'blend', 'blend', 0, 0, 0.3333, 'B453', 8, '*'),
(42, 'bonding', 'bonding', 0, 0, 0.4667, 'B5352', 2, '*'),
(43, 'broad', 'broad', 0, 0, 0.3333, 'B630', 2, '*'),
(44, 'buffing', 'buffing', 0, 0, 0.4667, 'B520', 2, '*'),
(45, 'built', 'built', 0, 0, 0.3333, 'B430', 4, '*'),
(46, 'center', 'center', 0, 0, 0.4, 'C536', 6, '*'),
(47, 'ceramic', 'ceramic', 0, 0, 0.4667, 'C652', 9, '*'),
(48, 'clean', 'clean', 0, 0, 0.3333, 'C450', 7, '*'),
(49, 'cleaning', 'cleaning', 0, 0, 0.5333, 'C452', 2, '*'),
(50, 'clearance', 'clearance', 0, 0, 0.6, 'C4652', 2, '*'),
(51, 'coatings', 'coatings', 0, 0, 0.5333, 'C352', 2, '*'),
(52, 'control', 'control', 0, 0, 0.4667, 'C5364', 11, '*'),
(53, 'cost-effectiveness', 'cost-effectiveness', 0, 0, 1, 'C3123152', 2, '*'),
(54, 'crafted', 'crafted', 0, 0, 0.4667, 'C613', 6, '*'),
(55, 'cutting', 'cutting', 0, 0, 0.4667, 'C352', 16, '*'),
(56, 'cutting-edge', 'cutting-edge', 0, 0, 0.8, 'C35232', 6, '*'),
(57, 'damaging', 'damaging', 0, 0, 0.5333, 'D5252', 2, '*'),
(58, 'deliver', 'deliver', 0, 0, 0.4667, 'D416', 4, '*'),
(59, 'depressed', 'depressed', 0, 0, 0.6, 'D1623', 6, '*'),
(60, 'designed', 'designed', 0, 0, 0.5333, 'D253', 14, '*'),
(61, 'durability', 'durability', 0, 0, 0.6667, 'D6143', 13, '*'),
(62, 'efficient', 'efficient', 0, 0, 0.6, 'E1253', 17, '*'),
(63, 'engineered', 'engineered', 0, 0, 0.6667, 'E52563', 16, '*'),
(64, 'excel', 'excel', 0, 0, 0.3333, 'E240', 2, '*'),
(65, 'excels', 'excels', 0, 0, 0.4, 'E242', 8, '*'),
(66, 'exceptional', 'exceptional', 0, 0, 0.7333, 'E21354', 4, '*'),
(67, 'fabricated', 'fabricated', 0, 0, 0.6667, 'F623', 4, '*'),
(68, 'fast', 'fast', 0, 0, 0.2667, 'F230', 11, '*'),
(69, 'felt', 'felt', 0, 0, 0.2667, 'F430', 7, '*'),
(70, 'finish', 'finish', 0, 0, 0.4, 'F520', 7, '*'),
(71, 'flawless', 'flawless', 0, 0, 0.5333, 'F420', 2, '*'),
(72, 'flexible', 'flexible', 0, 0, 0.5333, 'F4214', 7, '*'),
(73, 'for', 'for', 0, 0, 0.2, 'F600', 21, '*'),
(74, 'from', 'from', 0, 0, 0.2667, 'F650', 6, '*'),
(75, 'get', 'get', 0, 0, 0.2, 'G300', 21, '*'),
(76, 'grains', 'grains', 0, 0, 0.4, 'G652', 12, '*'),
(77, 'hard-to-reach', 'hard-to-reach', 0, 0, 0.8667, 'H6362', 4, '*'),
(78, 'high-performance', 'high-performance', 0, 0, 1, 'H2161652', 12, '*'),
(79, 'high-pressure', 'high-pressure', 0, 0, 0.8667, 'H21626', 2, '*'),
(80, 'high-quality', 'high-quality', 0, 0, 0.8, 'H243', 13, '*'),
(81, 'in', 'in', 0, 0, 0.1333, 'I500', 16, '*'),
(82, 'innovative', 'innovative', 0, 0, 0.6667, 'I5131', 8, '*'),
(83, 'is', 'is', 0, 0, 0.1333, 'I200', 10, '*'),
(84, 'it', 'it', 0, 0, 0.1333, 'I300', 12, '*'),
(85, 'life', 'life', 0, 0, 0.2667, 'L100', 7, '*'),
(86, 'lifespan', 'lifespan', 0, 0, 0.5333, 'L1215', 2, '*'),
(87, 'long', 'long', 0, 0, 0.2667, 'L520', 12, '*'),
(88, 'made', 'made', 0, 0, 0.2667, 'M300', 6, '*'),
(89, 'manufactured', 'manufactured', 0, 0, 0.8, 'M12363', 6, '*'),
(90, 'material', 'material', 0, 0, 0.5333, 'M364', 10, '*'),
(91, 'materials', 'materials', 0, 0, 0.6, 'M3642', 12, '*'),
(92, 'metal', 'metal', 0, 0, 0.3333, 'M340', 6, '*'),
(93, 'of', 'of', 0, 0, 0.1333, 'O100', 19, '*'),
(94, 'offers', 'offers', 0, 0, 0.4, 'O162', 14, '*'),
(95, 'on', 'on', 0, 0, 0.1333, 'O500', 15, '*'),
(96, 'operational', 'operational', 0, 0, 0.7333, 'O16354', 2, '*'),
(97, 'pad', 'pad', 0, 0, 0.2, 'P300', 4, '*'),
(98, 'pads', 'pads', 0, 0, 0.2667, 'P320', 2, '*'),
(99, 'paint', 'paint', 0, 0, 0.3333, 'P530', 2, '*'),
(100, 'particularly', 'particularly', 0, 0, 0.8, 'P632464', 2, '*'),
(101, 'performance', 'performance', 0, 0, 0.7333, 'P61652', 21, '*'),
(102, 'polishing', 'polishing', 0, 0, 0.6, 'P4252', 9, '*'),
(103, 'premium', 'premium', 0, 0, 0.4667, 'P650', 12, '*'),
(104, 'premium-grade', 'premium-grade', 0, 0, 0.8667, 'P65263', 2, '*'),
(105, 'products', 'products', 0, 0, 0.5333, 'P63232', 22, '*'),
(106, 'proprietary', 'proprietary', 0, 0, 0.7333, 'P61636', 2, '*'),
(107, 'provides', 'provides', 0, 0, 0.5333, 'P6132', 4, '*'),
(108, 'quote', 'quote', 0, 0, 0.3333, 'Q300', 21, '*'),
(109, 'range', 'range', 0, 0, 0.3333, 'R520', 11, '*'),
(110, 'removal', 'removal', 0, 0, 0.4667, 'R514', 9, '*'),
(111, 'removing', 'removing', 0, 0, 0.5333, 'R5152', 2, '*'),
(112, 'results', 'results', 0, 0, 0.4667, 'R2432', 13, '*'),
(113, 'rust', 'rust', 0, 0, 0.2667, 'R230', 2, '*'),
(114, 'sets', 'sets', 0, 0, 0.2667, 'S320', 2, '*'),
(115, 'sg', 'sg', 0, 0, 0.1333, 'S000', 2, '*'),
(116, 'shape', 'shape', 0, 0, 0.3333, 'S100', 4, '*'),
(117, 'solution', 'solution', 0, 0, 0.5333, 'S435', 10, '*'),
(118, 'specialized', 'specialized', 0, 0, 0.7333, 'S12423', 12, '*'),
(119, 'specifically', 'specifically', 0, 0, 0.8, 'S12124', 12, '*'),
(120, 'standard', 'standard', 0, 0, 0.5333, 'S35363', 2, '*'),
(121, 'state-of-the-art', 'state-of-the-art', 0, 0, 1, 'S31363', 8, '*'),
(122, 'strip', 'strip', 0, 0, 0.3333, 'S361', 2, '*'),
(123, 'stripping', 'stripping', 0, 0, 0.6, 'S36152', 2, '*'),
(124, 'substrate', 'substrate', 0, 0, 0.6, 'S12363', 2, '*'),
(125, 'superior', 'superior', 0, 0, 0.5333, 'S160', 6, '*'),
(126, 'supporting', 'supporting', 0, 0, 0.6667, 'S16352', 22, '*'),
(127, 'surface', 'surface', 0, 0, 0.4667, 'S612', 11, '*'),
(128, 'surfaces', 'surfaces', 0, 0, 0.5333, 'S612', 2, '*'),
(129, 'synthetic', 'synthetic', 0, 0, 0.6, 'S532', 4, '*'),
(130, 'tasks', 'tasks', 0, 0, 0.3333, 'T200', 10, '*'),
(131, 'the', 'the', 0, 0, 0.2, 'T000', 17, '*'),
(132, 'this', 'this', 0, 0, 0.2667, 'T200', 14, '*'),
(133, 'to', 'to', 0, 0, 0.1333, 'T000', 15, '*'),
(134, 'tool', 'tool', 0, 0, 0.2667, 'T400', 12, '*'),
(135, 'top-grade', 'top-grade', 0, 0, 0.6, 'T1263', 2, '*'),
(136, 'unique', 'unique', 0, 0, 0.4, 'U520', 10, '*'),
(137, 'using', 'using', 0, 0, 0.3333, 'U252', 2, '*'),
(138, 'utilizing', 'utilizing', 0, 0, 0.6, 'U34252', 4, '*'),
(139, 'variety', 'variety', 0, 0, 0.4667, 'V630', 4, '*'),
(140, 'versatile', 'versatile', 0, 0, 0.6, 'V6234', 6, '*'),
(141, 'we', 'we', 0, 0, 0.1333, 'W000', 22, '*'),
(142, 'wheel', 'wheel', 0, 0, 0.3333, 'W400', 11, '*'),
(143, 'wide', 'wide', 0, 0, 0.2667, 'W300', 13, '*'),
(144, 'with', 'with', 0, 0, 0.2667, 'W300', 22, '*'),
(145, 'without', 'without', 0, 0, 0.4667, 'W300', 4, '*'),
(146, 'you', 'you', 0, 0, 0.2, 'Y000', 22, '*'),
(147, '4', '4', 0, 0, 0.1, '', 2, '*'),
(151, 'ability', 'ability', 0, 0, 0.4667, 'A143', 5, '*'),
(152, 'after', 'after', 0, 0, 0.3333, 'A136', 5, '*'),
(153, 'alumina', 'alumina', 0, 0, 0.4667, 'A450', 9, '*'),
(154, 'aluminium', 'aluminium', 0, 0, 0.6, 'A450', 7, '*'),
(155, 'applicability', 'applicability', 0, 0, 0.8667, 'A142143', 3, '*'),
(156, 'application', 'application', 0, 0, 0.7333, 'A14235', 5, '*'),
(157, 'bending', 'bending', 0, 0, 0.4667, 'B5352', 5, '*'),
(158, 'benefits', 'benefits', 0, 0, 0.5333, 'B5132', 5, '*'),
(159, 'calcination', 'calcination', 0, 0, 0.7333, 'C42535', 5, '*'),
(160, 'calcined', 'calcined', 0, 0, 0.5333, 'C4253', 5, '*'),
(161, 'clogging', 'clogging', 0, 0, 0.5333, 'C4252', 5, '*'),
(162, 'cloth', 'cloth', 0, 0, 0.3333, 'C430', 7, '*'),
(163, 'combined', 'combined', 0, 0, 0.5333, 'C5153', 3, '*'),
(164, 'cost', 'cost', 0, 0, 0.2667, 'C300', 3, '*'),
(165, 'damage', 'damage', 0, 0, 0.4, 'D520', 5, '*'),
(166, 'diamond', 'diamond', 0, 0, 0.4667, 'D530', 8, '*'),
(167, 'discs', 'discs', 0, 0, 0.3333, 'D200', 10, '*'),
(168, 'dispersion', 'dispersion', 0, 0, 0.6667, 'D21625', 5, '*'),
(169, 'dissipation', 'dissipation', 0, 0, 0.7333, 'D2135', 5, '*'),
(170, 'double', 'double', 0, 0, 0.4, 'D140', 5, '*'),
(171, 'durable', 'durable', 0, 0, 0.4667, 'D614', 5, '*'),
(172, 'during', 'during', 0, 0, 0.4, 'D652', 5, '*'),
(173, 'easy', 'easy', 0, 0, 0.2667, 'E200', 7, '*'),
(174, 'effect', 'effect', 0, 0, 0.4, 'E123', 5, '*'),
(175, 'effective', 'effective', 0, 0, 0.6, 'E1231', 5, '*'),
(176, 'efficiencies', 'efficiencies', 0, 0, 0.8, 'E1252', 5, '*'),
(177, 'efficiency', 'efficiency', 0, 0, 0.6667, 'E1252', 11, '*'),
(178, 'excellent', 'excellent', 0, 0, 0.6, 'E2453', 5, '*'),
(179, 'extra-long', 'extra-long', 0, 0, 0.6667, 'E236452', 5, '*'),
(180, 'flexibility', 'flexibility', 0, 0, 0.7333, 'F42143', 5, '*'),
(181, 'flower', 'flower', 0, 0, 0.4, 'F460', 3, '*'),
(182, 'functions', 'functions', 0, 0, 0.6, 'F52352', 5, '*'),
(183, 'good', 'good', 0, 0, 0.2667, 'G300', 5, '*'),
(184, 'grain', 'grain', 0, 0, 0.3333, 'G650', 7, '*'),
(185, 'hardness', 'hardness', 0, 0, 0.5333, 'H6352', 5, '*'),
(186, 'heat', 'heat', 0, 0, 0.2667, 'H300', 5, '*'),
(187, 'heat-resistant', 'heat-resistant', 0, 0, 0.9333, 'H362353', 5, '*'),
(188, 'heavy', 'heavy', 0, 0, 0.3333, 'H100', 5, '*'),
(189, 'high', 'high', 0, 0, 0.2667, 'H200', 11, '*'),
(190, 'improve', 'improve', 0, 0, 0.4667, 'I5161', 5, '*'),
(191, 'install', 'install', 0, 0, 0.4667, 'I5234', 5, '*'),
(192, 'leaves', 'leaves', 0, 0, 0.4, 'L120', 5, '*'),
(193, 'load', 'load', 0, 0, 0.2667, 'L300', 5, '*'),
(194, 'low', 'low', 0, 0, 0.2, 'L000', 5, '*'),
(195, 'mini', 'mini', 0, 0, 0.2667, 'M000', 5, '*'),
(196, 'multiple', 'multiple', 0, 0, 0.5333, 'M4314', 5, '*'),
(197, 'no', 'no', 0, 0, 0.1333, 'N000', 5, '*'),
(198, 'noise', 'noise', 0, 0, 0.3333, 'N200', 5, '*'),
(199, 'non', 'non', 0, 0, 0.2, 'N000', 5, '*'),
(200, 'operate', 'operate', 0, 0, 0.4667, 'O163', 5, '*'),
(201, 'oxide', 'oxide', 0, 0, 0.3333, 'O230', 9, '*'),
(202, 'quality', 'quality', 0, 0, 0.4667, 'Q430', 13, '*'),
(203, 'radial', 'radial', 0, 0, 0.4, 'R340', 5, '*'),
(204, 'resistance', 'resistance', 0, 0, 0.6667, 'R2352', 5, '*'),
(205, 'safety', 'safety', 0, 0, 0.4, 'S130', 7, '*'),
(206, 'security', 'security', 0, 0, 0.5333, 'S630', 5, '*'),
(207, 'self-sharpening', 'self-sharpening', 0, 0, 1, 'S4126152', 5, '*'),
(208, 'service', 'service', 0, 0, 0.4667, 'S612', 5, '*'),
(209, 'sharper', 'sharper', 0, 0, 0.4667, 'S616', 5, '*'),
(210, 'small', 'small', 0, 0, 0.3333, 'S540', 7, '*'),
(211, 'stability', 'stability', 0, 0, 0.6, 'S3143', 7, '*'),
(212, 'stainless', 'stainless', 0, 0, 0.6, 'S3542', 9, '*'),
(213, 'steel', 'steel', 0, 0, 0.3333, 'S340', 9, '*'),
(214, 'stock', 'stock', 0, 0, 0.3333, 'S320', 5, '*'),
(215, 'stocking', 'stocking', 0, 0, 0.5333, 'S3252', 5, '*'),
(216, 'strength', 'strength', 0, 0, 0.5333, 'S36523', 5, '*'),
(217, 'strong', 'strong', 0, 0, 0.4, 'S3652', 5, '*'),
(218, 'suitable', 'suitable', 0, 0, 0.5333, 'S314', 9, '*'),
(219, 'tensile', 'tensile', 0, 0, 0.4667, 'T524', 5, '*'),
(220, 'thermal', 'thermal', 0, 0, 0.4667, 'T654', 5, '*'),
(221, 'time', 'time', 0, 0, 0.2667, 'T500', 5, '*'),
(222, 'use', 'use', 0, 0, 0.2, 'U200', 7, '*'),
(223, 'versatility', 'versatility', 0, 0, 0.7333, 'V62343', 3, '*'),
(224, 'vertical', 'vertical', 0, 0, 0.5333, 'V6324', 5, '*'),
(225, 'vibration', 'vibration', 0, 0, 0.6, 'V635', 5, '*'),
(226, 'wear', 'wear', 0, 0, 0.2667, 'W600', 5, '*'),
(227, 'work', 'work', 0, 0, 0.2667, 'W620', 7, '*'),
(228, 'workpiece', 'workpiece', 0, 0, 0.6, 'W6212', 5, '*'),
(229, 'woven', 'woven', 0, 0, 0.3333, 'W150', 5, '*'),
(230, 'zirconia', 'zirconia', 0, 0, 0.5333, 'Z625', 9, '*'),
(278, 'additional', 'additional', 0, 0, 0.6667, 'A354', 6, '*'),
(279, 'changes', 'changes', 0, 0, 0.4667, 'C520', 2, '*'),
(280, 'component', 'component', 0, 0, 0.6, 'C5153', 2, '*'),
(281, 'elevate', 'elevate', 0, 0, 0.4667, 'E413', 2, '*'),
(282, 'enhanced', 'enhanced', 0, 0, 0.5333, 'E523', 5, '*'),
(283, 'ensures', 'ensures', 0, 0, 0.4667, 'E5262', 10, '*'),
(284, 'essential', 'essential', 0, 0, 0.6, 'E2534', 2, '*'),
(285, 'fiberglass', 'fiberglass', 0, 0, 0.6667, 'F6242', 2, '*'),
(286, 'hardware', 'hardware', 0, 0, 0.5333, 'H636', 6, '*'),
(287, 'mechanism', 'mechanism', 0, 0, 0.6, 'M2525', 2, '*'),
(288, 'need', 'need', 0, 0, 0.2667, 'N300', 6, '*'),
(289, 'operations', 'operations', 0, 0, 0.6667, 'O16352', 8, '*'),
(290, 'quick', 'quick', 0, 0, 0.3333, 'Q000', 6, '*'),
(291, 'revolutionary', 'revolutionary', 0, 0, 0.8667, 'R14356', 2, '*'),
(292, 'secure', 'secure', 0, 0, 0.4, 'S600', 6, '*'),
(293, 'stabilize', 'stabilize', 0, 0, 0.6, 'S3142', 2, '*'),
(294, 'support', 'support', 0, 0, 0.4667, 'S163', 2, '*'),
(295, 't41', 't41', 0, 0, 0.2, 'T000', 2, '*'),
(296, 'wheels', 'wheels', 0, 0, 0.4, 'W420', 4, '*'),
(297, 'x-lock', 'x-lock', 0, 0, 0.4, 'X420', 2, '*'),
(298, 'your', 'your', 0, 0, 0.2667, 'Y600', 4, '*'),
(309, 'belt', 'belt', 0, 0, 0.2667, 'B430', 5, '*'),
(310, 'sanding', 'sanding', 0, 0, 0.4667, 'S5352', 5, '*'),
(311, 'action', 'action', 0, 0, 0.4, 'A235', 2, '*'),
(312, 'brittle', 'brittle', 0, 0, 0.4667, 'B634', 4, '*'),
(313, 'carbide', 'carbide', 0, 0, 0.4667, 'C613', 4, '*'),
(314, 'compact', 'compact', 0, 0, 0.4667, 'C5123', 8, '*'),
(315, 'conditioning', 'conditioning', 0, 0, 0.8, 'C5352', 2, '*'),
(316, 'confined', 'confined', 0, 0, 0.5333, 'C5153', 2, '*'),
(317, 'consistency', 'consistency', 0, 0, 0.7333, 'C52352', 2, '*'),
(318, 'consistent', 'consistent', 0, 0, 0.6667, 'C52353', 8, '*'),
(319, 'created', 'created', 0, 0, 0.4667, 'C630', 2, '*'),
(320, 'delicate', 'delicate', 0, 0, 0.5333, 'D423', 2, '*'),
(321, 'delivers', 'delivers', 0, 0, 0.5333, 'D4162', 4, '*'),
(322, 'demanding', 'demanding', 0, 0, 0.6, 'D5352', 2, '*'),
(323, 'especially', 'especially', 0, 0, 0.6667, 'E2124', 2, '*'),
(324, 'fibers', 'fibers', 0, 0, 0.4, 'F620', 2, '*'),
(325, 'finishes', 'finishes', 0, 0, 0.5333, 'F520', 2, '*'),
(326, 'finishing', 'finishing', 0, 0, 0.6, 'F5252', 4, '*'),
(327, 'gentle', 'gentle', 0, 0, 0.4, 'G534', 2, '*'),
(328, 'hard', 'hard', 0, 0, 0.2667, 'H630', 7, '*'),
(329, 'high-efficiency', 'high-efficiency', 0, 0, 1, 'H21252', 2, '*'),
(330, 'ideal', 'ideal', 0, 0, 0.3333, 'I340', 10, '*'),
(331, 'industrial', 'industrial', 0, 0, 0.6667, 'I532364', 10, '*'),
(332, 'industry-leading', 'industry-leading', 0, 0, 1, 'I532364352', 2, '*'),
(333, 'infused', 'infused', 0, 0, 0.4667, 'I5123', 4, '*'),
(334, 'intricate', 'intricate', 0, 0, 0.6, 'I53623', 4, '*'),
(335, 'longevity', 'longevity', 0, 0, 0.6, 'L5213', 2, '*'),
(336, 'most', 'most', 0, 0, 0.2667, 'M230', 2, '*'),
(337, 'multitude', 'multitude', 0, 0, 0.6, 'M430', 2, '*'),
(338, 'non-woven', 'non-woven', 0, 0, 0.6, 'N150', 4, '*'),
(339, 'precision-based', 'precision-based', 0, 0, 1, 'P625123', 2, '*'),
(340, 'silicon', 'silicon', 0, 0, 0.4667, 'S425', 4, '*'),
(341, 'small-scale', 'small-scale', 0, 0, 0.7333, 'S5424', 2, '*'),
(342, 'specially', 'specially', 0, 0, 0.6, 'S124', 2, '*'),
(343, 'speed', 'speed', 0, 0, 0.3333, 'S130', 10, '*'),
(344, 'superb', 'superb', 0, 0, 0.4, 'S161', 2, '*'),
(345, 'tailored', 'tailored', 0, 0, 0.5333, 'T463', 10, '*'),
(346, 'top-tier', 'top-tier', 0, 0, 0.5333, 'T136', 2, '*'),
(347, 'unmatched', 'unmatched', 0, 0, 0.6, 'U5323', 2, '*'),
(348, 'unparalleled', 'unparalleled', 0, 0, 0.8, 'U51643', 4, '*'),
(349, 'yet', 'yet', 0, 0, 0.2, 'Y300', 8, '*'),
(350, '5', '5', 0, 0, 0.1, '', 2, '*'),
(372, 'abrasive-infused', 'abrasive-infused', 0, 0, 1, 'A16215123', 2, '*'),
(373, 'advanced', 'advanced', 0, 0, 0.5333, 'A31523', 8, '*'),
(374, 'all-in-one', 'all-in-one', 0, 0, 0.6667, 'A450', 2, '*'),
(375, 'bristles', 'bristles', 0, 0, 0.5333, 'B62342', 2, '*'),
(376, 'combination', 'combination', 0, 0, 0.7333, 'C51535', 2, '*'),
(377, 'complex', 'complex', 0, 0, 0.4667, 'C5142', 2, '*'),
(378, 'constructed', 'constructed', 0, 0, 0.7333, 'C523623', 2, '*'),
(379, 'deburring', 'deburring', 0, 0, 0.6, 'D1652', 2, '*'),
(380, 'detail', 'detail', 0, 0, 0.4, 'D400', 2, '*'),
(381, 'detailing', 'detailing', 0, 0, 0.6, 'D452', 2, '*'),
(382, 'ease', 'ease', 0, 0, 0.2667, 'E200', 2, '*'),
(383, 'equipped', 'equipped', 0, 0, 0.5333, 'E213', 4, '*'),
(384, 'exceptionally', 'exceptionally', 0, 0, 0.8667, 'E21354', 2, '*'),
(385, 'featuring', 'featuring', 0, 0, 0.6, 'F3652', 2, '*'),
(386, 'fine', 'fine', 0, 0, 0.2667, 'F500', 2, '*'),
(387, 'flaps', 'flaps', 0, 0, 0.3333, 'F412', 2, '*'),
(388, 'geometry', 'geometry', 0, 0, 0.5333, 'G536', 2, '*'),
(389, 'heavy-duty', 'heavy-duty', 0, 0, 0.6667, 'H130', 6, '*'),
(390, 'high-end', 'high-end', 0, 0, 0.5333, 'H253', 2, '*'),
(391, 'high-grade', 'high-grade', 0, 0, 0.6667, 'H263', 2, '*'),
(392, 'highly', 'highly', 0, 0, 0.4, 'H240', 4, '*'),
(393, 'integrated', 'integrated', 0, 0, 0.6667, 'I53263', 2, '*'),
(394, 'its', 'its', 0, 0, 0.2, 'I320', 8, '*'),
(395, 'makes', 'makes', 0, 0, 0.3333, 'M200', 2, '*'),
(396, 'meticulously', 'meticulously', 0, 0, 0.8, 'M32424', 6, '*'),
(397, 'mounted', 'mounted', 0, 0, 0.4667, 'M300', 2, '*'),
(398, 'mounting', 'mounting', 0, 0, 0.5333, 'M352', 6, '*'),
(399, 'optimal', 'optimal', 0, 0, 0.4667, 'O1354', 8, '*'),
(400, 'outstanding', 'outstanding', 0, 0, 0.7333, 'O3235352', 2, '*'),
(401, 'pre-mounted', 'pre-mounted', 0, 0, 0.7333, 'P653', 2, '*'),
(402, 'precision', 'precision', 0, 0, 0.6, 'P625', 8, '*'),
(403, 'requiring', 'requiring', 0, 0, 0.6, 'R2652', 6, '*'),
(404, 'setup', 'setup', 0, 0, 0.3333, 'S310', 2, '*'),
(405, 'shaft', 'shaft', 0, 0, 0.3333, 'S130', 4, '*'),
(406, 'shank', 'shank', 0, 0, 0.3333, 'S520', 2, '*'),
(407, 'shapes', 'shapes', 0, 0, 0.4, 'S120', 2, '*'),
(408, 'simultaneous', 'simultaneous', 0, 0, 0.8, 'S54352', 2, '*'),
(409, 'special', 'special', 0, 0, 0.4667, 'S124', 2, '*'),
(410, 'streamlining', 'streamlining', 0, 0, 0.8, 'S365452', 4, '*'),
(411, 'tackling', 'tackling', 0, 0, 0.5333, 'T2452', 2, '*'),
(412, 'uniquely', 'uniquely', 0, 0, 0.5333, 'U524', 2, '*'),
(413, 'well', 'well', 0, 0, 0.2667, 'W400', 2, '*'),
(414, 'wire', 'wire', 0, 0, 0.2667, 'W600', 2, '*'),
(415, 'works', 'works', 0, 0, 0.3333, 'W620', 2, '*'),
(416, '6', '6', 0, 0, 0.1, '', 2, '*'),
(435, '3-inch', '3-inch', 0, 0, 0.4, 'I520', 4, '*'),
(436, '400mm', '400mm', 0, 0, 0.3333, 'M000', 4, '*'),
(437, 'accuracy', 'accuracy', 0, 0, 0.5333, 'A262', 4, '*'),
(438, 'alignment', 'alignment', 0, 0, 0.6, 'A4253', 4, '*'),
(439, 'aluminum', 'aluminum', 0, 0, 0.5333, 'A450', 4, '*'),
(440, 'arbor', 'arbor', 0, 0, 0.3333, 'A616', 4, '*'),
(441, 'between', 'between', 0, 0, 0.4667, 'B350', 4, '*'),
(442, 'blades', 'blades', 0, 0, 0.4, 'B432', 3, '*'),
(443, 'both', 'both', 0, 0, 0.2667, 'B300', 6, '*'),
(444, 'brass', 'brass', 0, 0, 0.3333, 'B620', 4, '*'),
(445, 'choice', 'choice', 0, 0, 0.4, 'C000', 4, '*'),
(446, 'coated', 'coated', 0, 0, 0.4, 'C300', 3, '*'),
(447, 'completely', 'completely', 0, 0, 0.6667, 'C51434', 4, '*'),
(448, 'construction', 'construction', 0, 0, 0.8, 'C5236235', 6, '*'),
(449, 'convenient', 'convenient', 0, 0, 0.6667, 'C5153', 4, '*'),
(450, 'copper', 'copper', 0, 0, 0.4, 'C160', 4, '*'),
(451, 'cut', 'cut', 0, 0, 0.2, 'C300', 4, '*'),
(452, 'cuts', 'cuts', 0, 0, 0.2667, 'C320', 4, '*'),
(453, 'dedicated', 'dedicated', 0, 0, 0.6, 'D230', 4, '*'),
(454, 'design', 'design', 0, 0, 0.4, 'D250', 4, '*'),
(455, 'diameter', 'diameter', 0, 0, 0.5333, 'D536', 4, '*'),
(456, 'diy', 'diy', 0, 0, 0.2, 'D000', 4, '*'),
(457, 'edge', 'edge', 0, 0, 0.2667, 'E320', 3, '*'),
(458, 'eliminates', 'eliminates', 0, 0, 0.6667, 'E4532', 4, '*'),
(459, 'enables', 'enables', 0, 0, 0.4667, 'E5142', 4, '*'),
(460, 'ensuring', 'ensuring', 0, 0, 0.5333, 'E52652', 4, '*'),
(461, 'formulated', 'formulated', 0, 0, 0.6667, 'F6543', 4, '*'),
(462, 'granite', 'granite', 0, 0, 0.4667, 'G653', 4, '*'),
(463, 'inch', 'inch', 0, 0, 0.2667, 'I520', 4, '*'),
(464, 'including', 'including', 0, 0, 0.6, 'I524352', 6, '*'),
(465, 'industries', 'industries', 0, 0, 0.6667, 'I532362', 5, '*'),
(466, 'ingeniously', 'ingeniously', 0, 0, 0.7333, 'I52524', 4, '*'),
(467, 'large', 'large', 0, 0, 0.3333, 'L620', 4, '*'),
(468, 'large-diameter', 'large-diameter', 0, 0, 0.9333, 'L623536', 4, '*'),
(469, 'lasting', 'lasting', 0, 0, 0.4667, 'L2352', 3, '*'),
(470, 'levels', 'levels', 0, 0, 0.4, 'L142', 4, '*'),
(471, 'like', 'like', 0, 0, 0.2667, 'L200', 4, '*'),
(472, 'limestone', 'limestone', 0, 0, 0.6, 'L5235', 4, '*'),
(473, 'loss', 'loss', 0, 0, 0.2667, 'L200', 4, '*'),
(474, 'making', 'making', 0, 0, 0.4, 'M252', 6, '*'),
(475, 'marble', 'marble', 0, 0, 0.4, 'M614', 4, '*'),
(476, 'metals', 'metals', 0, 0, 0.4, 'M342', 4, '*'),
(477, 'minimal', 'minimal', 0, 0, 0.4667, 'M400', 4, '*'),
(478, 'non-ferrous', 'non-ferrous', 0, 0, 0.7333, 'N162', 4, '*'),
(479, 'notch', 'notch', 0, 0, 0.3333, 'N320', 4, '*'),
(480, 'off', 'off', 0, 0, 0.2, 'O100', 4, '*'),
(481, 'offering', 'offering', 0, 0, 0.5333, 'O1652', 6, '*'),
(482, 'perfect', 'perfect', 0, 0, 0.4667, 'P6123', 4, '*'),
(483, 'powerful', 'powerful', 0, 0, 0.5333, 'P614', 4, '*'),
(484, 'precise', 'precise', 0, 0, 0.4667, 'P620', 6, '*'),
(485, 'productivity', 'productivity', 0, 0, 0.8, 'P632313', 3, '*'),
(486, 'profile', 'profile', 0, 0, 0.4667, 'P614', 4, '*'),
(487, 'projects', 'projects', 0, 0, 0.5333, 'P6232', 4, '*'),
(488, 'saw', 'saw', 0, 0, 0.2, 'S000', 3, '*'),
(489, 'scale', 'scale', 0, 0, 0.3333, 'S400', 4, '*'),
(490, 'size', 'size', 0, 0, 0.2667, 'S000', 4, '*'),
(491, 'stone', 'stone', 0, 0, 0.3333, 'S350', 4, '*'),
(492, 'stones', 'stones', 0, 0, 0.4, 'S352', 4, '*'),
(493, 'super', 'super', 0, 0, 0.3333, 'S160', 4, '*'),
(494, 'super-thin', 'super-thin', 0, 0, 0.6667, 'S1635', 4, '*'),
(495, 'thin', 'thin', 0, 0, 0.2667, 'T500', 4, '*'),
(496, 'threaded', 'threaded', 0, 0, 0.5333, 'T630', 4, '*'),
(497, 'top', 'top', 0, 0, 0.2, 'T100', 4, '*'),
(498, 'used', 'used', 0, 0, 0.2667, 'U230', 3, '*'),
(499, 'various', 'various', 0, 0, 0.4667, 'V620', 6, '*'),
(500, '7', '7', 0, 0, 0.1, '', 4, '*'),
(562, 'paper', 'paper', 0, 0, 0.3333, 'P600', 3, '*'),
(563, 'conditions', 'conditions', 0, 0, 0.6667, 'C5352', 2, '*'),
(564, 'dry', 'dry', 0, 0, 0.2, 'D600', 2, '*'),
(565, 'reliable', 'reliable', 0, 0, 0.5333, 'R414', 4, '*'),
(566, 'sandpaper', 'sandpaper', 0, 0, 0.6, 'S5316', 2, '*'),
(567, 'water-resistant', 'water-resistant', 0, 0, 1, 'W362353', 2, '*'),
(568, 'waterproof', 'waterproof', 0, 0, 0.6667, 'W36161', 2, '*'),
(569, 'wet', 'wet', 0, 0, 0.2, 'W300', 2, '*'),
(577, 'machine', 'machine', 0, 0, 0.4667, 'M250', 3, '*'),
(578, 'accurate', 'accurate', 0, 0, 0.5333, 'A263', 2, '*'),
(579, 'aiming', 'aiming', 0, 0, 0.4, 'A520', 2, '*'),
(580, 'assess', 'assess', 0, 0, 0.4, 'A200', 2, '*'),
(581, 'at', 'at', 0, 0, 0.1333, 'A300', 2, '*'),
(582, 'automated', 'automated', 0, 0, 0.6, 'A353', 2, '*'),
(583, 'automatic', 'automatic', 0, 0, 0.6, 'A3532', 2, '*'),
(584, 'belts', 'belts', 0, 0, 0.3333, 'B432', 2, '*'),
(585, 'burst', 'burst', 0, 0, 0.3333, 'B623', 2, '*'),
(586, 'change', 'change', 0, 0, 0.4, 'C520', 2, '*'),
(587, 'combines', 'combines', 0, 0, 0.5333, 'C5152', 2, '*'),
(588, 'commonly', 'commonly', 0, 0, 0.5333, 'C540', 2, '*'),
(589, 'components', 'components', 0, 0, 0.6667, 'C51532', 2, '*'),
(590, 'compression', 'compression', 0, 0, 0.7333, 'C51625', 2, '*'),
(591, 'densities', 'densities', 0, 0, 0.6, 'D5232', 2, '*'),
(592, 'desired', 'desired', 0, 0, 0.4667, 'D263', 2, '*'),
(593, 'despite', 'despite', 0, 0, 0.4667, 'D213', 2, '*'),
(594, 'ensure', 'ensure', 0, 0, 0.4, 'E526', 2, '*'),
(595, 'environments', 'environments', 0, 0, 0.8, 'E516532', 2, '*'),
(596, 'equipment', 'equipment', 0, 0, 0.6, 'E2153', 2, '*'),
(597, 'features', 'features', 0, 0, 0.5333, 'F362', 2, '*'),
(598, 'footprint', 'footprint', 0, 0, 0.6, 'F31653', 2, '*'),
(599, 'found', 'found', 0, 0, 0.3333, 'F530', 2, '*'),
(600, 'geared', 'geared', 0, 0, 0.4, 'G630', 2, '*'),
(601, 'gears', 'gears', 0, 0, 0.3333, 'G620', 2, '*'),
(602, 'high-precision', 'high-precision', 0, 0, 0.9333, 'H21625', 2, '*'),
(603, 'high-speed', 'high-speed', 0, 0, 0.6667, 'H213', 2, '*'),
(604, 'high-volume', 'high-volume', 0, 0, 0.7333, 'H2145', 2, '*'),
(605, 'incorporates', 'incorporates', 0, 0, 0.8, 'I5261632', 2, '*'),
(606, 'incorporating', 'incorporating', 0, 0, 0.8667, 'I52616352', 2, '*'),
(607, 'indispensable', 'indispensable', 0, 0, 0.8667, 'I53215214', 2, '*'),
(608, 'industrial-grade', 'industrial-grade', 0, 0, 1, 'I532364263', 2, '*'),
(609, 'into', 'into', 0, 0, 0.2667, 'I530', 2, '*'),
(610, 'jumbo', 'jumbo', 0, 0, 0.3333, 'J510', 2, '*'),
(611, 'larger', 'larger', 0, 0, 0.4, 'L626', 2, '*'),
(612, 'latest', 'latest', 0, 0, 0.4, 'L323', 2, '*'),
(613, 'leather', 'leather', 0, 0, 0.4667, 'L360', 2, '*'),
(614, 'machinery', 'machinery', 0, 0, 0.6, 'M256', 2, '*'),
(615, 'maintaining', 'maintaining', 0, 0, 0.7333, 'M352', 2, '*'),
(616, 'manufacturers', 'manufacturers', 0, 0, 0.8667, 'M12362', 2, '*'),
(617, 'manufacturing', 'manufacturing', 0, 0, 0.8667, 'M123652', 2, '*'),
(618, 'must-have', 'must-have', 0, 0, 0.6, 'M231', 2, '*'),
(619, 'narrow', 'narrow', 0, 0, 0.4, 'N600', 2, '*'),
(620, 'narrower', 'narrower', 0, 0, 0.5333, 'N600', 2, '*'),
(621, 'needs', 'needs', 0, 0, 0.3333, 'N320', 2, '*'),
(622, 'objects', 'objects', 0, 0, 0.4667, 'O1232', 2, '*'),
(623, 'packs', 'packs', 0, 0, 0.3333, 'P200', 2, '*'),
(624, 'piece', 'piece', 0, 0, 0.3333, 'P200', 2, '*'),
(625, 'press', 'press', 0, 0, 0.3333, 'P620', 2, '*'),
(626, 'pressing', 'pressing', 0, 0, 0.5333, 'P6252', 2, '*'),
(627, 'process', 'process', 0, 0, 0.4667, 'P620', 2, '*'),
(628, 'production', 'production', 0, 0, 0.6667, 'P63235', 2, '*'),
(629, 'pulleys', 'pulleys', 0, 0, 0.4667, 'P420', 2, '*'),
(630, 'punch', 'punch', 0, 0, 0.3333, 'P520', 2, '*'),
(631, 'quick-change', 'quick-change', 0, 0, 0.8, 'Q520', 2, '*'),
(632, 'robust', 'robust', 0, 0, 0.4, 'R123', 2, '*'),
(633, 'roll', 'roll', 0, 0, 0.2667, 'R400', 2, '*'),
(634, 'rolls', 'rolls', 0, 0, 0.3333, 'R420', 2, '*'),
(635, 'rotating', 'rotating', 0, 0, 0.5333, 'R352', 2, '*'),
(636, 'rubber', 'rubber', 0, 0, 0.4, 'R160', 2, '*'),
(637, 'seamless', 'seamless', 0, 0, 0.5333, 'S542', 2, '*'),
(638, 'shaft-mounted', 'shaft-mounted', 0, 0, 0.8667, 'S1353', 2, '*'),
(639, 'sheets', 'sheets', 0, 0, 0.4, 'S320', 2, '*'),
(640, 'sizing', 'sizing', 0, 0, 0.4, 'S520', 2, '*'),
(641, 'skiving', 'skiving', 0, 0, 0.4667, 'S152', 2, '*'),
(642, 'slitting', 'slitting', 0, 0, 0.5333, 'S4352', 2, '*'),
(643, 'smaller', 'smaller', 0, 0, 0.4667, 'S546', 2, '*'),
(644, 'standards', 'standards', 0, 0, 0.6, 'S353632', 2, '*'),
(645, 'streamlines', 'streamlines', 0, 0, 0.7333, 'S365452', 2, '*'),
(646, 'strips', 'strips', 0, 0, 0.4, 'S3612', 2, '*'),
(647, 'systems', 'systems', 0, 0, 0.4667, 'S352', 2, '*'),
(648, 'technologies', 'technologies', 0, 0, 0.8, 'T2542', 2, '*'),
(649, 'technology', 'technology', 0, 0, 0.6667, 'T2542', 2, '*'),
(650, 'testing', 'testing', 0, 0, 0.4667, 'T2352', 2, '*'),
(651, 'textile', 'textile', 0, 0, 0.4667, 'T234', 2, '*'),
(652, 'towards', 'towards', 0, 0, 0.4667, 'T632', 2, '*'),
(653, 'types', 'types', 0, 0, 0.3333, 'T120', 2, '*'),
(654, 'while', 'while', 0, 0, 0.3333, 'W400', 2, '*'),
(655, 'widths', 'widths', 0, 0, 0.4, 'W320', 2, '*'),
(656, '9', '9', 0, 0, 0.1, '', 2, '*'),
(704, 'contact', 'contact', 0, 0, 0.4667, 'C5323', 1, '*'),
(705, '10', '10', 0, 0, 0.2, '', 1, '*'),
(707, '11', '11', 0, 0, 0.2, '', 1, '*');

-- --------------------------------------------------------

--
-- Структура таблицы `joom5_finder_terms_common`
--

CREATE TABLE `joom5_finder_terms_common` (
  `term` varchar(75) CHARACTER SET utf8mb4 COLLATE utf8mb4_bin NOT NULL DEFAULT '',
  `language` char(7) CHARACTER SET utf8mb4 COLLATE utf8mb4_unicode_ci NOT NULL DEFAULT '',
  `custom` int NOT NULL DEFAULT '0'
) ENGINE=InnoDB DEFAULT CHARSET=utf8mb4 COLLATE=utf8mb4_unicode_ci;

--
-- Дамп данных таблицы `joom5_finder_terms_common`
--

INSERT INTO `joom5_finder_terms_common` (`term`, `language`, `custom`) VALUES
('a', 'en', 0),
('about', 'en', 0),
('above', 'en', 0),
('after', 'en', 0),
('again', 'en', 0),
('against', 'en', 0),
('all', 'en', 0),
('am', 'en', 0),
('an', 'en', 0),
('and', 'en', 0),
('any', 'en', 0),
('are', 'en', 0),
('aren\'t', 'en', 0),
('as', 'en', 0),
('at', 'en', 0),
('be', 'en', 0),
('because', 'en', 0),
('been', 'en', 0),
('before', 'en', 0),
('being', 'en', 0),
('below', 'en', 0),
('between', 'en', 0),
('both', 'en', 0),
('but', 'en', 0),
('by', 'en', 0),
('can\'t', 'en', 0),
('cannot', 'en', 0),
('could', 'en', 0),
('couldn\'t', 'en', 0),
('did', 'en', 0),
('didn\'t', 'en', 0),
('do', 'en', 0),
('does', 'en', 0),
('doesn\'t', 'en', 0),
('doing', 'en', 0),
('don\'t', 'en', 0),
('down', 'en', 0),
('during', 'en', 0),
('each', 'en', 0),
('few', 'en', 0),
('for', 'en', 0),
('from', 'en', 0),
('further', 'en', 0),
('had', 'en', 0),
('hadn\'t', 'en', 0),
('has', 'en', 0),
('hasn\'t', 'en', 0),
('have', 'en', 0),
('haven\'t', 'en', 0),
('having', 'en', 0),
('he', 'en', 0),
('he\'d', 'en', 0),
('he\'ll', 'en', 0),
('he\'s', 'en', 0),
('her', 'en', 0),
('here', 'en', 0),
('here\'s', 'en', 0),
('hers', 'en', 0),
('herself', 'en', 0),
('him', 'en', 0),
('himself', 'en', 0),
('his', 'en', 0),
('how', 'en', 0),
('how\'s', 'en', 0),
('href', 'ru', 0),
('i', 'en', 0),
('i\'d', 'en', 0),
('i\'ll', 'en', 0),
('i\'m', 'en', 0),
('i\'ve', 'en', 0),
('if', 'en', 0),
('in', 'en', 0),
('into', 'en', 0),
('is', 'en', 0),
('isn\'t', 'en', 0),
('it', 'en', 0),
('it\'s', 'en', 0),
('its', 'en', 0),
('itself', 'en', 0),
('let\'s', 'en', 0),
('lol', 'ru', 0),
('me', 'en', 0),
('more', 'en', 0),
('most', 'en', 0),
('mustn\'t', 'en', 0),
('my', 'en', 0),
('myself', 'en', 0),
('no', 'en', 0),
('nor', 'en', 0),
('not', 'en', 0),
('of', 'en', 0),
('off', 'en', 0),
('on', 'en', 0),
('once', 'en', 0),
('only', 'en', 0),
('or', 'en', 0),
('other', 'en', 0),
('ought', 'en', 0),
('our', 'en', 0),
('ours', 'en', 0),
('ourselves', 'en', 0),
('out', 'en', 0),
('over', 'en', 0),
('own', 'en', 0),
('same', 'en', 0),
('shan\'t', 'en', 0),
('she', 'en', 0),
('she\'d', 'en', 0),
('she\'ll', 'en', 0),
('she\'s', 'en', 0),
('should', 'en', 0),
('shouldn\'t', 'en', 0),
('so', 'en', 0),
('some', 'en', 0),
('such', 'en', 0),
('than', 'en', 0),
('that', 'en', 0),
('that\'s', 'en', 0),
('the', 'en', 0),
('their', 'en', 0),
('theirs', 'en', 0),
('them', 'en', 0),
('themselves', 'en', 0),
('then', 'en', 0),
('there', 'en', 0),
('there\'s', 'en', 0),
('these', 'en', 0),
('they', 'en', 0),
('they\'d', 'en', 0),
('they\'ll', 'en', 0),
('they\'re', 'en', 0),
('they\'ve', 'en', 0),
('this', 'en', 0),
('those', 'en', 0),
('through', 'en', 0),
('to', 'en', 0),
('too', 'en', 0),
('under', 'en', 0),
('until', 'en', 0),
('up', 'en', 0),
('very', 'en', 0),
('was', 'en', 0),
('wasn\'t', 'en', 0),
('we', 'en', 0),
('we\'d', 'en', 0),
('we\'ll', 'en', 0),
('we\'re', 'en', 0),
('we\'ve', 'en', 0),
('were', 'en', 0),
('weren\'t', 'en', 0),
('what', 'en', 0),
('what\'s', 'en', 0),
('when', 'en', 0),
('when\'s', 'en', 0),
('where', 'en', 0),
('where\'s', 'en', 0),
('which', 'en', 0),
('while', 'en', 0),
('who', 'en', 0),
('who\'s', 'en', 0),
('whom', 'en', 0),
('why', 'en', 0),
('why\'s', 'en', 0),
('with', 'en', 0),
('won\'t', 'en', 0),
('would', 'en', 0),
('wouldn\'t', 'en', 0),
('www', 'ru', 0),
('you', 'en', 0),
('you\'d', 'en', 0),
('you\'ll', 'en', 0),
('you\'re', 'en', 0),
('you\'ve', 'en', 0),
('your', 'en', 0),
('yours', 'en', 0),
('yourself', 'en', 0),
('yourselves', 'en', 0),
('а', 'ru', 0),
('без', 'ru', 0),
('благодарю', 'ru', 0),
('благодаря', 'ru', 0),
('близко', 'ru', 0),
('более', 'ru', 0),
('более-менее', 'ru', 0),
('большая', 'ru', 0),
('больше', 'ru', 0),
('большие', 'ru', 0),
('большое', 'ru', 0),
('большой', 'ru', 0),
('будет', 'ru', 0),
('будут', 'ru', 0),
('будучи', 'ru', 0),
('был', 'ru', 0),
('была', 'ru', 0),
('были', 'ru', 0),
('было', 'ru', 0),
('быть', 'ru', 0),
('в', 'ru', 0),
('вам', 'ru', 0),
('вами', 'ru', 0),
('вас', 'ru', 0),
('ваш', 'ru', 0),
('ваша', 'ru', 0),
('ваше', 'ru', 0),
('вашего', 'ru', 0),
('вашей', 'ru', 0),
('вашем', 'ru', 0),
('вашему', 'ru', 0),
('ваши', 'ru', 0),
('вашим', 'ru', 0),
('вашими', 'ru', 0),
('ваших', 'ru', 0),
('вашу', 'ru', 0),
('вблизи', 'ru', 0),
('ведь', 'ru', 0),
('везде', 'ru', 0),
('великолепно', 'ru', 0),
('вне', 'ru', 0),
('внутри', 'ru', 0),
('во', 'ru', 0),
('возле', 'ru', 0),
('вот', 'ru', 0),
('временами', 'ru', 0),
('временем', 'ru', 0),
('времени', 'ru', 0),
('время', 'ru', 0),
('все', 'ru', 0),
('все-таки', 'ru', 0),
('всегда', 'ru', 0),
('всего', 'ru', 0),
('всеми', 'ru', 0),
('всех', 'ru', 0),
('всякая', 'ru', 0),
('всякие', 'ru', 0),
('всякий', 'ru', 0),
('всяким', 'ru', 0),
('всякими', 'ru', 0),
('всяких', 'ru', 0),
('всякого', 'ru', 0),
('всякое', 'ru', 0),
('всякой', 'ru', 0),
('всяком', 'ru', 0),
('всякому', 'ru', 0),
('всякую', 'ru', 0),
('всё', 'ru', 0),
('всё-таки', 'ru', 0),
('выглядит', 'ru', 0),
('выглядят', 'ru', 0),
('где', 'ru', 0),
('да', 'ru', 0),
('далеко', 'ru', 0),
('действительно', 'ru', 0),
('день', 'ru', 0),
('для', 'ru', 0),
('дне', 'ru', 0),
('дней', 'ru', 0),
('днем', 'ru', 0),
('дни', 'ru', 0),
('дню', 'ru', 0),
('дня', 'ru', 0),
('дням', 'ru', 0),
('днями', 'ru', 0),
('днях', 'ru', 0),
('днём', 'ru', 0),
('до', 'ru', 0),
('дом', 'ru', 0),
('дома', 'ru', 0),
('доме', 'ru', 0),
('домом', 'ru', 0),
('дому', 'ru', 0),
('его', 'ru', 0),
('ее', 'ru', 0),
('если', 'ru', 0),
('есть', 'ru', 0),
('еще', 'ru', 0),
('её', 'ru', 0),
('же', 'ru', 0),
('за', 'ru', 0),
('затем', 'ru', 0),
('затем-то', 'ru', 0),
('захотел', 'ru', 0),
('захотела', 'ru', 0),
('захотели', 'ru', 0),
('захочу', 'ru', 0),
('зачем', 'ru', 0),
('зачем-то', 'ru', 0),
('знает', 'ru', 0),
('знал', 'ru', 0),
('знала', 'ru', 0),
('знали', 'ru', 0),
('знало', 'ru', 0),
('знаю', 'ru', 0),
('и', 'ru', 0),
('и т.д', 'ru', 0),
('и т.п', 'ru', 0),
('ибо', 'ru', 0),
('из', 'ru', 0),
('из-под', 'ru', 0),
('или', 'ru', 0),
('им', 'ru', 0),
('имхо', 'ru', 0),
('иначе', 'ru', 0),
('иногда', 'ru', 0),
('искал', 'ru', 0),
('искала', 'ru', 0),
('искали', 'ru', 0),
('искало', 'ru', 0),
('искать', 'ru', 0),
('итак', 'ru', 0),
('их', 'ru', 0),
('к', 'ru', 0),
('каждый', 'ru', 0),
('как', 'ru', 0),
('какая', 'ru', 0),
('какие', 'ru', 0),
('каким', 'ru', 0),
('каких', 'ru', 0),
('какого', 'ru', 0),
('какое', 'ru', 0),
('какой', 'ru', 0),
('каком', 'ru', 0),
('какому', 'ru', 0),
('какую', 'ru', 0),
('кем', 'ru', 0),
('когда', 'ru', 0),
('когда-нибудь', 'ru', 0),
('кого', 'ru', 0),
('ком', 'ru', 0),
('кому', 'ru', 0),
('которая', 'ru', 0),
('которого', 'ru', 0),
('которое', 'ru', 0),
('которой', 'ru', 0),
('котором', 'ru', 0),
('которому', 'ru', 0),
('которую', 'ru', 0),
('которые', 'ru', 0),
('который', 'ru', 0),
('которым', 'ru', 0),
('которых', 'ru', 0),
('кстати', 'ru', 0),
('кто', 'ru', 0),
('кто-то', 'ru', 0),
('куда', 'ru', 0),
('ли', 'ru', 0),
('либо', 'ru', 0),
('лол', 'ru', 0),
('лучшая', 'ru', 0),
('лучшее', 'ru', 0),
('лучшие', 'ru', 0),
('лучший', 'ru', 0),
('любая', 'ru', 0),
('любого', 'ru', 0),
('любое', 'ru', 0),
('любой', 'ru', 0),
('любому', 'ru', 0),
('любую', 'ru', 0),
('любые', 'ru', 0),
('любым', 'ru', 0),
('любыми', 'ru', 0),
('любых', 'ru', 0),
('маленькая', 'ru', 0),
('маленький', 'ru', 0),
('маленьким', 'ru', 0),
('маленького', 'ru', 0),
('маленькое', 'ru', 0),
('маленькой', 'ru', 0),
('маленьком', 'ru', 0),
('маленькому', 'ru', 0),
('маленькую', 'ru', 0),
('между', 'ru', 0),
('менее', 'ru', 0),
('меньше', 'ru', 0),
('меня', 'ru', 0),
('мир', 'ru', 0),
('мне', 'ru', 0),
('много', 'ru', 0),
('мной', 'ru', 0),
('мог', 'ru', 0),
('могла', 'ru', 0),
('могли', 'ru', 0),
('могло', 'ru', 0),
('могу', 'ru', 0),
('мое', 'ru', 0),
('можем', 'ru', 0),
('может', 'ru', 0),
('мои', 'ru', 0),
('мой', 'ru', 0),
('моя', 'ru', 0),
('моё', 'ru', 0),
('мы', 'ru', 0),
('на', 'ru', 0),
('над', 'ru', 0),
('назад', 'ru', 0),
('наиболее', 'ru', 0),
('наименее', 'ru', 0),
('нам', 'ru', 0),
('нами', 'ru', 0),
('напишет', 'ru', 0),
('напишу', 'ru', 0),
('напишут', 'ru', 0),
('например', 'ru', 0),
('нас', 'ru', 0),
('наш', 'ru', 0),
('наша', 'ru', 0),
('наше', 'ru', 0),
('нашего', 'ru', 0),
('нашей', 'ru', 0),
('нашем', 'ru', 0),
('нашему', 'ru', 0),
('наши', 'ru', 0),
('нашим', 'ru', 0),
('нашими', 'ru', 0),
('наших', 'ru', 0),
('нашу', 'ru', 0),
('не', 'ru', 0),
('него', 'ru', 0),
('недавно', 'ru', 0),
('нее', 'ru', 0),
('немного', 'ru', 0),
('нет', 'ru', 0),
('неужели', 'ru', 0),
('неё', 'ru', 0),
('ни', 'ru', 0),
('никогда', 'ru', 0),
('никто', 'ru', 0),
('ним', 'ru', 0),
('ничего', 'ru', 0),
('ничто', 'ru', 0),
('но', 'ru', 0),
('новая', 'ru', 0),
('нового', 'ru', 0),
('новое', 'ru', 0),
('новой', 'ru', 0),
('новом', 'ru', 0),
('новому', 'ru', 0),
('новостей', 'ru', 0),
('новости', 'ru', 0),
('новость', 'ru', 0),
('новостями', 'ru', 0),
('новую', 'ru', 0),
('новый', 'ru', 0),
('новым', 'ru', 0),
('новых', 'ru', 0),
('ну', 'ru', 0),
('нужен', 'ru', 0),
('нужна', 'ru', 0),
('нужно', 'ru', 0),
('нужны', 'ru', 0),
('о', 'ru', 0),
('об', 'ru', 0),
('однако', 'ru', 0),
('около', 'ru', 0),
('он', 'ru', 0),
('она', 'ru', 0),
('они', 'ru', 0),
('оно', 'ru', 0),
('от', 'ru', 0),
('ответ', 'ru', 0),
('ответил', 'ru', 0),
('ответила', 'ru', 0),
('ответили', 'ru', 0),
('ответило', 'ru', 0),
('откуда', 'ru', 0),
('отнюдь', 'ru', 0),
('перед', 'ru', 0),
('писал', 'ru', 0),
('писала', 'ru', 0),
('писали', 'ru', 0),
('писало', 'ru', 0),
('пишет', 'ru', 0),
('пишу', 'ru', 0),
('пишут', 'ru', 0),
('плохо', 'ru', 0),
('по', 'ru', 0),
('поблизости', 'ru', 0),
('под', 'ru', 0),
('пожалуйста', 'ru', 0),
('получала', 'ru', 0),
('получали', 'ru', 0),
('получало', 'ru', 0),
('получать', 'ru', 0),
('получил', 'ru', 0),
('получила', 'ru', 0),
('получили', 'ru', 0),
('получило', 'ru', 0),
('получить', 'ru', 0),
('пор', 'ru', 0),
('пора', 'ru', 0),
('порам', 'ru', 0),
('порами', 'ru', 0),
('поре', 'ru', 0),
('порой', 'ru', 0),
('пору', 'ru', 0),
('поры', 'ru', 0),
('после', 'ru', 0),
('потому', 'ru', 0),
('почему', 'ru', 0),
('почти', 'ru', 0),
('пошли', 'ru', 0),
('правда', 'ru', 0),
('прежде', 'ru', 0),
('примерно', 'ru', 0),
('про', 'ru', 0),
('просто', 'ru', 0),
('прошел', 'ru', 0),
('прошла', 'ru', 0),
('прошли', 'ru', 0),
('прошло', 'ru', 0),
('прошёл', 'ru', 0),
('пускай', 'ru', 0),
('пусть', 'ru', 0),
('раз', 'ru', 0),
('раза', 'ru', 0),
('разве', 'ru', 0),
('реже', 'ru', 0),
('с', 'ru', 0),
('сам', 'ru', 0),
('сама', 'ru', 0),
('самая', 'ru', 0),
('сами', 'ru', 0),
('самим', 'ru', 0),
('самими', 'ru', 0),
('самих', 'ru', 0),
('само', 'ru', 0),
('самого', 'ru', 0),
('самое', 'ru', 0),
('самой', 'ru', 0),
('самом', 'ru', 0),
('самому', 'ru', 0),
('саму', 'ru', 0),
('самую', 'ru', 0),
('самые', 'ru', 0),
('самый', 'ru', 0),
('самым', 'ru', 0),
('самыми', 'ru', 0),
('самых', 'ru', 0),
('сделал', 'ru', 0),
('сделала', 'ru', 0),
('сделали', 'ru', 0),
('сделало', 'ru', 0),
('сейчас', 'ru', 0),
('сквозь', 'ru', 0),
('скорее', 'ru', 0),
('скоро', 'ru', 0),
('случае', 'ru', 0),
('случаем', 'ru', 0),
('случай', 'ru', 0),
('случаю', 'ru', 0),
('случая', 'ru', 0),
('смотря', 'ru', 0),
('со', 'ru', 0),
('совсем', 'ru', 0),
('спасибо', 'ru', 0),
('старая', 'ru', 0),
('старого', 'ru', 0),
('старое', 'ru', 0),
('старой', 'ru', 0),
('старом', 'ru', 0),
('старому', 'ru', 0),
('старую', 'ru', 0),
('старый', 'ru', 0),
('старым', 'ru', 0),
('старых', 'ru', 0),
('так', 'ru', 0),
('также', 'ru', 0),
('твое', 'ru', 0),
('твоего', 'ru', 0),
('твои', 'ru', 0),
('твой', 'ru', 0),
('твою', 'ru', 0),
('твоя', 'ru', 0),
('твоё', 'ru', 0),
('те', 'ru', 0),
('тебя', 'ru', 0),
('тем', 'ru', 0),
('теми', 'ru', 0),
('теперь', 'ru', 0),
('тех', 'ru', 0),
('тобой', 'ru', 0),
('тогда', 'ru', 0),
('того', 'ru', 0),
('тоже', 'ru', 0),
('той', 'ru', 0),
('только', 'ru', 0),
('туда', 'ru', 0),
('у', 'ru', 0),
('ужасно', 'ru', 0),
('уже', 'ru', 0),
('узнает', 'ru', 0),
('узнают', 'ru', 0),
('ушел', 'ru', 0),
('ушла', 'ru', 0),
('ушли', 'ru', 0),
('ушло', 'ru', 0),
('ушёл', 'ru', 0),
('ходил', 'ru', 0),
('ходила', 'ru', 0),
('ходили', 'ru', 0),
('ходило', 'ru', 0),
('ходит', 'ru', 0),
('ходить', 'ru', 0),
('ходят', 'ru', 0),
('хорошо', 'ru', 0),
('хотел', 'ru', 0),
('хотела', 'ru', 0),
('хотели', 'ru', 0),
('хотело', 'ru', 0),
('хотя', 'ru', 0),
('хочу', 'ru', 0),
('чаще', 'ru', 0),
('чего', 'ru', 0),
('чем', 'ru', 0),
('чем-то', 'ru', 0),
('чему', 'ru', 0),
('через', 'ru', 0),
('что', 'ru', 0),
('чтоб', 'ru', 0),
('чтобы', 'ru', 0),
('чье', 'ru', 0),
('чьей', 'ru', 0),
('чьему', 'ru', 0),
('чьи', 'ru', 0),
('чьим', 'ru', 0),
('чьими', 'ru', 0),
('чьих', 'ru', 0),
('чья', 'ru', 0),
('чьё', 'ru', 0),
('чём', 'ru', 0),
('чём-то', 'ru', 0),
('шел', 'ru', 0),
('шла', 'ru', 0),
('шли', 'ru', 0),
('шло', 'ru', 0),
('шёл', 'ru', 0),
('эта', 'ru', 0),
('эти', 'ru', 0),
('этим', 'ru', 0),
('этих', 'ru', 0),
('это', 'ru', 0),
('этой', 'ru', 0),
('этому', 'ru', 0),
('этот', 'ru', 0),
('эту', 'ru', 0),
('я', 'ru', 0),
('является', 'ru', 0),
('являются', 'ru', 0);

-- --------------------------------------------------------

--
-- Структура таблицы `joom5_finder_tokens`
--

CREATE TABLE `joom5_finder_tokens` (
  `term` varchar(75) CHARACTER SET utf8mb4 COLLATE utf8mb4_bin NOT NULL,
  `stem` varchar(75) CHARACTER SET utf8mb4 COLLATE utf8mb4_bin NOT NULL DEFAULT '',
  `common` tinyint UNSIGNED NOT NULL DEFAULT '0',
  `phrase` tinyint UNSIGNED NOT NULL DEFAULT '0',
  `weight` float UNSIGNED NOT NULL DEFAULT '1',
  `context` tinyint UNSIGNED NOT NULL DEFAULT '2',
  `language` char(7) CHARACTER SET utf8mb4 COLLATE utf8mb4_unicode_ci NOT NULL DEFAULT ''
) ENGINE=MEMORY DEFAULT CHARSET=utf8mb4 COLLATE=utf8mb4_unicode_ci;

-- --------------------------------------------------------

--
-- Структура таблицы `joom5_finder_tokens_aggregate`
--

CREATE TABLE `joom5_finder_tokens_aggregate` (
  `term_id` int UNSIGNED NOT NULL,
  `term` varchar(75) CHARACTER SET utf8mb4 COLLATE utf8mb4_bin NOT NULL,
  `stem` varchar(75) CHARACTER SET utf8mb4 COLLATE utf8mb4_bin NOT NULL DEFAULT '',
  `common` tinyint UNSIGNED NOT NULL DEFAULT '0',
  `phrase` tinyint UNSIGNED NOT NULL DEFAULT '0',
  `term_weight` float UNSIGNED NOT NULL DEFAULT '0',
  `context` tinyint UNSIGNED NOT NULL DEFAULT '2',
  `context_weight` float UNSIGNED NOT NULL DEFAULT '0',
  `total_weight` float UNSIGNED NOT NULL DEFAULT '0',
  `language` char(7) CHARACTER SET utf8mb4 COLLATE utf8mb4_unicode_ci NOT NULL DEFAULT ''
) ENGINE=MEMORY DEFAULT CHARSET=utf8mb4 COLLATE=utf8mb4_unicode_ci;

-- --------------------------------------------------------

--
-- Структура таблицы `joom5_finder_types`
--

CREATE TABLE `joom5_finder_types` (
  `id` int UNSIGNED NOT NULL,
  `title` varchar(100) CHARACTER SET utf8mb4 COLLATE utf8mb4_unicode_ci NOT NULL,
  `mime` varchar(100) CHARACTER SET utf8mb4 COLLATE utf8mb4_unicode_ci NOT NULL DEFAULT ''
) ENGINE=InnoDB DEFAULT CHARSET=utf8mb4 COLLATE=utf8mb4_unicode_ci;

--
-- Дамп данных таблицы `joom5_finder_types`
--

INSERT INTO `joom5_finder_types` (`id`, `title`, `mime`) VALUES
(1, 'Category', ''),
(2, 'Contact', ''),
(3, 'Article', ''),
(4, 'News Feed', ''),
(5, 'Tag', '');

-- --------------------------------------------------------

--
-- Структура таблицы `joom5_guidedtours`
--

CREATE TABLE `joom5_guidedtours` (
  `id` int NOT NULL,
  `title` varchar(255) CHARACTER SET utf8mb4 COLLATE utf8mb4_unicode_ci NOT NULL DEFAULT '',
  `uid` varchar(400) CHARACTER SET utf8mb4 COLLATE utf8mb4_bin NOT NULL,
  `description` text CHARACTER SET utf8mb4 COLLATE utf8mb4_unicode_ci NOT NULL,
  `ordering` int NOT NULL DEFAULT '0',
  `extensions` text CHARACTER SET utf8mb4 COLLATE utf8mb4_unicode_ci NOT NULL,
  `url` varchar(255) CHARACTER SET utf8mb4 COLLATE utf8mb4_unicode_ci NOT NULL,
  `created` datetime NOT NULL,
  `created_by` int NOT NULL DEFAULT '0',
  `modified` datetime NOT NULL,
  `modified_by` int NOT NULL DEFAULT '0',
  `checked_out_time` datetime DEFAULT NULL,
  `checked_out` int UNSIGNED DEFAULT NULL,
  `published` tinyint NOT NULL DEFAULT '0',
  `language` varchar(7) CHARACTER SET utf8mb4 COLLATE utf8mb4_unicode_ci NOT NULL,
  `note` varchar(255) CHARACTER SET utf8mb4 COLLATE utf8mb4_unicode_ci NOT NULL DEFAULT '',
  `access` int UNSIGNED NOT NULL DEFAULT '0',
  `autostart` int NOT NULL DEFAULT '0'
) ENGINE=InnoDB DEFAULT CHARSET=utf8mb4 COLLATE=utf8mb4_unicode_ci;

--
-- Дамп данных таблицы `joom5_guidedtours`
--

INSERT INTO `joom5_guidedtours` (`id`, `title`, `uid`, `description`, `ordering`, `extensions`, `url`, `created`, `created_by`, `modified`, `modified_by`, `checked_out_time`, `checked_out`, `published`, `language`, `note`, `access`, `autostart`) VALUES
(1, 'COM_GUIDEDTOURS_TOUR_GUIDEDTOURS_TITLE', 'joomla-guidedtours', 'COM_GUIDEDTOURS_TOUR_GUIDEDTOURS_DESCRIPTION', 1, '[\"com_guidedtours\"]', 'administrator/index.php?option=com_guidedtours&view=tours', '2023-11-09 06:21:24', 91, '2023-11-09 06:21:24', 91, NULL, NULL, 0, '*', '', 1, 0),
(2, 'COM_GUIDEDTOURS_TOUR_GUIDEDTOURSTEPS_TITLE', 'joomla-guidedtoursteps', 'COM_GUIDEDTOURS_TOUR_GUIDEDTOURSTEPS_DESCRIPTION', 2, '[\"com_guidedtours\"]', 'administrator/index.php?option=com_guidedtours&view=tours', '2023-11-09 06:21:24', 91, '2023-11-09 06:21:24', 91, NULL, NULL, 0, '*', '', 1, 0),
(3, 'COM_GUIDEDTOURS_TOUR_ARTICLES_TITLE', 'joomla-articles', 'COM_GUIDEDTOURS_TOUR_ARTICLES_DESCRIPTION', 3, '[\"com_content\",\"com_categories\"]', 'administrator/index.php?option=com_content&view=articles', '2023-11-09 06:21:24', 91, '2023-11-09 06:21:24', 91, NULL, NULL, 0, '*', '', 1, 0),
(4, 'COM_GUIDEDTOURS_TOUR_CATEGORIES_TITLE', 'joomla-categories', 'COM_GUIDEDTOURS_TOUR_CATEGORIES_DESCRIPTION', 4, '[\"com_content\",\"com_categories\"]', 'administrator/index.php?option=com_categories&view=categories&extension=com_content', '2023-11-09 06:21:24', 91, '2023-11-09 06:21:24', 91, NULL, NULL, 0, '*', '', 1, 0),
(5, 'COM_GUIDEDTOURS_TOUR_MENUS_TITLE', 'joomla-menus', 'COM_GUIDEDTOURS_TOUR_MENUS_DESCRIPTION', 5, '[\"com_menus\"]', 'administrator/index.php?option=com_menus&view=menus', '2023-11-09 06:21:24', 91, '2023-11-09 06:21:24', 91, NULL, NULL, 0, '*', '', 1, 0),
(6, 'COM_GUIDEDTOURS_TOUR_TAGS_TITLE', 'joomla-tags', 'COM_GUIDEDTOURS_TOUR_TAGS_DESCRIPTION', 6, '[\"com_tags\"]', 'administrator/index.php?option=com_tags&view=tags', '2023-11-09 06:21:24', 91, '2023-11-09 06:21:24', 91, NULL, NULL, 0, '*', '', 1, 0),
(7, 'COM_GUIDEDTOURS_TOUR_BANNERS_TITLE', 'joomla-banners', 'COM_GUIDEDTOURS_TOUR_BANNERS_DESCRIPTION', 7, '[\"com_banners\"]', 'administrator/index.php?option=com_banners&view=banners', '2023-11-09 06:21:24', 91, '2023-11-09 06:21:24', 91, NULL, NULL, 0, '*', '', 1, 0),
(8, 'COM_GUIDEDTOURS_TOUR_CONTACTS_TITLE', 'joomla-contacts', 'COM_GUIDEDTOURS_TOUR_CONTACTS_DESCRIPTION', 8, '[\"com_contact\"]', 'administrator/index.php?option=com_contact&view=contacts', '2023-11-09 06:21:24', 91, '2023-11-09 06:21:24', 91, NULL, NULL, 0, '*', '', 1, 0),
(9, 'COM_GUIDEDTOURS_TOUR_NEWSFEEDS_TITLE', 'joomla-newsfeeds', 'COM_GUIDEDTOURS_TOUR_NEWSFEEDS_DESCRIPTION', 9, '[\"com_newsfeeds\"]', 'administrator/index.php?option=com_newsfeeds&view=newsfeeds', '2023-11-09 06:21:24', 91, '2023-11-09 06:21:24', 91, NULL, NULL, 0, '*', '', 1, 0),
(10, 'COM_GUIDEDTOURS_TOUR_SMARTSEARCH_TITLE', 'joomla-smartsearch', 'COM_GUIDEDTOURS_TOUR_SMARTSEARCH_DESCRIPTION', 10, '[\"com_finder\"]', 'administrator/index.php?option=com_finder&view=filters', '2023-11-09 06:21:24', 91, '2023-11-09 06:21:24', 91, NULL, NULL, 0, '*', '', 1, 0),
(11, 'COM_GUIDEDTOURS_TOUR_USERS_TITLE', 'joomla-users', 'COM_GUIDEDTOURS_TOUR_USERS_DESCRIPTION', 11, '[\"com_users\"]', 'administrator/index.php?option=com_users&view=users', '2023-11-09 06:21:24', 91, '2023-11-09 06:21:24', 91, NULL, NULL, 0, '*', '', 1, 0),
(12, 'COM_GUIDEDTOURS_TOUR_WELCOMETOJOOMLA_TITLE', 'joomla-welcome', 'COM_GUIDEDTOURS_TOUR_WELCOMETOJOOMLA_DESCRIPTION', 1, '[\"com_cpanel\"]', 'administrator/index.php', '2025-04-10 08:39:35', 0, '2025-04-10 08:39:35', 0, NULL, NULL, 1, '*', '', 1, 0),
(13, 'COM_GUIDEDTOURS_TOUR_WHATSNEW_5_2_TITLE', 'joomla-whatsnew-5-2', 'COM_GUIDEDTOURS_TOUR_WHATSNEW_5_2_DESCRIPTION', 0, '[\"com_cpanel\"]', 'administrator/index.php', '2025-04-10 08:39:35', 0, '2025-04-10 08:39:35', 0, NULL, NULL, 1, '*', '', 1, 1);

-- --------------------------------------------------------

--
-- Структура таблицы `joom5_guidedtour_steps`
--

CREATE TABLE `joom5_guidedtour_steps` (
  `id` int NOT NULL,
  `tour_id` int NOT NULL DEFAULT '0',
  `title` varchar(255) CHARACTER SET utf8mb4 COLLATE utf8mb4_unicode_ci NOT NULL,
  `published` tinyint NOT NULL DEFAULT '0',
  `description` text CHARACTER SET utf8mb4 COLLATE utf8mb4_unicode_ci NOT NULL,
  `ordering` int NOT NULL DEFAULT '0',
  `position` varchar(255) CHARACTER SET utf8mb4 COLLATE utf8mb4_unicode_ci NOT NULL,
  `target` varchar(255) CHARACTER SET utf8mb4 COLLATE utf8mb4_unicode_ci NOT NULL,
  `type` int NOT NULL,
  `interactive_type` int NOT NULL DEFAULT '1',
  `url` varchar(255) CHARACTER SET utf8mb4 COLLATE utf8mb4_unicode_ci NOT NULL,
  `created` datetime NOT NULL,
  `created_by` int UNSIGNED NOT NULL DEFAULT '0',
  `modified` datetime NOT NULL,
  `modified_by` int UNSIGNED NOT NULL DEFAULT '0',
  `checked_out_time` datetime DEFAULT NULL,
  `checked_out` int UNSIGNED DEFAULT NULL,
  `language` varchar(7) CHARACTER SET utf8mb4 COLLATE utf8mb4_unicode_ci NOT NULL,
  `note` varchar(255) CHARACTER SET utf8mb4 COLLATE utf8mb4_unicode_ci NOT NULL DEFAULT '',
  `params` text CHARACTER SET utf8mb4 COLLATE utf8mb4_unicode_ci
) ENGINE=InnoDB DEFAULT CHARSET=utf8mb4 COLLATE=utf8mb4_unicode_ci;

--
-- Дамп данных таблицы `joom5_guidedtour_steps`
--

INSERT INTO `joom5_guidedtour_steps` (`id`, `tour_id`, `title`, `published`, `description`, `ordering`, `position`, `target`, `type`, `interactive_type`, `url`, `created`, `created_by`, `modified`, `modified_by`, `checked_out_time`, `checked_out`, `language`, `note`, `params`) VALUES
(1, 1, 'COM_GUIDEDTOURS_TOUR_GUIDEDTOURS_STEP_NEW_TITLE', 1, 'COM_GUIDEDTOURS_TOUR_GUIDEDTOURS_STEP_NEW_DESCRIPTION', 1, 'bottom', '.button-new', 2, 1, 'administrator/index.php?option=com_guidedtours&view=tours', '2023-11-09 06:21:24', 91, '2023-11-09 06:21:24', 91, NULL, NULL, '*', '', NULL),
(2, 1, 'COM_GUIDEDTOURS_TOUR_GUIDEDTOURS_STEP_TITLE_TITLE', 1, 'COM_GUIDEDTOURS_TOUR_GUIDEDTOURS_STEP_TITLE_DESCRIPTION', 2, 'bottom', '#jform_title', 2, 2, 'administrator/index.php?option=com_guidedtours&view=tour&layout=edit', '2023-11-09 06:21:24', 91, '2023-11-09 06:21:24', 91, NULL, NULL, '*', '', NULL),
(3, 1, 'COM_GUIDEDTOURS_TOUR_GUIDEDTOURS_STEP_URL_TITLE', 1, 'COM_GUIDEDTOURS_TOUR_GUIDEDTOURS_STEP_URL_DESCRIPTION', 3, 'top', '#jform_url', 2, 2, 'administrator/index.php?option=com_guidedtours&view=tour&layout=edit', '2023-11-09 06:21:24', 91, '2023-11-09 06:21:24', 91, NULL, NULL, '*', '', NULL),
(4, 1, 'COM_GUIDEDTOURS_TOUR_GUIDEDTOURS_STEP_CONTENT_TITLE', 1, 'COM_GUIDEDTOURS_TOUR_GUIDEDTOURS_STEP_CONTENT_DESCRIPTION', 4, 'bottom', '#jform_description,#jform_description_ifr', 2, 3, 'administrator/index.php?option=com_guidedtours&view=tour&layout=edit', '2023-11-09 06:21:24', 91, '2023-11-09 06:21:24', 91, NULL, NULL, '*', '', NULL),
(5, 1, 'COM_GUIDEDTOURS_TOUR_GUIDEDTOURS_STEP_COMPONENT_TITLE', 1, 'COM_GUIDEDTOURS_TOUR_GUIDEDTOURS_STEP_COMPONENT_DESCRIPTION', 5, 'top', 'joomla-field-fancy-select .choices', 2, 3, 'administrator/index.php?option=com_guidedtours&view=tour&layout=edit', '2023-11-09 06:21:24', 91, '2023-11-09 06:21:24', 91, NULL, NULL, '*', '', NULL),
(6, 1, 'COM_GUIDEDTOURS_TOUR_GUIDEDTOURS_STEP_SAVECLOSE_TITLE', 1, 'COM_GUIDEDTOURS_TOUR_GUIDEDTOURS_STEP_SAVECLOSE_DESCRIPTION', 7, 'top', '#save-group-children-save .button-save', 2, 1, 'administrator/index.php?option=com_guidedtours&view=tour&layout=edit', '2023-11-09 06:21:24', 91, '2023-11-09 06:21:24', 91, NULL, NULL, '*', '', NULL),
(7, 1, 'COM_GUIDEDTOURS_TOUR_GUIDEDTOURS_STEP_CONGRATULATIONS_TITLE', 1, 'COM_GUIDEDTOURS_TOUR_GUIDEDTOURS_STEP_CONGRATULATIONS_DESCRIPTION', 8, 'bottom', '', 0, 1, 'administrator/index.php?option=com_guidedtours&view=tour&layout=edit', '2023-11-09 06:21:24', 91, '2023-11-09 06:21:24', 91, NULL, NULL, '*', '', NULL),
(8, 2, 'COM_GUIDEDTOURS_TOUR_GUIDEDTOURSTEPS_STEP_COUNTER_TITLE', 1, 'COM_GUIDEDTOURS_TOUR_GUIDEDTOURSTEPS_STEP_COUNTER_DESCRIPTION', 8, 'top', '#toursList tbody tr:nth-last-of-type(1) td:nth-of-type(5) .btn', 2, 1, '', '2023-11-09 06:21:24', 91, '2023-11-09 06:21:24', 91, NULL, NULL, '*', '', NULL),
(9, 2, 'COM_GUIDEDTOURS_TOUR_GUIDEDTOURSTEPS_STEP_NEW_TITLE', 1, 'COM_GUIDEDTOURS_TOUR_GUIDEDTOURSTEPS_STEP_NEW_DESCRIPTION', 9, 'bottom', '.button-new', 2, 1, '', '2023-11-09 06:21:24', 91, '2023-11-09 06:21:24', 91, NULL, NULL, '*', '', NULL),
(10, 2, 'COM_GUIDEDTOURS_TOUR_GUIDEDTOURSTEPS_STEP_TITLE_TITLE', 1, 'COM_GUIDEDTOURS_TOUR_GUIDEDTOURSTEPS_STEP_TITLE_DESCRIPTION', 10, 'bottom', '#jform_title', 2, 2, '', '2023-11-09 06:21:24', 91, '2023-11-09 06:21:24', 91, NULL, NULL, '*', '', NULL),
(11, 2, 'COM_GUIDEDTOURS_TOUR_GUIDEDTOURSTEPS_STEP_DESCRIPTION_TITLE', 1, 'COM_GUIDEDTOURS_TOUR_GUIDEDTOURSTEPS_STEP_DESCRIPTION_DESCRIPTION', 11, 'bottom', '#jform_description,#jform_description_ifr', 2, 3, '', '2023-11-09 06:21:24', 91, '2023-11-09 06:21:24', 91, NULL, NULL, '*', '', NULL),
(12, 2, 'COM_GUIDEDTOURS_TOUR_GUIDEDTOURSTEPS_STEP_STATUS_TITLE', 1, 'COM_GUIDEDTOURS_TOUR_GUIDEDTOURSTEPS_STEP_STATUS_DESCRIPTION', 12, 'bottom', '#jform_published', 2, 3, '', '2023-11-09 06:21:24', 91, '2023-11-09 06:21:24', 91, NULL, NULL, '*', '', NULL),
(13, 2, 'COM_GUIDEDTOURS_TOUR_GUIDEDTOURSTEPS_STEP_POSITION_TITLE', 1, 'COM_GUIDEDTOURS_TOUR_GUIDEDTOURSTEPS_STEP_POSITION_DESCRIPTION', 13, 'top', '#jform_position', 2, 3, '', '2023-11-09 06:21:24', 91, '2023-11-09 06:21:24', 91, NULL, NULL, '*', '', NULL),
(14, 2, 'COM_GUIDEDTOURS_TOUR_GUIDEDTOURSTEPS_STEP_TARGET_TITLE', 1, 'COM_GUIDEDTOURS_TOUR_GUIDEDTOURSTEPS_STEP_TARGET_DESCRIPTION', 14, 'top', '#jform_target', 2, 3, '', '2023-11-09 06:21:24', 91, '2023-11-09 06:21:24', 91, NULL, NULL, '*', '', NULL),
(15, 2, 'COM_GUIDEDTOURS_TOUR_GUIDEDTOURSTEPS_STEP_TYPE_TITLE', 1, 'COM_GUIDEDTOURS_TOUR_GUIDEDTOURSTEPS_STEP_TYPE_DESCRIPTION', 15, 'top', '#jform_type', 2, 3, '', '2023-11-09 06:21:24', 91, '2023-11-09 06:21:24', 91, NULL, NULL, '*', '', NULL),
(16, 2, 'COM_GUIDEDTOURS_TOUR_GUIDEDTOURSTEPS_STEP_SAVECLOSE_TITLE', 1, 'COM_GUIDEDTOURS_TOUR_GUIDEDTOURSTEPS_STEP_SAVECLOSE_DESCRIPTION', 16, 'bottom', '#save-group-children-save .button-save', 2, 1, '', '2023-11-09 06:21:24', 91, '2023-11-09 06:21:24', 91, NULL, NULL, '*', '', NULL),
(17, 2, 'COM_GUIDEDTOURS_TOUR_GUIDEDTOURSTEPS_STEP_CONGRATULATIONS_TITLE', 1, 'COM_GUIDEDTOURS_TOUR_GUIDEDTOURSTEPS_STEP_CONGRATULATIONS_DESCRIPTION', 17, 'bottom', '', 0, 1, '', '2023-11-09 06:21:24', 91, '2023-11-09 06:21:24', 91, NULL, NULL, '*', '', NULL),
(18, 3, 'COM_GUIDEDTOURS_TOUR_ARTICLES_STEP_NEW_TITLE', 1, 'COM_GUIDEDTOURS_TOUR_ARTICLES_STEP_NEW_DESCRIPTION', 18, 'bottom', '.button-new', 2, 1, 'administrator/index.php?option=com_content&view=articles', '2023-11-09 06:21:24', 91, '2023-11-09 06:21:24', 91, NULL, NULL, '*', '', NULL),
(19, 3, 'COM_GUIDEDTOURS_TOUR_ARTICLES_STEP_TITLE_TITLE', 1, 'COM_GUIDEDTOURS_TOUR_ARTICLES_STEP_TITLE_DESCRIPTION', 19, 'bottom', '#jform_title', 2, 2, 'administrator/index.php?option=com_content&view=article&layout=edit', '2023-11-09 06:21:24', 91, '2023-11-09 06:21:24', 91, NULL, NULL, '*', '', NULL),
(20, 3, 'COM_GUIDEDTOURS_TOUR_ARTICLES_STEP_ALIAS_TITLE', 1, 'COM_GUIDEDTOURS_TOUR_ARTICLES_STEP_ALIAS_DESCRIPTION', 20, 'bottom', '#jform_alias', 2, 2, 'administrator/index.php?option=com_content&view=article&layout=edit', '2023-11-09 06:21:24', 91, '2023-11-09 06:21:24', 91, NULL, NULL, '*', '', NULL),
(21, 3, 'COM_GUIDEDTOURS_TOUR_ARTICLES_STEP_CONTENT_TITLE', 1, 'COM_GUIDEDTOURS_TOUR_ARTICLES_STEP_CONTENT_DESCRIPTION', 21, 'bottom', '#jform_articletext,#jform_articletext_ifr', 2, 3, 'administrator/index.php?option=com_content&view=article&layout=edit', '2023-11-09 06:21:24', 91, '2023-11-09 06:21:24', 91, NULL, NULL, '*', '', NULL),
(22, 3, 'COM_GUIDEDTOURS_TOUR_ARTICLES_STEP_STATUS_TITLE', 1, 'COM_GUIDEDTOURS_TOUR_ARTICLES_STEP_STATUS_DESCRIPTION', 22, 'bottom', '#jform_state', 2, 3, 'administrator/index.php?option=com_content&view=article&layout=edit', '2023-11-09 06:21:24', 91, '2023-11-09 06:21:24', 91, NULL, NULL, '*', '', NULL),
(23, 3, 'COM_GUIDEDTOURS_TOUR_ARTICLES_STEP_CATEGORY_TITLE', 1, 'COM_GUIDEDTOURS_TOUR_ARTICLES_STEP_CATEGORY_DESCRIPTION', 23, 'top', 'joomla-field-fancy-select .choices[data-type=select-one]', 2, 3, 'administrator/index.php?option=com_content&view=article&layout=edit', '2023-11-09 06:21:24', 91, '2023-11-09 06:21:24', 91, NULL, NULL, '*', '', NULL),
(24, 3, 'COM_GUIDEDTOURS_TOUR_ARTICLES_STEP_FEATURED_TITLE', 1, 'COM_GUIDEDTOURS_TOUR_ARTICLES_STEP_FEATURED_DESCRIPTION', 24, 'bottom', '#jform_featured0', 2, 3, 'administrator/index.php?option=com_content&view=article&layout=edit', '2023-11-09 06:21:24', 91, '2023-11-09 06:21:24', 91, NULL, NULL, '*', '', NULL),
(25, 3, 'COM_GUIDEDTOURS_TOUR_ARTICLES_STEP_ACCESS_TITLE', 1, 'COM_GUIDEDTOURS_TOUR_ARTICLES_STEP_ACCESS_DESCRIPTION', 25, 'bottom', '#jform_access', 2, 3, 'administrator/index.php?option=com_content&view=article&layout=edit', '2023-11-09 06:21:24', 91, '2023-11-09 06:21:24', 91, NULL, NULL, '*', '', NULL),
(26, 3, 'COM_GUIDEDTOURS_TOUR_ARTICLES_STEP_TAGS_TITLE', 1, 'COM_GUIDEDTOURS_TOUR_ARTICLES_STEP_TAGS_DESCRIPTION', 26, 'top', 'joomla-field-fancy-select .choices[data-type=select-multiple]', 2, 3, 'administrator/index.php?option=com_content&view=article&layout=edit', '2023-11-09 06:21:24', 91, '2023-11-09 06:21:24', 91, NULL, NULL, '*', '', NULL),
(27, 3, 'COM_GUIDEDTOURS_TOUR_ARTICLES_STEP_NOTE_TITLE', 1, 'COM_GUIDEDTOURS_TOUR_ARTICLES_STEP_NOTE_DESCRIPTION', 27, 'top', '#jform_note', 2, 2, 'administrator/index.php?option=com_content&view=article&layout=edit', '2023-11-09 06:21:24', 91, '2023-11-09 06:21:24', 91, NULL, NULL, '*', '', NULL),
(28, 3, 'COM_GUIDEDTOURS_TOUR_ARTICLES_STEP_VERSIONNOTE_TITLE', 1, 'COM_GUIDEDTOURS_TOUR_ARTICLES_STEP_VERSIONNOTE_DESCRIPTION', 28, 'top', '#jform_version_note', 2, 2, 'administrator/index.php?option=com_content&view=article&layout=edit', '2023-11-09 06:21:24', 91, '2023-11-09 06:21:24', 91, NULL, NULL, '*', '', NULL),
(29, 3, 'COM_GUIDEDTOURS_TOUR_ARTICLES_STEP_SAVECLOSE_TITLE', 1, 'COM_GUIDEDTOURS_TOUR_ARTICLES_STEP_SAVECLOSE_DESCRIPTION', 29, 'bottom', '#save-group-children-save .button-save', 2, 1, 'administrator/index.php?option=com_content&view=article&layout=edit', '2023-11-09 06:21:24', 91, '2023-11-09 06:21:24', 91, NULL, NULL, '*', '', NULL),
(30, 3, 'COM_GUIDEDTOURS_TOUR_ARTICLES_STEP_CONGRATULATIONS_TITLE', 1, 'COM_GUIDEDTOURS_TOUR_ARTICLES_STEP_CONGRATULATIONS_DESCRIPTION', 30, 'bottom', '', 0, 1, 'administrator/index.php?option=com_content&view=article&layout=edit', '2023-11-09 06:21:24', 91, '2023-11-09 06:21:24', 91, NULL, NULL, '*', '', NULL),
(31, 4, 'COM_GUIDEDTOURS_TOUR_CATEGORIES_STEP_NEW_TITLE', 1, 'COM_GUIDEDTOURS_TOUR_CATEGORIES_STEP_NEW_DESCRIPTION', 31, 'bottom', '.button-new', 2, 1, 'administrator/index.php?option=com_categories&view=categories&extension=com_content', '2023-11-09 06:21:24', 91, '2023-11-09 06:21:24', 91, NULL, NULL, '*', '', NULL),
(32, 4, 'COM_GUIDEDTOURS_TOUR_CATEGORIES_STEP_TITLE_TITLE', 1, 'COM_GUIDEDTOURS_TOUR_CATEGORIES_STEP_TITLE_DESCRIPTION', 32, 'bottom', '#jform_title', 2, 2, 'administrator/index.php?option=com_categories&view=category&layout=edit&extension=com_content', '2023-11-09 06:21:24', 91, '2023-11-09 06:21:24', 91, NULL, NULL, '*', '', NULL),
(33, 4, 'COM_GUIDEDTOURS_TOUR_CATEGORIES_STEP_ALIAS_TITLE', 1, 'COM_GUIDEDTOURS_TOUR_CATEGORIES_STEP_ALIAS_DESCRIPTION', 33, 'bottom', '#jform_alias', 2, 2, 'administrator/index.php?option=com_categories&view=category&layout=edit&extension=com_content', '2023-11-09 06:21:24', 91, '2023-11-09 06:21:24', 91, NULL, NULL, '*', '', NULL),
(34, 4, 'COM_GUIDEDTOURS_TOUR_CATEGORIES_STEP_CONTENT_TITLE', 1, 'COM_GUIDEDTOURS_TOUR_CATEGORIES_STEP_CONTENT_DESCRIPTION', 34, 'bottom', '#jform_description,#jform_description_ifr', 2, 3, 'administrator/index.php?option=com_categories&view=category&layout=edit&extension=com_content', '2023-11-09 06:21:24', 91, '2023-11-09 06:21:24', 91, NULL, NULL, '*', '', NULL),
(35, 4, 'COM_GUIDEDTOURS_TOUR_CATEGORIES_STEP_PARENT_TITLE', 1, 'COM_GUIDEDTOURS_TOUR_CATEGORIES_STEP_PARENT_DESCRIPTION', 35, 'top', 'joomla-field-fancy-select .choices[data-type=select-one]', 2, 3, 'administrator/index.php?option=com_categories&view=category&layout=edit&extension=com_content', '2023-11-09 06:21:24', 91, '2023-11-09 06:21:24', 91, NULL, NULL, '*', '', NULL),
(36, 4, 'COM_GUIDEDTOURS_TOUR_CATEGORIES_STEP_STATUS_TITLE', 1, 'COM_GUIDEDTOURS_TOUR_CATEGORIES_STEP_STATUS_DESCRIPTION', 36, 'bottom', '#jform_published', 2, 3, 'administrator/index.php?option=com_categories&view=category&layout=edit&extension=com_content', '2023-11-09 06:21:24', 91, '2023-11-09 06:21:24', 91, NULL, NULL, '*', '', NULL),
(37, 4, 'COM_GUIDEDTOURS_TOUR_CATEGORIES_STEP_ACCESS_TITLE', 1, 'COM_GUIDEDTOURS_TOUR_CATEGORIES_STEP_ACCESS_DESCRIPTION', 37, 'bottom', '#jform_access', 2, 3, 'administrator/index.php?option=com_categories&view=category&layout=edit&extension=com_content', '2023-11-09 06:21:24', 91, '2023-11-09 06:21:24', 91, NULL, NULL, '*', '', NULL),
(38, 4, 'COM_GUIDEDTOURS_TOUR_CATEGORIES_STEP_TAGS_TITLE', 1, 'COM_GUIDEDTOURS_TOUR_CATEGORIES_STEP_TAGS_DESCRIPTION', 38, 'top', 'joomla-field-fancy-select .choices[data-type=select-multiple]', 2, 3, 'administrator/index.php?option=com_categories&view=category&layout=edit&extension=com_content', '2023-11-09 06:21:24', 91, '2023-11-09 06:21:24', 91, NULL, NULL, '*', '', NULL),
(39, 4, 'COM_GUIDEDTOURS_TOUR_CATEGORIES_STEP_NOTE_TITLE', 1, 'COM_GUIDEDTOURS_TOUR_CATEGORIES_STEP_NOTE_DESCRIPTION', 39, 'top', '#jform_note', 2, 2, 'administrator/index.php?option=com_categories&view=category&layout=edit&extension=com_content', '2023-11-09 06:21:24', 91, '2023-11-09 06:21:24', 91, NULL, NULL, '*', '', NULL),
(40, 4, 'COM_GUIDEDTOURS_TOUR_CATEGORIES_STEP_VERSIONNOTE_TITLE', 1, 'COM_GUIDEDTOURS_TOUR_CATEGORIES_STEP_VERSIONNOTE_DESCRIPTION', 40, 'top', '#jform_version_note', 2, 2, 'administrator/index.php?option=com_categories&view=category&layout=edit&extension=com_content', '2023-11-09 06:21:24', 91, '2023-11-09 06:21:24', 91, NULL, NULL, '*', '', NULL),
(41, 4, 'COM_GUIDEDTOURS_TOUR_CATEGORIES_STEP_SAVECLOSE_TITLE', 1, 'COM_GUIDEDTOURS_TOUR_CATEGORIES_STEP_SAVECLOSE_DESCRIPTION', 41, 'bottom', '#save-group-children-save .button-save', 2, 1, 'administrator/index.php?option=com_categories&view=category&layout=edit&extension=com_content', '2023-11-09 06:21:24', 91, '2023-11-09 06:21:24', 91, NULL, NULL, '*', '', NULL),
(42, 4, 'COM_GUIDEDTOURS_TOUR_CATEGORIES_STEP_CONGRATULATIONS_TITLE', 1, 'COM_GUIDEDTOURS_TOUR_CATEGORIES_STEP_CONGRATULATIONS_DESCRIPTION', 42, 'bottom', '', 0, 1, 'administrator/index.php?option=com_categories&view=category&layout=edit&extension=com_content', '2023-11-09 06:21:24', 91, '2023-11-09 06:21:24', 91, NULL, NULL, '*', '', NULL),
(43, 5, 'COM_GUIDEDTOURS_TOUR_MENUS_STEP_NEW_TITLE', 1, 'COM_GUIDEDTOURS_TOUR_MENUS_STEP_NEW_DESCRIPTION', 43, 'bottom', '.button-new', 2, 1, 'administrator/index.php?option=com_menus&view=menus', '2023-11-09 06:21:24', 91, '2023-11-09 06:21:24', 91, NULL, NULL, '*', '', NULL),
(44, 5, 'COM_GUIDEDTOURS_TOUR_MENUS_STEP_TITLE_TITLE', 1, 'COM_GUIDEDTOURS_TOUR_MENUS_STEP_TITLE_DESCRIPTION', 44, 'bottom', '#jform_title', 2, 2, 'administrator/index.php?option=com_menus&view=menu&layout=edit', '2023-11-09 06:21:24', 91, '2023-11-09 06:21:24', 91, NULL, NULL, '*', '', NULL),
(45, 5, 'COM_GUIDEDTOURS_TOUR_MENUS_STEP_UNIQUENAME_TITLE', 1, 'COM_GUIDEDTOURS_TOUR_MENUS_STEP_UNIQUENAME_DESCRIPTION', 45, 'top', '#jform_menutype', 2, 2, 'administrator/index.php?option=com_menus&view=menu&layout=edit', '2023-11-09 06:21:24', 91, '2023-11-09 06:21:24', 91, NULL, NULL, '*', '', NULL),
(46, 5, 'COM_GUIDEDTOURS_TOUR_MENUS_STEP_DESCRIPTION_TITLE', 1, 'COM_GUIDEDTOURS_TOUR_MENUS_STEP_DESCRIPTION_DESCRIPTION', 46, 'top', '#jform_menudescription', 2, 2, 'administrator/index.php?option=com_menus&view=menu&layout=edit', '2023-11-09 06:21:24', 91, '2023-11-09 06:21:24', 91, NULL, NULL, '*', '', NULL),
(47, 5, 'COM_GUIDEDTOURS_TOUR_MENUS_STEP_SAVECLOSE_TITLE', 1, 'COM_GUIDEDTOURS_TOUR_MENUS_STEP_SAVECLOSE_DESCRIPTION', 47, 'bottom', '#save-group-children-save .button-save', 2, 1, 'administrator/index.php?option=com_menus&view=menu&layout=edit', '2023-11-09 06:21:24', 91, '2023-11-09 06:21:24', 91, NULL, NULL, '*', '', NULL),
(48, 5, 'COM_GUIDEDTOURS_TOUR_MENUS_STEP_CONGRATULATIONS_TITLE', 1, 'COM_GUIDEDTOURS_TOUR_MENUS_STEP_CONGRATULATIONS_DESCRIPTION', 48, 'bottom', '', 0, 1, 'administrator/index.php?option=com_menus&view=menu&layout=edit', '2023-11-09 06:21:24', 91, '2023-11-09 06:21:24', 91, NULL, NULL, '*', '', NULL),
(49, 6, 'COM_GUIDEDTOURS_TOUR_TAGS_STEP_NEW_TITLE', 1, 'COM_GUIDEDTOURS_TOUR_TAGS_STEP_NEW_DESCRIPTION', 49, 'bottom', '.button-new', 2, 1, 'administrator/index.php?option=com_tags&view=tags', '2023-11-09 06:21:24', 91, '2023-11-09 06:21:24', 91, NULL, NULL, '*', '', NULL),
(50, 6, 'COM_GUIDEDTOURS_TOUR_TAGS_STEP_TITLE_TITLE', 1, 'COM_GUIDEDTOURS_TOUR_TAGS_STEP_TITLE_DESCRIPTION', 50, 'bottom', '#jform_title', 2, 2, 'administrator/index.php?option=com_tags&view=tag&layout=edit', '2023-11-09 06:21:24', 91, '2023-11-09 06:21:24', 91, NULL, NULL, '*', '', NULL),
(51, 6, 'COM_GUIDEDTOURS_TOUR_TAGS_STEP_ALIAS_TITLE', 1, 'COM_GUIDEDTOURS_TOUR_TAGS_STEP_ALIAS_DESCRIPTION', 51, 'bottom', '#jform_alias', 2, 2, 'administrator/index.php?option=com_tags&view=tag&layout=edit', '2023-11-09 06:21:24', 91, '2023-11-09 06:21:24', 91, NULL, NULL, '*', '', NULL),
(52, 6, 'COM_GUIDEDTOURS_TOUR_TAGS_STEP_CONTENT_TITLE', 1, 'COM_GUIDEDTOURS_TOUR_TAGS_STEP_CONTENT_DESCRIPTION', 52, 'bottom', '#jform_description,#jform_description_ifr', 2, 3, 'administrator/index.php?option=com_tags&view=tag&layout=edit', '2023-11-09 06:21:24', 91, '2023-11-09 06:21:24', 91, NULL, NULL, '*', '', NULL),
(53, 6, 'COM_GUIDEDTOURS_TOUR_TAGS_STEP_PARENT_TITLE', 1, 'COM_GUIDEDTOURS_TOUR_TAGS_STEP_PARENT_DESCRIPTION', 53, 'top', 'joomla-field-fancy-select .choices[data-type=select-one]', 2, 3, 'administrator/index.php?option=com_tags&view=tag&layout=edit', '2023-11-09 06:21:24', 91, '2023-11-09 06:21:24', 91, NULL, NULL, '*', '', NULL),
(54, 6, 'COM_GUIDEDTOURS_TOUR_TAGS_STEP_STATUS_TITLE', 1, 'COM_GUIDEDTOURS_TOUR_TAGS_STEP_STATUS_DESCRIPTION', 54, 'bottom', '#jform_published', 2, 3, 'administrator/index.php?option=com_tags&view=tag&layout=edit', '2023-11-09 06:21:24', 91, '2023-11-09 06:21:24', 91, NULL, NULL, '*', '', NULL),
(55, 6, 'COM_GUIDEDTOURS_TOUR_TAGS_STEP_ACCESS_TITLE', 1, 'COM_GUIDEDTOURS_TOUR_TAGS_STEP_ACCESS_DESCRIPTION', 55, 'bottom', '#jform_access', 2, 3, 'administrator/index.php?option=com_tags&view=tag&layout=edit', '2023-11-09 06:21:24', 91, '2023-11-09 06:21:24', 91, NULL, NULL, '*', '', NULL),
(56, 6, 'COM_GUIDEDTOURS_TOUR_TAGS_STEP_NOTE_TITLE', 1, 'COM_GUIDEDTOURS_TOUR_TAGS_STEP_NOTE_DESCRIPTION', 56, 'top', '#jform_note', 2, 2, 'administrator/index.php?option=com_tags&view=tag&layout=edit', '2023-11-09 06:21:24', 91, '2023-11-09 06:21:24', 91, NULL, NULL, '*', '', NULL),
(57, 6, 'COM_GUIDEDTOURS_TOUR_TAGS_STEP_VERSIONNOTE_TITLE', 1, 'COM_GUIDEDTOURS_TOUR_TAGS_STEP_VERSIONNOTE_DESCRIPTION', 57, 'top', '#jform_version_note', 2, 2, 'administrator/index.php?option=com_tags&view=tag&layout=edit', '2023-11-09 06:21:24', 91, '2023-11-09 06:21:24', 91, NULL, NULL, '*', '', NULL),
(58, 6, 'COM_GUIDEDTOURS_TOUR_TAGS_STEP_SAVECLOSE_TITLE', 1, 'COM_GUIDEDTOURS_TOUR_TAGS_STEP_SAVECLOSE_DESCRIPTION', 58, 'bottom', '#save-group-children-save .button-save', 2, 1, 'administrator/index.php?option=com_tags&view=tag&layout=edit', '2023-11-09 06:21:24', 91, '2023-11-09 06:21:24', 91, NULL, NULL, '*', '', NULL),
(59, 6, 'COM_GUIDEDTOURS_TOUR_TAGS_STEP_CONGRATULATIONS_TITLE', 1, 'COM_GUIDEDTOURS_TOUR_TAGS_STEP_CONGRATULATIONS_DESCRIPTION', 59, 'bottom', '', 0, 1, 'administrator/index.php?option=com_tags&view=tag&layout=edit', '2023-11-09 06:21:24', 91, '2023-11-09 06:21:24', 91, NULL, NULL, '*', '', NULL),
(60, 7, 'COM_GUIDEDTOURS_TOUR_BANNERS_STEP_NEW_TITLE', 1, 'COM_GUIDEDTOURS_TOUR_BANNERS_STEP_NEW_DESCRIPTION', 60, 'bottom', '.button-new', 2, 1, 'administrator/index.php?option=com_banners&view=banners', '2023-11-09 06:21:24', 91, '2023-11-09 06:21:24', 91, NULL, NULL, '*', '', NULL),
(61, 7, 'COM_GUIDEDTOURS_TOUR_BANNERS_STEP_TITLE_TITLE', 1, 'COM_GUIDEDTOURS_TOUR_BANNERS_STEP_TITLE_DESCRIPTION', 61, 'bottom', '#jform_name', 2, 2, 'administrator/index.php?option=com_banners&view=banner&layout=edit', '2023-11-09 06:21:24', 91, '2023-11-09 06:21:24', 91, NULL, NULL, '*', '', NULL),
(62, 7, 'COM_GUIDEDTOURS_TOUR_BANNERS_STEP_ALIAS_TITLE', 1, 'COM_GUIDEDTOURS_TOUR_BANNERS_STEP_ALIAS_DESCRIPTION', 62, 'bottom', '#jform_alias', 2, 2, 'administrator/index.php?option=com_banners&view=banner&layout=edit', '2023-11-09 06:21:24', 91, '2023-11-09 06:21:24', 91, NULL, NULL, '*', '', NULL),
(63, 7, 'COM_GUIDEDTOURS_TOUR_BANNERS_STEP_DETAILS_TITLE', 1, 'COM_GUIDEDTOURS_TOUR_BANNERS_STEP_DETAILS_DESCRIPTION', 63, 'bottom', '.col-lg-9', 2, 3, 'administrator/index.php?option=com_banners&view=banner&layout=edit', '2023-11-09 06:21:24', 91, '2023-11-09 06:21:24', 91, NULL, NULL, '*', '', NULL),
(64, 7, 'COM_GUIDEDTOURS_TOUR_BANNERS_STEP_STATUS_TITLE', 1, 'COM_GUIDEDTOURS_TOUR_BANNERS_STEP_STATUS_DESCRIPTION', 64, 'bottom', '#jform_state', 2, 3, 'administrator/index.php?option=com_banners&view=banner&layout=edit', '2023-11-09 06:21:24', 91, '2023-11-09 06:21:24', 91, NULL, NULL, '*', '', NULL),
(65, 7, 'COM_GUIDEDTOURS_TOUR_BANNERS_STEP_CATEGORY_TITLE', 1, 'COM_GUIDEDTOURS_TOUR_BANNERS_STEP_CATEGORY_DESCRIPTION', 65, 'top', 'joomla-field-fancy-select .choices[data-type=select-one]', 2, 3, 'administrator/index.php?option=com_banners&view=banner&layout=edit', '2023-11-09 06:21:24', 91, '2023-11-09 06:21:24', 91, NULL, NULL, '*', '', NULL),
(66, 7, 'COM_GUIDEDTOURS_TOUR_BANNERS_STEP_PINNED_TITLE', 1, 'COM_GUIDEDTOURS_TOUR_BANNERS_STEP_PINNED_DESCRIPTION', 66, 'bottom', '#jform_sticky1', 2, 3, 'administrator/index.php?option=com_banners&view=banner&layout=edit', '2023-11-09 06:21:24', 91, '2023-11-09 06:21:24', 91, NULL, NULL, '*', '', NULL),
(67, 7, 'COM_GUIDEDTOURS_TOUR_BANNERS_STEP_VERSIONNOTE_TITLE', 1, 'COM_GUIDEDTOURS_TOUR_BANNERS_STEP_VERSIONNOTE_DESCRIPTION', 67, 'top', '#jform_version_note', 2, 2, 'administrator/index.php?option=com_banners&view=banner&layout=edit', '2023-11-09 06:21:24', 91, '2023-11-09 06:21:24', 91, NULL, NULL, '*', '', NULL),
(68, 7, 'COM_GUIDEDTOURS_TOUR_BANNERS_STEP_SAVECLOSE_TITLE', 1, 'COM_GUIDEDTOURS_TOUR_BANNERS_STEP_SAVECLOSE_DESCRIPTION', 68, 'bottom', '#save-group-children-save .button-save', 2, 1, 'administrator/index.php?option=com_banners&view=banner&layout=edit', '2023-11-09 06:21:24', 91, '2023-11-09 06:21:24', 91, NULL, NULL, '*', '', NULL),
(69, 7, 'COM_GUIDEDTOURS_TOUR_BANNERS_STEP_CONGRATULATIONS_TITLE', 1, 'COM_GUIDEDTOURS_TOUR_BANNERS_STEP_CONGRATULATIONS_DESCRIPTION', 69, 'bottom', '', 0, 1, 'administrator/index.php?option=com_banners&view=banner&layout=edit', '2023-11-09 06:21:24', 91, '2023-11-09 06:21:24', 91, NULL, NULL, '*', '', NULL),
(70, 8, 'COM_GUIDEDTOURS_TOUR_CONTACTS_STEP_NEW_TITLE', 1, 'COM_GUIDEDTOURS_TOUR_CONTACTS_STEP_NEW_DESCRIPTION', 70, 'bottom', '.button-new', 2, 1, 'administrator/index.php?option=com_contact&view=contacts', '2023-11-09 06:21:24', 91, '2023-11-09 06:21:24', 91, NULL, NULL, '*', '', NULL),
(71, 8, 'COM_GUIDEDTOURS_TOUR_CONTACTS_STEP_TITLE_TITLE', 1, 'COM_GUIDEDTOURS_TOUR_CONTACTS_STEP_TITLE_DESCRIPTION', 71, 'bottom', '#jform_name', 2, 2, 'administrator/index.php?option=com_contact&view=contact&layout=edit', '2023-11-09 06:21:24', 91, '2023-11-09 06:21:24', 91, NULL, NULL, '*', '', NULL),
(72, 8, 'COM_GUIDEDTOURS_TOUR_CONTACTS_STEP_ALIAS_TITLE', 1, 'COM_GUIDEDTOURS_TOUR_CONTACTS_STEP_ALIAS_DESCRIPTION', 72, 'bottom', '#jform_alias', 2, 2, 'administrator/index.php?option=com_contact&view=contact&layout=edit', '2023-11-09 06:21:24', 91, '2023-11-09 06:21:24', 91, NULL, NULL, '*', '', NULL),
(73, 8, 'COM_GUIDEDTOURS_TOUR_CONTACTS_STEP_DETAILS_TITLE', 1, 'COM_GUIDEDTOURS_TOUR_CONTACTS_STEP_DETAILS_DESCRIPTION', 73, 'bottom', '.col-lg-9', 0, 1, 'administrator/index.php?option=com_contact&view=contact&layout=edit', '2023-11-09 06:21:24', 91, '2023-11-09 06:21:24', 91, NULL, NULL, '*', '', NULL),
(74, 8, 'COM_GUIDEDTOURS_TOUR_CONTACTS_STEP_STATUS_TITLE', 1, 'COM_GUIDEDTOURS_TOUR_CONTACTS_STEP_STATUS_DESCRIPTION', 74, 'bottom', '#jform_published', 2, 3, 'administrator/index.php?option=com_contact&view=contact&layout=edit', '2023-11-09 06:21:24', 91, '2023-11-09 06:21:24', 91, NULL, NULL, '*', '', NULL),
(75, 8, 'COM_GUIDEDTOURS_TOUR_CONTACTS_STEP_CATEGORY_TITLE', 1, 'COM_GUIDEDTOURS_TOUR_CONTACTS_STEP_CATEGORY_DESCRIPTION', 75, 'top', 'joomla-field-fancy-select .choices[data-type=select-one]', 2, 3, 'administrator/index.php?option=com_contact&view=contact&layout=edit', '2023-11-09 06:21:24', 91, '2023-11-09 06:21:24', 91, NULL, NULL, '*', '', NULL),
(76, 8, 'COM_GUIDEDTOURS_TOUR_CONTACTS_STEP_FEATURED_TITLE', 1, 'COM_GUIDEDTOURS_TOUR_CONTACTS_STEP_FEATURED_DESCRIPTION', 76, 'bottom', '#jform_featured0', 2, 3, 'administrator/index.php?option=com_contact&view=contact&layout=edit', '2023-11-09 06:21:24', 91, '2023-11-09 06:21:24', 91, NULL, NULL, '*', '', NULL),
(77, 8, 'COM_GUIDEDTOURS_TOUR_CONTACTS_STEP_ACCESS_TITLE', 1, 'COM_GUIDEDTOURS_TOUR_CONTACTS_STEP_ACCESS_DESCRIPTION', 77, 'bottom', '#jform_access', 2, 3, 'administrator/index.php?option=com_contact&view=contact&layout=edit', '2023-11-09 06:21:24', 91, '2023-11-09 06:21:24', 91, NULL, NULL, '*', '', NULL),
(78, 8, 'COM_GUIDEDTOURS_TOUR_CONTACTS_STEP_TAGS_TITLE', 1, 'COM_GUIDEDTOURS_TOUR_CONTACTS_STEP_TAGS_DESCRIPTION', 78, 'top', 'joomla-field-fancy-select .choices[data-type=select-multiple]', 2, 3, 'administrator/index.php?option=com_contact&view=contact&layout=edit', '2023-11-09 06:21:24', 91, '2023-11-09 06:21:24', 91, NULL, NULL, '*', '', NULL),
(79, 8, 'COM_GUIDEDTOURS_TOUR_CONTACTS_STEP_VERSIONNOTE_TITLE', 1, 'COM_GUIDEDTOURS_TOUR_CONTACTS_STEP_VERSIONNOTE_DESCRIPTION', 79, 'top', '#jform_version_note', 2, 2, 'administrator/index.php?option=com_contact&view=contact&layout=edit', '2023-11-09 06:21:24', 91, '2023-11-09 06:21:24', 91, NULL, NULL, '*', '', NULL),
(80, 8, 'COM_GUIDEDTOURS_TOUR_CONTACTS_STEP_SAVECLOSE_TITLE', 1, 'COM_GUIDEDTOURS_TOUR_CONTACTS_STEP_SAVECLOSE_DESCRIPTION', 80, 'bottom', '#save-group-children-save .button-save', 2, 1, 'administrator/index.php?option=com_contact&view=contact&layout=edit', '2023-11-09 06:21:24', 91, '2023-11-09 06:21:24', 91, NULL, NULL, '*', '', NULL),
(81, 8, 'COM_GUIDEDTOURS_TOUR_CONTACTS_STEP_CONGRATULATIONS_TITLE', 1, 'COM_GUIDEDTOURS_TOUR_CONTACTS_STEP_CONGRATULATIONS_DESCRIPTION', 81, 'bottom', '', 0, 1, 'administrator/index.php?option=com_contact&view=contact&layout=edit', '2023-11-09 06:21:24', 91, '2023-11-09 06:21:24', 91, NULL, NULL, '*', '', NULL),
(82, 9, 'COM_GUIDEDTOURS_TOUR_NEWSFEEDS_STEP_NEW_TITLE', 1, 'COM_GUIDEDTOURS_TOUR_NEWSFEEDS_STEP_NEW_DESCRIPTION', 82, 'bottom', '.button-new', 2, 1, 'administrator/index.php?option=com_newsfeeds&view=newsfeeds', '2023-11-09 06:21:24', 91, '2023-11-09 06:21:24', 91, NULL, NULL, '*', '', NULL),
(83, 9, 'COM_GUIDEDTOURS_TOUR_NEWSFEEDS_STEP_TITLE_TITLE', 1, 'COM_GUIDEDTOURS_TOUR_NEWSFEEDS_STEP_TITLE_DESCRIPTION', 83, 'bottom', '#jform_name', 2, 2, 'administrator/index.php?option=com_newsfeeds&view=newsfeed&layout=edit', '2023-11-09 06:21:24', 91, '2023-11-09 06:21:24', 91, NULL, NULL, '*', '', NULL),
(84, 9, 'COM_GUIDEDTOURS_TOUR_NEWSFEEDS_STEP_ALIAS_TITLE', 1, 'COM_GUIDEDTOURS_TOUR_NEWSFEEDS_STEP_ALIAS_DESCRIPTION', 84, 'bottom', '#jform_alias', 2, 2, 'administrator/index.php?option=com_newsfeeds&view=newsfeed&layout=edit', '2023-11-09 06:21:24', 91, '2023-11-09 06:21:24', 91, NULL, NULL, '*', '', NULL),
(85, 9, 'COM_GUIDEDTOURS_TOUR_NEWSFEEDS_STEP_LINK_TITLE', 1, 'COM_GUIDEDTOURS_TOUR_NEWSFEEDS_STEP_LINK_DESCRIPTION', 85, 'bottom', '#jform_link', 2, 2, 'administrator/index.php?option=com_newsfeeds&view=newsfeed&layout=edit', '2023-11-09 06:21:24', 91, '2023-11-09 06:21:24', 91, NULL, NULL, '*', '', NULL),
(86, 9, 'COM_GUIDEDTOURS_TOUR_NEWSFEEDS_STEP_DESCRIPTION_TITLE', 1, 'COM_GUIDEDTOURS_TOUR_NEWSFEEDS_STEP_DESCRIPTION_DESCRIPTION', 86, 'bottom', '#jform_description,#jform_description_ifr', 2, 3, 'administrator/index.php?option=com_newsfeeds&view=newsfeed&layout=edit', '2023-11-09 06:21:24', 91, '2023-11-09 06:21:24', 91, NULL, NULL, '*', '', NULL),
(87, 9, 'COM_GUIDEDTOURS_TOUR_NEWSFEEDS_STEP_STATUS_TITLE', 1, 'COM_GUIDEDTOURS_TOUR_NEWSFEEDS_STEP_STATUS_DESCRIPTION', 87, 'bottom', '#jform_published', 2, 3, 'administrator/index.php?option=com_newsfeeds&view=newsfeed&layout=edit', '2023-11-09 06:21:24', 91, '2023-11-09 06:21:24', 91, NULL, NULL, '*', '', NULL),
(88, 9, 'COM_GUIDEDTOURS_TOUR_NEWSFEEDS_STEP_CATEGORY_TITLE', 1, 'COM_GUIDEDTOURS_TOUR_NEWSFEEDS_STEP_CATEGORY_DESCRIPTION', 88, 'top', 'joomla-field-fancy-select .choices[data-type=select-one]', 2, 3, 'administrator/index.php?option=com_newsfeeds&view=newsfeed&layout=edit', '2023-11-09 06:21:24', 91, '2023-11-09 06:21:24', 91, NULL, NULL, '*', '', NULL),
(89, 9, 'COM_GUIDEDTOURS_TOUR_NEWSFEEDS_STEP_ACCESS_TITLE', 1, 'COM_GUIDEDTOURS_TOUR_NEWSFEEDS_STEP_ACCESS_DESCRIPTION', 89, 'bottom', '#jform_access', 2, 3, 'administrator/index.php?option=com_newsfeeds&view=newsfeed&layout=edit', '2023-11-09 06:21:24', 91, '2023-11-09 06:21:24', 91, NULL, NULL, '*', '', NULL),
(90, 9, 'COM_GUIDEDTOURS_TOUR_NEWSFEEDS_STEP_TAGS_TITLE', 1, 'COM_GUIDEDTOURS_TOUR_NEWSFEEDS_STEP_TAGS_DESCRIPTION', 90, 'top', 'joomla-field-fancy-select .choices[data-type=select-multiple]', 2, 3, 'administrator/index.php?option=com_newsfeeds&view=newsfeed&layout=edit', '2023-11-09 06:21:24', 91, '2023-11-09 06:21:24', 91, NULL, NULL, '*', '', NULL),
(91, 9, 'COM_GUIDEDTOURS_TOUR_NEWSFEEDS_STEP_VERSIONNOTE_TITLE', 1, 'COM_GUIDEDTOURS_TOUR_NEWSFEEDS_STEP_VERSIONNOTE_DESCRIPTION', 91, 'top', '#jform_version_note', 2, 2, 'administrator/index.php?option=com_newsfeeds&view=newsfeed&layout=edit', '2023-11-09 06:21:24', 91, '2023-11-09 06:21:24', 91, NULL, NULL, '*', '', NULL),
(92, 9, 'COM_GUIDEDTOURS_TOUR_NEWSFEEDS_STEP_SAVECLOSE_TITLE', 1, 'COM_GUIDEDTOURS_TOUR_NEWSFEEDS_STEP_SAVECLOSE_DESCRIPTION', 92, 'bottom', '#save-group-children-save .button-save', 2, 1, 'administrator/index.php?option=com_newsfeeds&view=newsfeed&layout=edit', '2023-11-09 06:21:24', 91, '2023-11-09 06:21:24', 91, NULL, NULL, '*', '', NULL),
(93, 9, 'COM_GUIDEDTOURS_TOUR_NEWSFEEDS_STEP_CONGRATULATIONS_TITLE', 1, 'COM_GUIDEDTOURS_TOUR_NEWSFEEDS_STEP_CONGRATULATIONS_DESCRIPTION', 93, 'bottom', '', 0, 1, 'administrator/index.php?option=com_newsfeeds&view=newsfeed&layout=edit', '2023-11-09 06:21:24', 91, '2023-11-09 06:21:24', 91, NULL, NULL, '*', '', NULL),
(94, 10, 'COM_GUIDEDTOURS_TOUR_SMARTSEARCH_STEP_NEW_TITLE', 1, 'COM_GUIDEDTOURS_TOUR_SMARTSEARCH_STEP_NEW_DESCRIPTION', 94, 'bottom', '.button-new', 2, 1, 'administrator/index.php?option=com_finder&view=filters', '2023-11-09 06:21:24', 91, '2023-11-09 06:21:24', 91, NULL, NULL, '*', '', NULL),
(95, 10, 'COM_GUIDEDTOURS_TOUR_SMARTSEARCH_STEP_TITLE_TITLE', 1, 'COM_GUIDEDTOURS_TOUR_SMARTSEARCH_STEP_TITLE_DESCRIPTION', 95, 'bottom', '#jform_title', 2, 2, 'administrator/index.php?option=com_finder&view=filter&layout=edit', '2023-11-09 06:21:24', 91, '2023-11-09 06:21:24', 91, NULL, NULL, '*', '', NULL),
(96, 10, 'COM_GUIDEDTOURS_TOUR_SMARTSEARCH_STEP_ALIAS_TITLE', 1, 'COM_GUIDEDTOURS_TOUR_SMARTSEARCH_STEP_ALIAS_DESCRIPTION', 96, 'bottom', '#jform_alias', 2, 2, 'administrator/index.php?option=com_finder&view=filter&layout=edit', '2023-11-09 06:21:24', 91, '2023-11-09 06:21:24', 91, NULL, NULL, '*', '', NULL),
(97, 10, 'COM_GUIDEDTOURS_TOUR_SMARTSEARCH_STEP_CONTENT_TITLE', 1, 'COM_GUIDEDTOURS_TOUR_SMARTSEARCH_STEP_CONTENT_DESCRIPTION', 97, 'bottom', '.col-lg-9', 0, 1, 'administrator/index.php?option=com_finder&view=filter&layout=edit', '2023-11-09 06:21:24', 91, '2023-11-09 06:21:24', 91, NULL, NULL, '*', '', NULL),
(98, 10, 'COM_GUIDEDTOURS_TOUR_SMARTSEARCH_STEP_STATUS_TITLE', 1, 'COM_GUIDEDTOURS_TOUR_SMARTSEARCH_STEP_STATUS_DESCRIPTION', 98, 'bottom', '#jform_state', 2, 3, 'administrator/index.php?option=com_finder&view=filter&layout=edit', '2023-11-09 06:21:24', 91, '2023-11-09 06:21:24', 91, NULL, NULL, '*', '', NULL),
(99, 10, 'COM_GUIDEDTOURS_TOUR_SMARTSEARCH_STEP_SAVECLOSE_TITLE', 1, 'COM_GUIDEDTOURS_TOUR_SMARTSEARCH_STEP_SAVECLOSE_DESCRIPTION', 99, 'bottom', '#save-group-children-save .button-save', 2, 1, 'administrator/index.php?option=com_finder&view=filter&layout=edit', '2023-11-09 06:21:24', 91, '2023-11-09 06:21:24', 91, NULL, NULL, '*', '', NULL),
(100, 10, 'COM_GUIDEDTOURS_TOUR_SMARTSEARCH_STEP_CONGRATULATIONS_TITLE', 1, 'COM_GUIDEDTOURS_TOUR_SMARTSEARCH_STEP_CONGRATULATIONS_DESCRIPTION', 100, 'bottom', '', 0, 1, 'administrator/index.php?option=com_finder&view=filter&layout=edit', '2023-11-09 06:21:24', 91, '2023-11-09 06:21:24', 91, NULL, NULL, '*', '', NULL),
(101, 11, 'COM_GUIDEDTOURS_TOUR_USERS_STEP_NEW_TITLE', 1, 'COM_GUIDEDTOURS_TOUR_USERS_STEP_NEW_DESCRIPTION', 101, 'bottom', '.button-new', 2, 1, 'administrator/index.php?option=com_users&view=user&layout=edit', '2023-11-09 06:21:24', 91, '2023-11-09 06:21:24', 91, NULL, NULL, '*', '', NULL),
(102, 11, 'COM_GUIDEDTOURS_TOUR_USERS_STEP_NAME_TITLE', 1, 'COM_GUIDEDTOURS_TOUR_USERS_STEP_NAME_DESCRIPTION', 102, 'bottom', '#jform_name', 2, 2, 'administrator/index.php?option=com_users&view=user&layout=edit', '2023-11-09 06:21:24', 91, '2023-11-09 06:21:24', 91, NULL, NULL, '*', '', NULL),
(103, 11, 'COM_GUIDEDTOURS_TOUR_USERS_STEP_LOGINNAME_TITLE', 1, 'COM_GUIDEDTOURS_TOUR_USERS_STEP_LOGINNAME_DESCRIPTION', 103, 'bottom', '#jform_username', 2, 2, 'administrator/index.php?option=com_users&view=user&layout=edit', '2023-11-09 06:21:24', 91, '2023-11-09 06:21:24', 91, NULL, NULL, '*', '', NULL),
(104, 11, 'COM_GUIDEDTOURS_TOUR_USERS_STEP_PASSWORD_TITLE', 1, 'COM_GUIDEDTOURS_TOUR_USERS_STEP_PASSWORD_DESCRIPTION', 104, 'bottom', '#jform_password', 2, 2, 'administrator/index.php?option=com_users&view=user&layout=edit', '2023-11-09 06:21:24', 91, '2023-11-09 06:21:24', 91, NULL, NULL, '*', '', NULL),
(105, 11, 'COM_GUIDEDTOURS_TOUR_USERS_STEP_PASSWORD2_TITLE', 1, 'COM_GUIDEDTOURS_TOUR_USERS_STEP_PASSWORD2_DESCRIPTION', 105, 'bottom', '#jform_password2', 2, 2, 'administrator/index.php?option=com_users&view=user&layout=edit', '2023-11-09 06:21:24', 91, '2023-11-09 06:21:24', 91, NULL, NULL, '*', '', NULL),
(106, 11, 'COM_GUIDEDTOURS_TOUR_USERS_STEP_EMAIL_TITLE', 1, 'COM_GUIDEDTOURS_TOUR_USERS_STEP_EMAIL_DESCRIPTION', 106, 'bottom', '#jform_email', 2, 2, 'administrator/index.php?option=com_users&view=user&layout=edit', '2023-11-09 06:21:24', 91, '2023-11-09 06:21:24', 91, NULL, NULL, '*', '', NULL),
(107, 11, 'COM_GUIDEDTOURS_TOUR_USERS_STEP_SYSTEMEMAIL_TITLE', 1, 'COM_GUIDEDTOURS_TOUR_USERS_STEP_SYSTEMEMAIL_DESCRIPTION', 107, 'top', '#jform_sendEmail0', 2, 3, 'administrator/index.php?option=com_users&view=user&layout=edit', '2023-11-09 06:21:24', 91, '2023-11-09 06:21:24', 91, NULL, NULL, '*', '', NULL),
(108, 11, 'COM_GUIDEDTOURS_TOUR_USERS_STEP_STATUS_TITLE', 1, 'COM_GUIDEDTOURS_TOUR_USERS_STEP_STATUS_DESCRIPTION', 108, 'top', '#jform_block0', 2, 3, 'administrator/index.php?option=com_users&view=user&layout=edit', '2023-11-09 06:21:24', 91, '2023-11-09 06:21:24', 91, NULL, NULL, '*', '', NULL),
(109, 11, 'COM_GUIDEDTOURS_TOUR_USERS_STEP_PASSWORDRESET_TITLE', 1, 'COM_GUIDEDTOURS_TOUR_USERS_STEP_PASSWORDRESET_DESCRIPTION', 109, 'top', '#jform_requireReset0', 2, 3, 'administrator/index.php?option=com_users&view=user&layout=edit', '2023-11-09 06:21:24', 91, '2023-11-09 06:21:24', 91, NULL, NULL, '*', '', NULL),
(110, 11, 'COM_GUIDEDTOURS_TOUR_USERS_STEP_SAVECLOSE_TITLE', 1, 'COM_GUIDEDTOURS_TOUR_USERS_STEP_SAVECLOSE_DESCRIPTION', 110, 'bottom', '#save-group-children-save .button-save', 2, 1, 'administrator/index.php?option=com_users&view=user&layout=edit', '2023-11-09 06:21:24', 91, '2023-11-09 06:21:24', 91, NULL, NULL, '*', '', NULL),
(111, 11, 'COM_GUIDEDTOURS_TOUR_USERS_STEP_CONGRATULATIONS_TITLE', 1, 'COM_GUIDEDTOURS_TOUR_USERS_STEP_CONGRATULATIONS_DESCRIPTION', 111, 'bottom', '', 0, 1, 'administrator/index.php?option=com_users&view=user&layout=edit', '2023-11-09 06:21:24', 91, '2023-11-09 06:21:24', 91, NULL, NULL, '*', '', NULL),
(112, 12, 'COM_GUIDEDTOURS_TOUR_WELCOMETOJOOMLA_STEP_MENUS_TITLE', 1, 'COM_GUIDEDTOURS_TOUR_WELCOMETOJOOMLA_STEP_MENUS_DESCRIPTION', 1, 'right', '#sidebarmenu', 0, 1, '', '2025-04-10 08:39:35', 0, '2025-04-10 08:39:35', 0, NULL, NULL, '*', '', NULL),
(113, 12, 'COM_GUIDEDTOURS_TOUR_WELCOMETOJOOMLA_STEP_QUICKACCESS_TITLE', 1, 'COM_GUIDEDTOURS_TOUR_WELCOMETOJOOMLA_STEP_QUICKACCESS_DESCRIPTION', 2, 'center', '', 0, 1, '', '2025-04-10 08:39:35', 0, '2025-04-10 08:39:35', 0, NULL, NULL, '*', '', NULL),
(114, 12, 'COM_GUIDEDTOURS_TOUR_WELCOMETOJOOMLA_STEP_NOTIFICATIONS_TITLE', 1, 'COM_GUIDEDTOURS_TOUR_WELCOMETOJOOMLA_STEP_NOTIFICATIONS_DESCRIPTION', 3, 'left', '.quickicons-for-update_quickicon .card', 0, 1, '', '2025-04-10 08:39:35', 0, '2025-04-10 08:39:35', 0, NULL, NULL, '*', '', NULL),
(115, 12, 'COM_GUIDEDTOURS_TOUR_WELCOMETOJOOMLA_STEP_TOPBAR_TITLE', 1, 'COM_GUIDEDTOURS_TOUR_WELCOMETOJOOMLA_STEP_TOPBAR_DESCRIPTION', 4, 'bottom', '#header', 0, 1, '', '2025-04-10 08:39:35', 0, '2025-04-10 08:39:35', 0, NULL, NULL, '*', '', NULL),
(116, 12, 'COM_GUIDEDTOURS_TOUR_WELCOMETOJOOMLA_STEP_FINALWORDS_TITLE', 1, 'COM_GUIDEDTOURS_TOUR_WELCOMETOJOOMLA_STEP_FINALWORDS_DESCRIPTION', 5, 'right', '#sidebarmenu nav > ul:first-of-type > li:last-child', 0, 1, '', '2025-04-10 08:39:35', 0, '2025-04-10 08:39:35', 0, NULL, NULL, '*', '', NULL),
(117, 13, 'COM_GUIDEDTOURS_TOUR_WHATSNEW_5_2_STEP_0_TITLE', 1, 'COM_GUIDEDTOURS_TOUR_WHATSNEW_5_2_STEP_0_DESCRIPTION', 0, 'right', '#sidebarmenu nav > ul:first-of-type > li:last-child', 0, 1, '', '2025-04-10 08:39:35', 0, '2025-04-10 08:39:35', 0, NULL, NULL, '*', '', '{\"required\":1,\"requiredvalue\":\"\"}'),
(118, 1, 'COM_GUIDEDTOURS_TOUR_GUIDEDTOURS_STEP_AUTOSTART_TITLE', 1, 'COM_GUIDEDTOURS_TOUR_GUIDEDTOURS_STEP_AUTOSTART_DESCRIPTION', 6, 'bottom', '#jform_autostart0', 2, 3, '', '2025-04-10 08:39:35', 0, '2025-04-10 08:39:35', 0, NULL, NULL, '*', '', NULL);

-- --------------------------------------------------------

--
-- Структура таблицы `joom5_history`
--

CREATE TABLE `joom5_history` (
  `version_id` int UNSIGNED NOT NULL,
  `item_id` varchar(50) CHARACTER SET utf8mb4 COLLATE utf8mb4_unicode_ci NOT NULL,
  `version_note` varchar(255) CHARACTER SET utf8mb4 COLLATE utf8mb4_unicode_ci NOT NULL DEFAULT '' COMMENT 'Optional version name',
  `save_date` datetime NOT NULL,
  `editor_user_id` int UNSIGNED NOT NULL DEFAULT '0',
  `character_count` int UNSIGNED NOT NULL DEFAULT '0' COMMENT 'Number of characters in this version.',
  `sha1_hash` varchar(50) CHARACTER SET utf8mb4 COLLATE utf8mb4_unicode_ci NOT NULL DEFAULT '' COMMENT 'SHA1 hash of the version_data column.',
  `version_data` mediumtext CHARACTER SET utf8mb4 COLLATE utf8mb4_unicode_ci NOT NULL COMMENT 'json-encoded string of version data',
  `keep_forever` tinyint NOT NULL DEFAULT '0' COMMENT '0=auto delete; 1=keep'
) ENGINE=InnoDB DEFAULT CHARSET=utf8mb4 COLLATE=utf8mb4_unicode_ci;

--
-- Дамп данных таблицы `joom5_history`
--

INSERT INTO `joom5_history` (`version_id`, `item_id`, `version_note`, `save_date`, `editor_user_id`, `character_count`, `sha1_hash`, `version_data`, `keep_forever`) VALUES
(1, 'com_content.category.2', '', '2024-03-28 12:18:47', 91, 577, '9450f831cdcec623ce3250d7f47d4606d4b54430', '{\"id\":\"2\",\"asset_id\":27,\"parent_id\":1,\"lft\":1,\"rgt\":2,\"level\":1,\"path\":\"uncategorised\",\"extension\":\"com_content\",\"title\":\"\\u0421\\u0430\\u0439\\u0442\",\"alias\":\"sait\",\"note\":\"\",\"description\":\"\",\"published\":\"1\",\"checked_out\":91,\"checked_out_time\":\"2024-03-28 12:18:35\",\"access\":1,\"params\":\"{\\\"category_layout\\\":\\\"\\\",\\\"image\\\":\\\"\\\",\\\"image_alt\\\":\\\"\\\"}\",\"metadesc\":\"\",\"metakey\":\"\",\"metadata\":\"{\\\"author\\\":\\\"\\\",\\\"robots\\\":\\\"\\\"}\",\"created_user_id\":\"91\",\"created_time\":\"2023-11-09 06:21:23\",\"modified_user_id\":91,\"modified_time\":\"2024-03-28 12:18:47\",\"hits\":0,\"language\":\"*\",\"version\":1}', 0),
(2, 'com_content.article.1', '', '2025-04-10 06:07:04', 91, 1571, '5d74ad028ab7a16c19bc65947e77ce2450404530', '{\"id\":1,\"asset_id\":105,\"title\":\"About us\",\"alias\":\"about-us\",\"introtext\":\"\",\"fulltext\":\"\",\"state\":\"1\",\"catid\":2,\"created\":\"2025-04-10 06:07:04\",\"created_by\":91,\"created_by_alias\":\"\",\"modified\":\"2025-04-10 06:07:04\",\"modified_by\":91,\"checked_out\":null,\"checked_out_time\":null,\"publish_up\":\"2025-04-10 06:07:04\",\"publish_down\":null,\"images\":\"{\\\"image_intro\\\":\\\"\\\",\\\"image_intro_alt\\\":\\\"\\\",\\\"float_intro\\\":\\\"\\\",\\\"image_intro_caption\\\":\\\"\\\",\\\"image_fulltext\\\":\\\"\\\",\\\"image_fulltext_alt\\\":\\\"\\\",\\\"float_fulltext\\\":\\\"\\\",\\\"image_fulltext_caption\\\":\\\"\\\"}\",\"urls\":\"{\\\"urla\\\":\\\"\\\",\\\"urlatext\\\":\\\"\\\",\\\"targeta\\\":\\\"\\\",\\\"urlb\\\":\\\"\\\",\\\"urlbtext\\\":\\\"\\\",\\\"targetb\\\":\\\"\\\",\\\"urlc\\\":\\\"\\\",\\\"urlctext\\\":\\\"\\\",\\\"targetc\\\":\\\"\\\"}\",\"attribs\":\"{\\\"article_layout\\\":\\\"\\\",\\\"show_title\\\":\\\"\\\",\\\"link_titles\\\":\\\"\\\",\\\"show_tags\\\":\\\"\\\",\\\"show_intro\\\":\\\"\\\",\\\"info_block_position\\\":\\\"\\\",\\\"info_block_show_title\\\":\\\"\\\",\\\"show_category\\\":\\\"\\\",\\\"link_category\\\":\\\"\\\",\\\"show_parent_category\\\":\\\"\\\",\\\"link_parent_category\\\":\\\"\\\",\\\"show_author\\\":\\\"\\\",\\\"link_author\\\":\\\"\\\",\\\"show_create_date\\\":\\\"\\\",\\\"show_modify_date\\\":\\\"\\\",\\\"show_publish_date\\\":\\\"\\\",\\\"show_item_navigation\\\":\\\"\\\",\\\"show_hits\\\":\\\"\\\",\\\"show_noauth\\\":\\\"\\\",\\\"urls_position\\\":\\\"\\\",\\\"alternative_readmore\\\":\\\"\\\",\\\"article_page_title\\\":\\\"\\\",\\\"show_publishing_options\\\":\\\"\\\",\\\"show_article_options\\\":\\\"\\\",\\\"show_urls_images_backend\\\":\\\"\\\",\\\"show_urls_images_frontend\\\":\\\"\\\"}\",\"version\":1,\"ordering\":null,\"metakey\":\"\",\"metadesc\":\"\",\"access\":1,\"hits\":0,\"metadata\":\"{\\\"robots\\\":\\\"\\\",\\\"author\\\":\\\"\\\",\\\"rights\\\":\\\"\\\"}\",\"featured\":\"0\",\"language\":\"*\",\"note\":\"\"}', 0),
(3, 'com_content.category.8', '', '2025-04-10 06:09:11', 91, 593, 'c6f9bf761844fe9b1fa11499e74a05e497295af0', '{\"id\":8,\"asset_id\":106,\"parent_id\":1,\"lft\":11,\"rgt\":12,\"level\":1,\"path\":null,\"extension\":\"com_content\",\"title\":\"\\u041f\\u0440\\u043e\\u0434\\u0443\\u043a\\u0446\\u0438\\u044f\",\"alias\":\"produktsiya\",\"note\":\"\",\"description\":\"\",\"published\":\"1\",\"checked_out\":null,\"checked_out_time\":null,\"access\":1,\"params\":\"{\\\"category_layout\\\":\\\"\\\",\\\"image\\\":\\\"\\\",\\\"image_alt\\\":\\\"\\\"}\",\"metadesc\":\"\",\"metakey\":\"\",\"metadata\":\"{\\\"author\\\":\\\"\\\",\\\"robots\\\":\\\"\\\"}\",\"created_user_id\":91,\"created_time\":\"2025-04-10 06:09:11\",\"modified_user_id\":91,\"modified_time\":\"2025-04-10 06:09:11\",\"hits\":null,\"language\":\"*\",\"version\":null}', 0),
(4, 'com_content.article.2', '', '2025-04-10 06:11:21', 91, 1605, '2d4faacf2434e7876177f362b5c090c7100df130', '{\"id\":2,\"asset_id\":107,\"title\":\"Fiber Glass Backing Plate\",\"alias\":\"fiber-glass-backing-plate\",\"introtext\":\"\",\"fulltext\":\"\",\"state\":\"1\",\"catid\":2,\"created\":\"2025-04-10 06:11:21\",\"created_by\":91,\"created_by_alias\":\"\",\"modified\":\"2025-04-10 06:11:21\",\"modified_by\":91,\"checked_out\":null,\"checked_out_time\":null,\"publish_up\":\"2025-04-10 06:11:21\",\"publish_down\":null,\"images\":\"{\\\"image_intro\\\":\\\"\\\",\\\"image_intro_alt\\\":\\\"\\\",\\\"float_intro\\\":\\\"\\\",\\\"image_intro_caption\\\":\\\"\\\",\\\"image_fulltext\\\":\\\"\\\",\\\"image_fulltext_alt\\\":\\\"\\\",\\\"float_fulltext\\\":\\\"\\\",\\\"image_fulltext_caption\\\":\\\"\\\"}\",\"urls\":\"{\\\"urla\\\":\\\"\\\",\\\"urlatext\\\":\\\"\\\",\\\"targeta\\\":\\\"\\\",\\\"urlb\\\":\\\"\\\",\\\"urlbtext\\\":\\\"\\\",\\\"targetb\\\":\\\"\\\",\\\"urlc\\\":\\\"\\\",\\\"urlctext\\\":\\\"\\\",\\\"targetc\\\":\\\"\\\"}\",\"attribs\":\"{\\\"article_layout\\\":\\\"\\\",\\\"show_title\\\":\\\"\\\",\\\"link_titles\\\":\\\"\\\",\\\"show_tags\\\":\\\"\\\",\\\"show_intro\\\":\\\"\\\",\\\"info_block_position\\\":\\\"\\\",\\\"info_block_show_title\\\":\\\"\\\",\\\"show_category\\\":\\\"\\\",\\\"link_category\\\":\\\"\\\",\\\"show_parent_category\\\":\\\"\\\",\\\"link_parent_category\\\":\\\"\\\",\\\"show_author\\\":\\\"\\\",\\\"link_author\\\":\\\"\\\",\\\"show_create_date\\\":\\\"\\\",\\\"show_modify_date\\\":\\\"\\\",\\\"show_publish_date\\\":\\\"\\\",\\\"show_item_navigation\\\":\\\"\\\",\\\"show_hits\\\":\\\"\\\",\\\"show_noauth\\\":\\\"\\\",\\\"urls_position\\\":\\\"\\\",\\\"alternative_readmore\\\":\\\"\\\",\\\"article_page_title\\\":\\\"\\\",\\\"show_publishing_options\\\":\\\"\\\",\\\"show_article_options\\\":\\\"\\\",\\\"show_urls_images_backend\\\":\\\"\\\",\\\"show_urls_images_frontend\\\":\\\"\\\"}\",\"version\":1,\"ordering\":null,\"metakey\":\"\",\"metadesc\":\"\",\"access\":1,\"hits\":0,\"metadata\":\"{\\\"robots\\\":\\\"\\\",\\\"author\\\":\\\"\\\",\\\"rights\\\":\\\"\\\"}\",\"featured\":\"0\",\"language\":\"*\",\"note\":\"\"}', 0),
(5, 'com_content.article.3', '', '2025-04-10 06:12:03', 91, 1573, '2d83d0705fec11fa86e81b785c36d756c2330b67', '{\"id\":3,\"asset_id\":108,\"title\":\"Flap Disc\",\"alias\":\"flap-disc\",\"introtext\":\"\",\"fulltext\":\"\",\"state\":\"1\",\"catid\":8,\"created\":\"2025-04-10 06:12:03\",\"created_by\":91,\"created_by_alias\":\"\",\"modified\":\"2025-04-10 06:12:03\",\"modified_by\":91,\"checked_out\":null,\"checked_out_time\":null,\"publish_up\":\"2025-04-10 06:12:03\",\"publish_down\":null,\"images\":\"{\\\"image_intro\\\":\\\"\\\",\\\"image_intro_alt\\\":\\\"\\\",\\\"float_intro\\\":\\\"\\\",\\\"image_intro_caption\\\":\\\"\\\",\\\"image_fulltext\\\":\\\"\\\",\\\"image_fulltext_alt\\\":\\\"\\\",\\\"float_fulltext\\\":\\\"\\\",\\\"image_fulltext_caption\\\":\\\"\\\"}\",\"urls\":\"{\\\"urla\\\":\\\"\\\",\\\"urlatext\\\":\\\"\\\",\\\"targeta\\\":\\\"\\\",\\\"urlb\\\":\\\"\\\",\\\"urlbtext\\\":\\\"\\\",\\\"targetb\\\":\\\"\\\",\\\"urlc\\\":\\\"\\\",\\\"urlctext\\\":\\\"\\\",\\\"targetc\\\":\\\"\\\"}\",\"attribs\":\"{\\\"article_layout\\\":\\\"\\\",\\\"show_title\\\":\\\"\\\",\\\"link_titles\\\":\\\"\\\",\\\"show_tags\\\":\\\"\\\",\\\"show_intro\\\":\\\"\\\",\\\"info_block_position\\\":\\\"\\\",\\\"info_block_show_title\\\":\\\"\\\",\\\"show_category\\\":\\\"\\\",\\\"link_category\\\":\\\"\\\",\\\"show_parent_category\\\":\\\"\\\",\\\"link_parent_category\\\":\\\"\\\",\\\"show_author\\\":\\\"\\\",\\\"link_author\\\":\\\"\\\",\\\"show_create_date\\\":\\\"\\\",\\\"show_modify_date\\\":\\\"\\\",\\\"show_publish_date\\\":\\\"\\\",\\\"show_item_navigation\\\":\\\"\\\",\\\"show_hits\\\":\\\"\\\",\\\"show_noauth\\\":\\\"\\\",\\\"urls_position\\\":\\\"\\\",\\\"alternative_readmore\\\":\\\"\\\",\\\"article_page_title\\\":\\\"\\\",\\\"show_publishing_options\\\":\\\"\\\",\\\"show_article_options\\\":\\\"\\\",\\\"show_urls_images_backend\\\":\\\"\\\",\\\"show_urls_images_frontend\\\":\\\"\\\"}\",\"version\":1,\"ordering\":null,\"metakey\":\"\",\"metadesc\":\"\",\"access\":1,\"hits\":0,\"metadata\":\"{\\\"robots\\\":\\\"\\\",\\\"author\\\":\\\"\\\",\\\"rights\\\":\\\"\\\"}\",\"featured\":\"0\",\"language\":\"*\",\"note\":\"\"}', 0),
(6, 'com_content.article.2', '', '2025-04-10 06:12:18', 91, 1621, '0a5810aab6154c91104030f4df5966253969f8a9', '{\"id\":\"2\",\"asset_id\":107,\"title\":\"Fiber Glass Backing Plate\",\"alias\":\"fiber-glass-backing-plate\",\"introtext\":\"\",\"fulltext\":\"\",\"state\":\"1\",\"catid\":8,\"created\":\"2025-04-10 06:11:21\",\"created_by\":\"91\",\"created_by_alias\":\"\",\"modified\":\"2025-04-10 06:12:18\",\"modified_by\":91,\"checked_out\":91,\"checked_out_time\":\"2025-04-10 06:12:13\",\"publish_up\":\"2025-04-10 06:11:21\",\"publish_down\":null,\"images\":\"{\\\"image_intro\\\":\\\"\\\",\\\"image_intro_alt\\\":\\\"\\\",\\\"float_intro\\\":\\\"\\\",\\\"image_intro_caption\\\":\\\"\\\",\\\"image_fulltext\\\":\\\"\\\",\\\"image_fulltext_alt\\\":\\\"\\\",\\\"float_fulltext\\\":\\\"\\\",\\\"image_fulltext_caption\\\":\\\"\\\"}\",\"urls\":\"{\\\"urla\\\":\\\"\\\",\\\"urlatext\\\":\\\"\\\",\\\"targeta\\\":\\\"\\\",\\\"urlb\\\":\\\"\\\",\\\"urlbtext\\\":\\\"\\\",\\\"targetb\\\":\\\"\\\",\\\"urlc\\\":\\\"\\\",\\\"urlctext\\\":\\\"\\\",\\\"targetc\\\":\\\"\\\"}\",\"attribs\":\"{\\\"article_layout\\\":\\\"\\\",\\\"show_title\\\":\\\"\\\",\\\"link_titles\\\":\\\"\\\",\\\"show_tags\\\":\\\"\\\",\\\"show_intro\\\":\\\"\\\",\\\"info_block_position\\\":\\\"\\\",\\\"info_block_show_title\\\":\\\"\\\",\\\"show_category\\\":\\\"\\\",\\\"link_category\\\":\\\"\\\",\\\"show_parent_category\\\":\\\"\\\",\\\"link_parent_category\\\":\\\"\\\",\\\"show_author\\\":\\\"\\\",\\\"link_author\\\":\\\"\\\",\\\"show_create_date\\\":\\\"\\\",\\\"show_modify_date\\\":\\\"\\\",\\\"show_publish_date\\\":\\\"\\\",\\\"show_item_navigation\\\":\\\"\\\",\\\"show_hits\\\":\\\"\\\",\\\"show_noauth\\\":\\\"\\\",\\\"urls_position\\\":\\\"\\\",\\\"alternative_readmore\\\":\\\"\\\",\\\"article_page_title\\\":\\\"\\\",\\\"show_publishing_options\\\":\\\"\\\",\\\"show_article_options\\\":\\\"\\\",\\\"show_urls_images_backend\\\":\\\"\\\",\\\"show_urls_images_frontend\\\":\\\"\\\"}\",\"version\":2,\"ordering\":0,\"metakey\":\"\",\"metadesc\":\"\",\"access\":1,\"hits\":0,\"metadata\":\"{\\\"robots\\\":\\\"\\\",\\\"author\\\":\\\"\\\",\\\"rights\\\":\\\"\\\"}\",\"featured\":\"0\",\"language\":\"*\",\"note\":\"\"}', 0),
(7, 'com_content.article.4', '', '2025-04-10 06:14:21', 91, 6852, '0210d02c7fd94615339c77ef0d60f9ebba183460', '{\"id\":4,\"asset_id\":109,\"title\":\"Grinding Disc\",\"alias\":\"grinding-disc\",\"introtext\":\"<section class=\\\"product-classification content-width\\\">\\r\\n<h3>We are always supporting you with best products.<\\/h3>\\r\\n<div class=\\\"am-g\\\">\\r\\n<div class=\\\"am-u-sm-12 am-u-md-6\\\">\\r\\n<div class=\\\"classification clearfix\\\">\\r\\n<div class=\\\"am-u-sm-12 am-u-md-5 \\\"><img src=\\\"\\/uploads\\/395\\/image\\/public\\/202310\\/20231012151106_piayp31apy.jpg\\\" alt=\\\"Clean And Strip Disc\\\" \\/><\\/div>\\r\\n<div class=\\\"am-u-sm-12 am-u-md-7\\\">\\r\\n<h4 class=\\\"title\\\">Clean And Strip Disc<\\/h4>\\r\\n<span class=\\\"introduce\\\"> Specialized abrasive tool engineered for efficient surface cleaning and paint stripping applications. Manufactured with a unique blend of synthetic materials, this disc excels in removing coatings, rust, and adhesives without damaging the substrate. <\\/span> <span class=\\\"elementor-button-text\\\" onclick=\\\"elementorButton()\\\">Get A Quote \\u2014&gt;<\\/span><\\/div>\\r\\n<\\/div>\\r\\n<\\/div>\\r\\n<div class=\\\"am-u-sm-12 am-u-md-6\\\">\\r\\n<div class=\\\"classification clearfix\\\">\\r\\n<div class=\\\"am-u-sm-12 am-u-md-5 \\\"><img src=\\\"\\/uploads\\/395\\/image\\/public\\/202310\\/20231012150739_le1jas6jd0.jpg\\\" alt=\\\"Metal Grinding Disc\\\" \\/><\\/div>\\r\\n<div class=\\\"am-u-sm-12 am-u-md-7\\\">\\r\\n<h4 class=\\\"title\\\">Metal Grinding Disc<\\/h4>\\r\\n<span class=\\\"introduce\\\"> State-of-the-art abrasive tool specifically engineered for high-performance metal grinding applications. Fabricated with top-grade abrasive grains, this disc provides an exceptional balance of fast material removal and long lifespan. <\\/span> <span class=\\\"elementor-button-text\\\" onclick=\\\"elementorButton()\\\">Get A Quote \\u2014&gt;<\\/span><\\/div>\\r\\n<\\/div>\\r\\n<\\/div>\\r\\n<div class=\\\"am-u-sm-12 am-u-md-6\\\">\\r\\n<div class=\\\"classification clearfix\\\">\\r\\n<div class=\\\"am-u-sm-12 am-u-md-5 \\\"><img src=\\\"\\/uploads\\/395\\/image\\/public\\/202310\\/20231012150834_w26l7re422.jpg\\\" alt=\\\"Flexible Grinding Wheel\\\" \\/><\\/div>\\r\\n<div class=\\\"am-u-sm-12 am-u-md-7\\\">\\r\\n<h4 class=\\\"title\\\">Flexible Grinding Wheel<\\/h4>\\r\\n<span class=\\\"introduce\\\"> Innovative abrasive tool designed to deliver high-quality grinding results across a wide array of materials and applications. Crafted with specialized flexible bonding, this wheel offers a unique blend of performance and adaptability. <\\/span> <span class=\\\"elementor-button-text\\\" onclick=\\\"elementorButton()\\\">Get A Quote \\u2014&gt;<\\/span><\\/div>\\r\\n<\\/div>\\r\\n<\\/div>\\r\\n<div class=\\\"am-u-sm-12 am-u-md-6\\\">\\r\\n<div class=\\\"classification clearfix\\\">\\r\\n<div class=\\\"am-u-sm-12 am-u-md-5 \\\"><img src=\\\"\\/uploads\\/395\\/image\\/public\\/202310\\/20231012150955_ef9jrc05h4.jpg\\\" alt=\\\"Grinding Disc\\\" \\/><\\/div>\\r\\n<div class=\\\"am-u-sm-12 am-u-md-7\\\">\\r\\n<h4 class=\\\"title\\\">Grinding Disc<\\/h4>\\r\\n<span class=\\\"introduce\\\"> Versatile and efficient abrasive tool designed for a broad range of grinding applications. Fabricated using premium-grade materials, this disc sets the standard for durability, performance, and cost-effectiveness. <\\/span> <span class=\\\"elementor-button-text\\\" onclick=\\\"elementorButton()\\\">Get A Quote \\u2014&gt;<\\/span><\\/div>\\r\\n<\\/div>\\r\\n<\\/div>\\r\\n<div class=\\\"am-u-sm-12 am-u-md-6\\\">\\r\\n<div class=\\\"classification clearfix\\\">\\r\\n<div class=\\\"am-u-sm-12 am-u-md-5 \\\"><img src=\\\"\\/uploads\\/395\\/image\\/public\\/202310\\/20231012110328_d01k0c8ydl.jpg\\\" alt=\\\"Depressed Center Grinding Wheel\\\" \\/><\\/div>\\r\\n<div class=\\\"am-u-sm-12 am-u-md-7\\\">\\r\\n<h4 class=\\\"title\\\">Depressed Center Grinding Wheel<\\/h4>\\r\\n<span class=\\\"introduce\\\"> Specialized abrasive tool designed for high-performance grinding and cutting tasks. Built with a unique depressed center shape, it offers added clearance and better control, particularly in hard-to-reach areas. <\\/span> <span class=\\\"elementor-button-text\\\" onclick=\\\"elementorButton()\\\">Get A Quote \\u2014&gt;<\\/span><\\/div>\\r\\n<\\/div>\\r\\n<\\/div>\\r\\n<div class=\\\"am-u-sm-12 am-u-md-6\\\">\\r\\n<div class=\\\"classification clearfix\\\">\\r\\n<div class=\\\"am-u-sm-12 am-u-md-5 \\\"><img src=\\\"\\/uploads\\/395\\/image\\/public\\/202310\\/20231012110942_1k9oyxo8dw.jpg\\\" alt=\\\"SG Ceramic Flexible Grinding Wheel\\\" \\/><\\/div>\\r\\n<div class=\\\"am-u-sm-12 am-u-md-7\\\">\\r\\n<h4 class=\\\"title\\\">SG Ceramic Flexible Grinding Wheel<\\/h4>\\r\\n<span class=\\\"introduce\\\"> Cutting-edge abrasive tool designed to excel in high-pressure grinding tasks. Utilizing proprietary SG ceramic grains, this wheel offers superior performance, adaptability, and a long operational life. <\\/span> <span class=\\\"elementor-button-text\\\" onclick=\\\"elementorButton()\\\">Get A Quote \\u2014&gt;<\\/span><\\/div>\\r\\n<\\/div>\\r\\n<\\/div>\\r\\n<div class=\\\"am-u-sm-12 am-u-md-6\\\">\\r\\n<div class=\\\"classification clearfix\\\">\\r\\n<div class=\\\"am-u-sm-12 am-u-md-5 \\\"><img src=\\\"\\/uploads\\/395\\/image\\/public\\/202310\\/20231012142450_a0v4ijnsia.jpg\\\" alt=\\\"Felt Polishing pads\\\" \\/><\\/div>\\r\\n<div class=\\\"am-u-sm-12 am-u-md-7\\\">\\r\\n<h4 class=\\\"title\\\">Felt Polishing pads<\\/h4>\\r\\n<span class=\\\"introduce\\\"> Premium solution specifically engineered for high-quality polishing and buffing applications. Made from top-grade felt material, this pad is designed to deliver a flawless finish on a variety of surfaces. <\\/span> <span class=\\\"elementor-button-text\\\" onclick=\\\"elementorButton()\\\">Get A Quote \\u2014&gt;<\\/span><\\/div>\\r\\n<\\/div>\\r\\n<\\/div>\\r\\n<\\/div>\\r\\n<\\/section>\",\"fulltext\":\"\",\"state\":\"1\",\"catid\":8,\"created\":\"2025-04-10 06:14:21\",\"created_by\":91,\"created_by_alias\":\"\",\"modified\":\"2025-04-10 06:14:21\",\"modified_by\":91,\"checked_out\":null,\"checked_out_time\":null,\"publish_up\":\"2025-04-10 06:14:21\",\"publish_down\":null,\"images\":\"{\\\"image_intro\\\":\\\"\\\",\\\"image_intro_alt\\\":\\\"\\\",\\\"float_intro\\\":\\\"\\\",\\\"image_intro_caption\\\":\\\"\\\",\\\"image_fulltext\\\":\\\"\\\",\\\"image_fulltext_alt\\\":\\\"\\\",\\\"float_fulltext\\\":\\\"\\\",\\\"image_fulltext_caption\\\":\\\"\\\"}\",\"urls\":\"{\\\"urla\\\":\\\"\\\",\\\"urlatext\\\":\\\"\\\",\\\"targeta\\\":\\\"\\\",\\\"urlb\\\":\\\"\\\",\\\"urlbtext\\\":\\\"\\\",\\\"targetb\\\":\\\"\\\",\\\"urlc\\\":\\\"\\\",\\\"urlctext\\\":\\\"\\\",\\\"targetc\\\":\\\"\\\"}\",\"attribs\":\"{\\\"article_layout\\\":\\\"\\\",\\\"show_title\\\":\\\"\\\",\\\"link_titles\\\":\\\"\\\",\\\"show_tags\\\":\\\"\\\",\\\"show_intro\\\":\\\"\\\",\\\"info_block_position\\\":\\\"\\\",\\\"info_block_show_title\\\":\\\"\\\",\\\"show_category\\\":\\\"\\\",\\\"link_category\\\":\\\"\\\",\\\"show_parent_category\\\":\\\"\\\",\\\"link_parent_category\\\":\\\"\\\",\\\"show_author\\\":\\\"\\\",\\\"link_author\\\":\\\"\\\",\\\"show_create_date\\\":\\\"\\\",\\\"show_modify_date\\\":\\\"\\\",\\\"show_publish_date\\\":\\\"\\\",\\\"show_item_navigation\\\":\\\"\\\",\\\"show_hits\\\":\\\"\\\",\\\"show_noauth\\\":\\\"\\\",\\\"urls_position\\\":\\\"\\\",\\\"alternative_readmore\\\":\\\"\\\",\\\"article_page_title\\\":\\\"\\\",\\\"show_publishing_options\\\":\\\"\\\",\\\"show_article_options\\\":\\\"\\\",\\\"show_urls_images_backend\\\":\\\"\\\",\\\"show_urls_images_frontend\\\":\\\"\\\"}\",\"version\":1,\"ordering\":null,\"metakey\":\"\",\"metadesc\":\"\",\"access\":1,\"hits\":0,\"metadata\":\"{\\\"robots\\\":\\\"\\\",\\\"author\\\":\\\"\\\",\\\"rights\\\":\\\"\\\"}\",\"featured\":\"0\",\"language\":\"*\",\"note\":\"\"}', 0),
(8, 'com_content.article.3', '', '2025-04-10 06:15:34', 91, 11069, '50b1f01af5c86ffd08738be9c86035e6d02969f0', '{\"id\":\"3\",\"asset_id\":108,\"title\":\"Flap Disc\",\"alias\":\"flap-disc\",\"introtext\":\"<section class=\\\"product-classification content-width\\\">\\r\\n<h3>We are always supporting you with best products.<\\/h3>\\r\\n<div class=\\\"am-g\\\">\\r\\n<div class=\\\"am-u-sm-12 am-u-md-6\\\">\\r\\n<div class=\\\"classification clearfix\\\">\\r\\n<div class=\\\"am-u-sm-12 am-u-md-5 \\\"><img src=\\\"\\/uploads\\/395\\/image\\/public\\/202310\\/20231012142604_egw30jkox8.jpg\\\" alt=\\\"Aluminium Oxide flap disc\\\" \\/><\\/div>\\r\\n<div class=\\\"am-u-sm-12 am-u-md-7\\\">\\r\\n<h4 class=\\\"title\\\">Aluminium Oxide flap disc<\\/h4>\\r\\n<span class=\\\"introduce\\\"> Benefits:<br \\/> High quality Aluminium Oxide cloth<br \\/> Excellent performance and efficiencies on stainless steel<br \\/> Fast stocking removal<br \\/> Durable backing plate<br \\/> Good flexibility <\\/span> <span class=\\\"elementor-button-text\\\" onclick=\\\"elementorButton()\\\">Get A Quote \\u2014&gt;<\\/span><\\/div>\\r\\n<\\/div>\\r\\n<\\/div>\\r\\n<div class=\\\"am-u-sm-12 am-u-md-6\\\">\\r\\n<div class=\\\"classification clearfix\\\">\\r\\n<div class=\\\"am-u-sm-12 am-u-md-5 \\\"><img src=\\\"\\/uploads\\/395\\/image\\/public\\/202310\\/20231012142516_57r7pota96.jpg\\\" alt=\\\"Ceramic Grain flap disc\\\" \\/><\\/div>\\r\\n<div class=\\\"am-u-sm-12 am-u-md-7\\\">\\r\\n<h4 class=\\\"title\\\">Ceramic Grain flap disc<\\/h4>\\r\\n<span class=\\\"introduce\\\"> Benefits:<br \\/> Wear resistance<br \\/> High stock removal<br \\/> Extra-long service life<br \\/> Excellent self-sharpening<br \\/> Good heat dissipation and no damage to the workpiece <\\/span> <span class=\\\"elementor-button-text\\\" onclick=\\\"elementorButton()\\\">Get A Quote \\u2014&gt;<\\/span><\\/div>\\r\\n<\\/div>\\r\\n<\\/div>\\r\\n<div class=\\\"am-u-sm-12 am-u-md-6\\\">\\r\\n<div class=\\\"classification clearfix\\\">\\r\\n<div class=\\\"am-u-sm-12 am-u-md-5 \\\"><img src=\\\"\\/uploads\\/395\\/image\\/public\\/202310\\/20231012142548_a3rikvxu1m.jpg\\\" alt=\\\"Calcined Aluminium Oxide Flap Disc\\\" \\/><\\/div>\\r\\n<div class=\\\"am-u-sm-12 am-u-md-7\\\">\\r\\n<h4 class=\\\"title\\\">Calcined Aluminium Oxide Flap Disc<\\/h4>\\r\\n<span class=\\\"introduce\\\"> Benefits:<br \\/> After calcination, better strength and heat-resistant<br \\/> Long service time<br \\/> Sharper grinding ability<br \\/> Suitable for heavy load grinding<br \\/> Good heat dispersion <\\/span> <span class=\\\"elementor-button-text\\\" onclick=\\\"elementorButton()\\\">Get A Quote \\u2014&gt;<\\/span><\\/div>\\r\\n<\\/div>\\r\\n<\\/div>\\r\\n<div class=\\\"am-u-sm-12 am-u-md-6\\\">\\r\\n<div class=\\\"classification clearfix\\\">\\r\\n<div class=\\\"am-u-sm-12 am-u-md-5 \\\"><img src=\\\"\\/uploads\\/395\\/image\\/public\\/202310\\/20231012142617_ek2yngvp2r.jpg\\\" alt=\\\"Zirconia Aluminium Flap Disc\\\" \\/><\\/div>\\r\\n<div class=\\\"am-u-sm-12 am-u-md-7\\\">\\r\\n<h4 class=\\\"title\\\">Zirconia Aluminium Flap Disc<\\/h4>\\r\\n<span class=\\\"introduce\\\"> Benefits:<br \\/> High-quality Zirconia Alumina cloth<br \\/> Durable backing plate<br \\/> High tensile and bending strength<br \\/> Good grinding effect<br \\/> Low noise and no clogging during grinding<br \\/> <\\/span> <span class=\\\"elementor-button-text\\\" onclick=\\\"elementorButton()\\\">Get A Quote \\u2014&gt;<\\/span><\\/div>\\r\\n<\\/div>\\r\\n<\\/div>\\r\\n<div class=\\\"am-u-sm-12 am-u-md-6\\\">\\r\\n<div class=\\\"classification clearfix\\\">\\r\\n<div class=\\\"am-u-sm-12 am-u-md-5 \\\"><img src=\\\"\\/uploads\\/395\\/image\\/public\\/202403\\/20240313144105_er4e24qx4h.jpg\\\" alt=\\\"Diamond Flap Disc\\\" \\/><\\/div>\\r\\n<div class=\\\"am-u-sm-12 am-u-md-7\\\">\\r\\n<h4 class=\\\"title\\\">Diamond Flap Disc<\\/h4>\\r\\n<span class=\\\"introduce\\\"> Benefits:<br \\/> High hardness and wear resistance<br \\/> Efficient cutting and grinding<br \\/> Good thermal stability<br \\/> Wide range of application<br \\/> <\\/span> <span class=\\\"elementor-button-text\\\" onclick=\\\"elementorButton()\\\">Get A Quote \\u2014&gt;<\\/span><\\/div>\\r\\n<\\/div>\\r\\n<\\/div>\\r\\n<div class=\\\"am-u-sm-12 am-u-md-6\\\">\\r\\n<div class=\\\"classification clearfix\\\">\\r\\n<div class=\\\"am-u-sm-12 am-u-md-5 \\\"><img src=\\\"\\/uploads\\/395\\/image\\/public\\/202310\\/20231012145733_ff51en453r.jpg\\\" alt=\\\"Double Leaves Flap Disc\\\" \\/><\\/div>\\r\\n<div class=\\\"am-u-sm-12 am-u-md-7\\\">\\r\\n<h4 class=\\\"title\\\">Double Leaves Flap Disc<\\/h4>\\r\\n<span class=\\\"introduce\\\"> Benefits:<br \\/> Improve work efficiency<br \\/> Good heat dissipation performance<br \\/> Low noise and vibration<br \\/> High wear resistance and strength<br \\/> <\\/span> <span class=\\\"elementor-button-text\\\" onclick=\\\"elementorButton()\\\">Get A Quote \\u2014&gt;<\\/span><\\/div>\\r\\n<\\/div>\\r\\n<\\/div>\\r\\n<div class=\\\"am-u-sm-12 am-u-md-6\\\">\\r\\n<div class=\\\"classification clearfix\\\">\\r\\n<div class=\\\"am-u-sm-12 am-u-md-5 \\\"><img src=\\\"\\/uploads\\/395\\/image\\/public\\/202310\\/20231012100347_mphyj4p3hn.jpg\\\" alt=\\\"Mini Flap Disc\\\" \\/><\\/div>\\r\\n<div class=\\\"am-u-sm-12 am-u-md-7\\\">\\r\\n<h4 class=\\\"title\\\">Mini Flap Disc<\\/h4>\\r\\n<span class=\\\"introduce\\\"> Benefits:<br \\/> Small and flexible<br \\/> Easy to control<br \\/> Strong adaptability<br \\/> Multiple functions<br \\/> <\\/span> <span class=\\\"elementor-button-text\\\" onclick=\\\"elementorButton()\\\">Get A Quote \\u2014&gt;<\\/span><\\/div>\\r\\n<\\/div>\\r\\n<\\/div>\\r\\n<div class=\\\"am-u-sm-12 am-u-md-6\\\">\\r\\n<div class=\\\"classification clearfix\\\">\\r\\n<div class=\\\"am-u-sm-12 am-u-md-5 \\\"><img src=\\\"\\/uploads\\/395\\/image\\/public\\/202310\\/20231012093308_8hs3y9m1lu.jpg\\\" alt=\\\"Vertical flap disc\\\" \\/><\\/div>\\r\\n<div class=\\\"am-u-sm-12 am-u-md-7\\\">\\r\\n<h4 class=\\\"title\\\">Vertical flap disc<\\/h4>\\r\\n<span class=\\\"introduce\\\"> Benefits:<br \\/> High security<br \\/> High durability and long life<br \\/> Excellent grinding results<br \\/> Easy to install and use<br \\/> <\\/span> <span class=\\\"elementor-button-text\\\" onclick=\\\"elementorButton()\\\">Get A Quote \\u2014&gt;<\\/span><\\/div>\\r\\n<\\/div>\\r\\n<\\/div>\\r\\n<div class=\\\"am-u-sm-12 am-u-md-6\\\">\\r\\n<div class=\\\"classification clearfix\\\">\\r\\n<div class=\\\"am-u-sm-12 am-u-md-5 \\\"><img src=\\\"\\/uploads\\/395\\/image\\/public\\/202310\\/20231012142347_icx3mahax7.jpg\\\" alt=\\\"Felt Disc\\\" \\/><\\/div>\\r\\n<div class=\\\"am-u-sm-12 am-u-md-7\\\">\\r\\n<h4 class=\\\"title\\\">Felt Disc<\\/h4>\\r\\n<span class=\\\"introduce\\\"> Benefits:<br \\/> High safety performance<br \\/> Easy to operate and clean<br \\/> Excellent polishing effect<br \\/> Strong adaptability<br \\/> <\\/span> <span class=\\\"elementor-button-text\\\" onclick=\\\"elementorButton()\\\">Get A Quote \\u2014&gt;<\\/span><\\/div>\\r\\n<\\/div>\\r\\n<\\/div>\\r\\n<div class=\\\"am-u-sm-12 am-u-md-6\\\">\\r\\n<div class=\\\"classification clearfix\\\">\\r\\n<div class=\\\"am-u-sm-12 am-u-md-5 \\\"><img src=\\\"\\/uploads\\/395\\/image\\/public\\/202310\\/20231012142402_e3lpjqxn6t.jpg\\\" alt=\\\"Zirconia Radial Flap Disc\\\" \\/><\\/div>\\r\\n<div class=\\\"am-u-sm-12 am-u-md-7\\\">\\r\\n<h4 class=\\\"title\\\">Zirconia Radial Flap Disc<\\/h4>\\r\\n<span class=\\\"introduce\\\"> Benefits:<br \\/> Long life and stability<br \\/> High efficiency and quality<br \\/> Good heat dissipation performance<br \\/> Wide range of application<br \\/> <\\/span> <span class=\\\"elementor-button-text\\\" onclick=\\\"elementorButton()\\\">Get A Quote \\u2014&gt;<\\/span><\\/div>\\r\\n<\\/div>\\r\\n<\\/div>\\r\\n<div class=\\\"am-u-sm-12 am-u-md-6\\\">\\r\\n<div class=\\\"classification clearfix\\\">\\r\\n<div class=\\\"am-u-sm-12 am-u-md-5 \\\"><img src=\\\"\\/uploads\\/395\\/image\\/public\\/202310\\/20231012142420_sarj61430m.jpg\\\" alt=\\\"Flower Flap Discs\\\" \\/><\\/div>\\r\\n<div class=\\\"am-u-sm-12 am-u-md-7\\\">\\r\\n<h4 class=\\\"title\\\">Flower Flap Discs<\\/h4>\\r\\n<span class=\\\"introduce\\\"> Benefits:<br \\/> Long life and durability<br \\/> Good heat dissipation performance<br \\/> Wide applicability<br \\/> Efficient grinding and polishing<br \\/> <\\/span> <span class=\\\"elementor-button-text\\\" onclick=\\\"elementorButton()\\\">Get A Quote \\u2014&gt;<\\/span><\\/div>\\r\\n<\\/div>\\r\\n<\\/div>\\r\\n<div class=\\\"am-u-sm-12 am-u-md-6\\\">\\r\\n<div class=\\\"classification clearfix\\\">\\r\\n<div class=\\\"am-u-sm-12 am-u-md-5 \\\"><img src=\\\"\\/uploads\\/395\\/image\\/public\\/202310\\/20231012142436_t12lfi824e.jpg\\\" alt=\\\"Combined Flap Discs\\\" \\/><\\/div>\\r\\n<div class=\\\"am-u-sm-12 am-u-md-7\\\">\\r\\n<h4 class=\\\"title\\\">Combined Flap Discs<\\/h4>\\r\\n<span class=\\\"introduce\\\"> Benefits:<br \\/> High efficiency<br \\/> Versatility<br \\/> Easy to operate<br \\/> Cost effective<br \\/> <\\/span> <span class=\\\"elementor-button-text\\\" onclick=\\\"elementorButton()\\\">Get A Quote \\u2014&gt;<\\/span><\\/div>\\r\\n<\\/div>\\r\\n<\\/div>\\r\\n<div class=\\\"am-u-sm-12 am-u-md-6\\\">\\r\\n<div class=\\\"classification clearfix\\\">\\r\\n<div class=\\\"am-u-sm-12 am-u-md-5 \\\"><img src=\\\"\\/uploads\\/395\\/image\\/public\\/202310\\/20231012142503_5i7b2y8kwt.jpg\\\" alt=\\\"Non Woven Flap Disc\\\" \\/><\\/div>\\r\\n<div class=\\\"am-u-sm-12 am-u-md-7\\\">\\r\\n<h4 class=\\\"title\\\">Non Woven Flap Disc<\\/h4>\\r\\n<span class=\\\"introduce\\\"> Benefits:<br \\/> Low noise and vibration<br \\/> Good wear resistance and durability<br \\/> Excellent surface finish<br \\/> Wide range of applications<br \\/> Easy to install and use<br \\/> <\\/span> <span class=\\\"elementor-button-text\\\" onclick=\\\"elementorButton()\\\">Get A Quote \\u2014&gt;<\\/span><\\/div>\\r\\n<\\/div>\\r\\n<\\/div>\\r\\n<div class=\\\"am-u-sm-12 am-u-md-6\\\">\\r\\n<div class=\\\"classification clearfix\\\">\\r\\n<div class=\\\"am-u-sm-12 am-u-md-5 \\\"><img src=\\\"\\/uploads\\/395\\/image\\/public\\/202310\\/20231012142535_2au64m0b0w.jpg\\\" alt=\\\"Radial Flap Discs\\\" \\/><\\/div>\\r\\n<div class=\\\"am-u-sm-12 am-u-md-7\\\">\\r\\n<h4 class=\\\"title\\\">Radial Flap Discs<\\/h4>\\r\\n<span class=\\\"introduce\\\"> Benefits:<br \\/> Wide range of applications<br \\/> Excellent heat dissipation performance<br \\/> High grinding performance<br \\/> Strong adaptability<br \\/> <\\/span> <span class=\\\"elementor-button-text\\\" onclick=\\\"elementorButton()\\\">Get A Quote \\u2014&gt;<\\/span><\\/div>\\r\\n<\\/div>\\r\\n<\\/div>\\r\\n<\\/div>\\r\\n<\\/section>\",\"fulltext\":\"\",\"state\":\"1\",\"catid\":8,\"created\":\"2025-04-10 06:12:03\",\"created_by\":\"91\",\"created_by_alias\":\"\",\"modified\":\"2025-04-10 06:15:34\",\"modified_by\":91,\"checked_out\":91,\"checked_out_time\":\"2025-04-10 06:14:29\",\"publish_up\":\"2025-04-10 06:12:03\",\"publish_down\":null,\"images\":\"{\\\"image_intro\\\":\\\"\\\",\\\"image_intro_alt\\\":\\\"\\\",\\\"float_intro\\\":\\\"\\\",\\\"image_intro_caption\\\":\\\"\\\",\\\"image_fulltext\\\":\\\"\\\",\\\"image_fulltext_alt\\\":\\\"\\\",\\\"float_fulltext\\\":\\\"\\\",\\\"image_fulltext_caption\\\":\\\"\\\"}\",\"urls\":\"{\\\"urla\\\":\\\"\\\",\\\"urlatext\\\":\\\"\\\",\\\"targeta\\\":\\\"\\\",\\\"urlb\\\":\\\"\\\",\\\"urlbtext\\\":\\\"\\\",\\\"targetb\\\":\\\"\\\",\\\"urlc\\\":\\\"\\\",\\\"urlctext\\\":\\\"\\\",\\\"targetc\\\":\\\"\\\"}\",\"attribs\":\"{\\\"article_layout\\\":\\\"\\\",\\\"show_title\\\":\\\"\\\",\\\"link_titles\\\":\\\"\\\",\\\"show_tags\\\":\\\"\\\",\\\"show_intro\\\":\\\"\\\",\\\"info_block_position\\\":\\\"\\\",\\\"info_block_show_title\\\":\\\"\\\",\\\"show_category\\\":\\\"\\\",\\\"link_category\\\":\\\"\\\",\\\"show_parent_category\\\":\\\"\\\",\\\"link_parent_category\\\":\\\"\\\",\\\"show_author\\\":\\\"\\\",\\\"link_author\\\":\\\"\\\",\\\"show_create_date\\\":\\\"\\\",\\\"show_modify_date\\\":\\\"\\\",\\\"show_publish_date\\\":\\\"\\\",\\\"show_item_navigation\\\":\\\"\\\",\\\"show_hits\\\":\\\"\\\",\\\"show_noauth\\\":\\\"\\\",\\\"urls_position\\\":\\\"\\\",\\\"alternative_readmore\\\":\\\"\\\",\\\"article_page_title\\\":\\\"\\\",\\\"show_publishing_options\\\":\\\"\\\",\\\"show_article_options\\\":\\\"\\\",\\\"show_urls_images_backend\\\":\\\"\\\",\\\"show_urls_images_frontend\\\":\\\"\\\"}\",\"version\":2,\"ordering\":2,\"metakey\":\"\",\"metadesc\":\"\",\"access\":1,\"hits\":0,\"metadata\":\"{\\\"robots\\\":\\\"\\\",\\\"author\\\":\\\"\\\",\\\"rights\\\":\\\"\\\"}\",\"featured\":\"0\",\"language\":\"*\",\"note\":\"\"}', 0),
(9, 'com_content.article.2', '', '2025-04-10 06:15:57', 91, 3280, '335a111f7a9e9f5928a1335e0dea3a91c9d77fe1', '{\"id\":\"2\",\"asset_id\":107,\"title\":\"Fiber Glass Backing Plate\",\"alias\":\"fiber-glass-backing-plate\",\"introtext\":\"<section class=\\\"product-classification content-width\\\">\\r\\n<h3>We are always supporting you with best products.<\\/h3>\\r\\n<div class=\\\"am-g\\\">\\r\\n<div class=\\\"am-u-sm-12 am-u-md-6\\\">\\r\\n<div class=\\\"classification clearfix\\\">\\r\\n<div class=\\\"am-u-sm-12 am-u-md-5 \\\"><img src=\\\"\\/uploads\\/395\\/image\\/public\\/202310\\/20231012103756_qx0pihg45y.jpg\\\" alt=\\\"T41 fiberglass backing plate\\\" \\/><\\/div>\\r\\n<div class=\\\"am-u-sm-12 am-u-md-7\\\">\\r\\n<h4 class=\\\"title\\\">T41 fiberglass backing plate<\\/h4>\\r\\n<span class=\\\"introduce\\\"> Essential component designed to support and stabilize abrasive wheels in grinding and cutting operations. Made from high-quality fiberglass material, this backing plate ensures durability, stability, and enhanced performance. <\\/span> <span class=\\\"elementor-button-text\\\" onclick=\\\"elementorButton()\\\">Get A Quote \\u2014&gt;<\\/span><\\/div>\\r\\n<\\/div>\\r\\n<\\/div>\\r\\n<div class=\\\"am-u-sm-12 am-u-md-6\\\">\\r\\n<div class=\\\"classification clearfix\\\">\\r\\n<div class=\\\"am-u-sm-12 am-u-md-5 \\\"><img src=\\\"\\/uploads\\/395\\/image\\/public\\/202310\\/20231012104045_rie2a3mqih.jpg\\\" alt=\\\"X-LOCK Fiberglass Backing Pad\\\" \\/><\\/div>\\r\\n<div class=\\\"am-u-sm-12 am-u-md-7\\\">\\r\\n<h4 class=\\\"title\\\">X-LOCK Fiberglass Backing Pad<\\/h4>\\r\\n<span class=\\\"introduce\\\"> It elevate the performance and safety of your grinding and cutting operations. Engineered with the revolutionary X-LOCK mechanism, this backing pad offers quick and secure tool changes without the need for additional hardware. <\\/span> <span class=\\\"elementor-button-text\\\" onclick=\\\"elementorButton()\\\">Get A Quote \\u2014&gt;<\\/span><\\/div>\\r\\n<\\/div>\\r\\n<\\/div>\\r\\n<\\/div>\\r\\n<\\/section>\",\"fulltext\":\"\",\"state\":\"1\",\"catid\":8,\"created\":\"2025-04-10 06:11:21\",\"created_by\":\"91\",\"created_by_alias\":\"\",\"modified\":\"2025-04-10 06:15:57\",\"modified_by\":91,\"checked_out\":91,\"checked_out_time\":\"2025-04-10 06:15:36\",\"publish_up\":\"2025-04-10 06:11:21\",\"publish_down\":null,\"images\":\"{\\\"image_intro\\\":\\\"\\\",\\\"image_intro_alt\\\":\\\"\\\",\\\"float_intro\\\":\\\"\\\",\\\"image_intro_caption\\\":\\\"\\\",\\\"image_fulltext\\\":\\\"\\\",\\\"image_fulltext_alt\\\":\\\"\\\",\\\"float_fulltext\\\":\\\"\\\",\\\"image_fulltext_caption\\\":\\\"\\\"}\",\"urls\":\"{\\\"urla\\\":\\\"\\\",\\\"urlatext\\\":\\\"\\\",\\\"targeta\\\":\\\"\\\",\\\"urlb\\\":\\\"\\\",\\\"urlbtext\\\":\\\"\\\",\\\"targetb\\\":\\\"\\\",\\\"urlc\\\":\\\"\\\",\\\"urlctext\\\":\\\"\\\",\\\"targetc\\\":\\\"\\\"}\",\"attribs\":\"{\\\"article_layout\\\":\\\"\\\",\\\"show_title\\\":\\\"\\\",\\\"link_titles\\\":\\\"\\\",\\\"show_tags\\\":\\\"\\\",\\\"show_intro\\\":\\\"\\\",\\\"info_block_position\\\":\\\"\\\",\\\"info_block_show_title\\\":\\\"\\\",\\\"show_category\\\":\\\"\\\",\\\"link_category\\\":\\\"\\\",\\\"show_parent_category\\\":\\\"\\\",\\\"link_parent_category\\\":\\\"\\\",\\\"show_author\\\":\\\"\\\",\\\"link_author\\\":\\\"\\\",\\\"show_create_date\\\":\\\"\\\",\\\"show_modify_date\\\":\\\"\\\",\\\"show_publish_date\\\":\\\"\\\",\\\"show_item_navigation\\\":\\\"\\\",\\\"show_hits\\\":\\\"\\\",\\\"show_noauth\\\":\\\"\\\",\\\"urls_position\\\":\\\"\\\",\\\"alternative_readmore\\\":\\\"\\\",\\\"article_page_title\\\":\\\"\\\",\\\"show_publishing_options\\\":\\\"\\\",\\\"show_article_options\\\":\\\"\\\",\\\"show_urls_images_backend\\\":\\\"\\\",\\\"show_urls_images_frontend\\\":\\\"\\\"}\",\"version\":3,\"ordering\":1,\"metakey\":\"\",\"metadesc\":\"\",\"access\":1,\"hits\":0,\"metadata\":\"{\\\"robots\\\":\\\"\\\",\\\"author\\\":\\\"\\\",\\\"rights\\\":\\\"\\\"}\",\"featured\":\"0\",\"language\":\"*\",\"note\":\"\"}', 0),
(10, 'com_content.article.5', '', '2025-04-10 06:17:33', 91, 6211, '54f6150a2c2161cbc0f6680b9a8835dd06eb9c79', '{\"id\":5,\"asset_id\":110,\"title\":\"Sanding Belt\",\"alias\":\"sanding-belt\",\"introtext\":\"<section class=\\\"product-classification content-width\\\">\\r\\n<h3>We are always supporting you with best products.<\\/h3>\\r\\n<div class=\\\"am-g\\\">\\r\\n<div class=\\\"am-u-sm-12 am-u-md-6\\\">\\r\\n<div class=\\\"classification clearfix\\\">\\r\\n<div class=\\\"am-u-sm-12 am-u-md-5 \\\"><img src=\\\"\\/uploads\\/395\\/image\\/public\\/202310\\/20231012111335_iu1q02x7g9.jpg\\\" alt=\\\"Alumina Oxide Abrasive Belt\\\" \\/><\\/div>\\r\\n<div class=\\\"am-u-sm-12 am-u-md-7\\\">\\r\\n<h4 class=\\\"title\\\">Alumina Oxide Abrasive Belt<\\/h4>\\r\\n<span class=\\\"introduce\\\"> High-performance grinding and finishing solution tailored for a multitude of industrial applications. Made with premium alumina oxide grains, this belt offers a superior balance of speed, consistency, and durability. <\\/span> <span class=\\\"elementor-button-text\\\" onclick=\\\"elementorButton()\\\">Get A Quote \\u2014&gt;<\\/span><\\/div>\\r\\n<\\/div>\\r\\n<\\/div>\\r\\n<div class=\\\"am-u-sm-12 am-u-md-6\\\">\\r\\n<div class=\\\"classification clearfix\\\">\\r\\n<div class=\\\"am-u-sm-12 am-u-md-5 \\\"><img src=\\\"\\/uploads\\/395\\/image\\/public\\/202310\\/20231012151539_98k3jvfnp8.jpg\\\" alt=\\\"Ceramic Grain Abrasive Belt\\\" \\/><\\/div>\\r\\n<div class=\\\"am-u-sm-12 am-u-md-7\\\">\\r\\n<h4 class=\\\"title\\\">Ceramic Grain Abrasive Belt<\\/h4>\\r\\n<span class=\\\"introduce\\\"> Top-tier abrasive solution specifically designed for the most demanding grinding and finishing tasks. Infused with high-quality ceramic grains, this belt offers unparalleled speed, longevity, and efficiency. <\\/span> <span class=\\\"elementor-button-text\\\" onclick=\\\"elementorButton()\\\">Get A Quote \\u2014&gt;<\\/span><\\/div>\\r\\n<\\/div>\\r\\n<\\/div>\\r\\n<div class=\\\"am-u-sm-12 am-u-md-6\\\">\\r\\n<div class=\\\"classification clearfix\\\">\\r\\n<div class=\\\"am-u-sm-12 am-u-md-5 \\\"><img src=\\\"\\/uploads\\/395\\/image\\/public\\/202310\\/20231012151625_qyrrjbm3py.jpg\\\" alt=\\\"Zirconia Alumina Abrasive Belt\\\" \\/><\\/div>\\r\\n<div class=\\\"am-u-sm-12 am-u-md-7\\\">\\r\\n<h4 class=\\\"title\\\">Zirconia Alumina Abrasive Belt<\\/h4>\\r\\n<span class=\\\"introduce\\\"> Industry-leading abrasive solution tailored for high-performance grinding and surface finishing. Manufactured with premium Zirconia Alumina grains, this belt offers an exceptional balance of speed, durability, and consistent performance. <\\/span> <span class=\\\"elementor-button-text\\\" onclick=\\\"elementorButton()\\\">Get A Quote \\u2014&gt;<\\/span><\\/div>\\r\\n<\\/div>\\r\\n<\\/div>\\r\\n<div class=\\\"am-u-sm-12 am-u-md-6\\\">\\r\\n<div class=\\\"classification clearfix\\\">\\r\\n<div class=\\\"am-u-sm-12 am-u-md-5 \\\"><img src=\\\"\\/uploads\\/395\\/image\\/public\\/202310\\/20231012151713_iidkgglii2.jpg\\\" alt=\\\"Silicon Carbide Abrasive Belt\\\" \\/><\\/div>\\r\\n<div class=\\\"am-u-sm-12 am-u-md-7\\\">\\r\\n<h4 class=\\\"title\\\">Silicon Carbide Abrasive Belt<\\/h4>\\r\\n<span class=\\\"introduce\\\"> Silicon Carbide Abrasive Belt, a high-efficiency abrasive tool specially engineered for intricate grinding and finishing tasks. Made with premium silicon carbide grains, this belt delivers superb performance, especially on hard and brittle materials. <\\/span> <span class=\\\"elementor-button-text\\\" onclick=\\\"elementorButton()\\\">Get A Quote \\u2014&gt;<\\/span><\\/div>\\r\\n<\\/div>\\r\\n<\\/div>\\r\\n<div class=\\\"am-u-sm-12 am-u-md-6\\\">\\r\\n<div class=\\\"classification clearfix\\\">\\r\\n<div class=\\\"am-u-sm-12 am-u-md-5 \\\"><img src=\\\"\\/uploads\\/395\\/image\\/public\\/202310\\/20231012151809_16rgdydady.jpg\\\" alt=\\\"Compact Abrasive Belt\\\" \\/><\\/div>\\r\\n<div class=\\\"am-u-sm-12 am-u-md-7\\\">\\r\\n<h4 class=\\\"title\\\">Compact Abrasive Belt<\\/h4>\\r\\n<span class=\\\"introduce\\\"> Versatile and efficient grinding solution designed for confined and precision-based industrial tasks. Created with high-quality abrasive grains, this compact belt offers unmatched performance in small-scale applications. <\\/span> <span class=\\\"elementor-button-text\\\" onclick=\\\"elementorButton()\\\">Get A Quote \\u2014&gt;<\\/span><\\/div>\\r\\n<\\/div>\\r\\n<\\/div>\\r\\n<div class=\\\"am-u-sm-12 am-u-md-6\\\">\\r\\n<div class=\\\"classification clearfix\\\">\\r\\n<div class=\\\"am-u-sm-12 am-u-md-5 \\\"><img src=\\\"\\/uploads\\/395\\/image\\/public\\/202310\\/20231012151851_ly6d47m8bx.jpg\\\" alt=\\\"Non-woven Abrasive Belt\\\" \\/><\\/div>\\r\\n<div class=\\\"am-u-sm-12 am-u-md-7\\\">\\r\\n<h4 class=\\\"title\\\">Non-woven Abrasive Belt<\\/h4>\\r\\n<span class=\\\"introduce\\\"> Unique abrasive solution designed for specialized surface finishing and conditioning tasks. Made from high-quality non-woven synthetic fibers, this belt offers a gentle yet effective abrasive action, ideal for delicate materials and finishes. <\\/span> <span class=\\\"elementor-button-text\\\" onclick=\\\"elementorButton()\\\">Get A Quote \\u2014&gt;<\\/span><\\/div>\\r\\n<\\/div>\\r\\n<\\/div>\\r\\n<\\/div>\\r\\n<\\/section>\",\"fulltext\":\"\",\"state\":\"1\",\"catid\":8,\"created\":\"2025-04-10 06:17:33\",\"created_by\":91,\"created_by_alias\":\"\",\"modified\":\"2025-04-10 06:17:33\",\"modified_by\":91,\"checked_out\":null,\"checked_out_time\":null,\"publish_up\":\"2025-04-10 06:17:33\",\"publish_down\":null,\"images\":\"{\\\"image_intro\\\":\\\"\\\",\\\"image_intro_alt\\\":\\\"\\\",\\\"float_intro\\\":\\\"\\\",\\\"image_intro_caption\\\":\\\"\\\",\\\"image_fulltext\\\":\\\"\\\",\\\"image_fulltext_alt\\\":\\\"\\\",\\\"float_fulltext\\\":\\\"\\\",\\\"image_fulltext_caption\\\":\\\"\\\"}\",\"urls\":\"{\\\"urla\\\":\\\"\\\",\\\"urlatext\\\":\\\"\\\",\\\"targeta\\\":\\\"\\\",\\\"urlb\\\":\\\"\\\",\\\"urlbtext\\\":\\\"\\\",\\\"targetb\\\":\\\"\\\",\\\"urlc\\\":\\\"\\\",\\\"urlctext\\\":\\\"\\\",\\\"targetc\\\":\\\"\\\"}\",\"attribs\":\"{\\\"article_layout\\\":\\\"\\\",\\\"show_title\\\":\\\"\\\",\\\"link_titles\\\":\\\"\\\",\\\"show_tags\\\":\\\"\\\",\\\"show_intro\\\":\\\"\\\",\\\"info_block_position\\\":\\\"\\\",\\\"info_block_show_title\\\":\\\"\\\",\\\"show_category\\\":\\\"\\\",\\\"link_category\\\":\\\"\\\",\\\"show_parent_category\\\":\\\"\\\",\\\"link_parent_category\\\":\\\"\\\",\\\"show_author\\\":\\\"\\\",\\\"link_author\\\":\\\"\\\",\\\"show_create_date\\\":\\\"\\\",\\\"show_modify_date\\\":\\\"\\\",\\\"show_publish_date\\\":\\\"\\\",\\\"show_item_navigation\\\":\\\"\\\",\\\"show_hits\\\":\\\"\\\",\\\"show_noauth\\\":\\\"\\\",\\\"urls_position\\\":\\\"\\\",\\\"alternative_readmore\\\":\\\"\\\",\\\"article_page_title\\\":\\\"\\\",\\\"show_publishing_options\\\":\\\"\\\",\\\"show_article_options\\\":\\\"\\\",\\\"show_urls_images_backend\\\":\\\"\\\",\\\"show_urls_images_frontend\\\":\\\"\\\"}\",\"version\":1,\"ordering\":null,\"metakey\":\"\",\"metadesc\":\"\",\"access\":1,\"hits\":0,\"metadata\":\"{\\\"robots\\\":\\\"\\\",\\\"author\\\":\\\"\\\",\\\"rights\\\":\\\"\\\"}\",\"featured\":\"0\",\"language\":\"*\",\"note\":\"\"}', 0);
INSERT INTO `joom5_history` (`version_id`, `item_id`, `version_note`, `save_date`, `editor_user_id`, `character_count`, `sha1_hash`, `version_data`, `keep_forever`) VALUES
(11, 'com_content.article.6', '', '2025-04-10 06:18:50', 91, 7573, 'c4b5d2b8d17e6526c1a386365718288f80b4ffc4', '{\"id\":6,\"asset_id\":111,\"title\":\"Flap Wheel\",\"alias\":\"flap-wheel\",\"introtext\":\"<section class=\\\"product-classification content-width\\\">\\r\\n<h3>We are always supporting you with best products.<\\/h3>\\r\\n<div class=\\\"am-g\\\">\\r\\n<div class=\\\"am-u-sm-12 am-u-md-6\\\">\\r\\n<div class=\\\"classification clearfix\\\">\\r\\n<div class=\\\"am-u-sm-12 am-u-md-5 \\\"><img src=\\\"\\/uploads\\/395\\/image\\/public\\/202310\\/20231012152854_9rd054ja1q.jpg\\\" alt=\\\"Zirconia Alumina Flap Wheel  \\\" \\/><\\/div>\\r\\n<div class=\\\"am-u-sm-12 am-u-md-7\\\">\\r\\n<h4 class=\\\"title\\\">Zirconia Alumina Flap Wheel<\\/h4>\\r\\n<span class=\\\"introduce\\\"> High-end abrasive tool tailored for heavy-duty grinding and finishing tasks. Utilizing superior Zirconia Alumina grains, this flap wheel offers an outstanding balance of speed, durability, and consistent performance. <\\/span> <span class=\\\"elementor-button-text\\\" onclick=\\\"elementorButton()\\\">Get A Quote \\u2014&gt;<\\/span><\\/div>\\r\\n<\\/div>\\r\\n<\\/div>\\r\\n<div class=\\\"am-u-sm-12 am-u-md-6\\\">\\r\\n<div class=\\\"classification clearfix\\\">\\r\\n<div class=\\\"am-u-sm-12 am-u-md-5 \\\"><img src=\\\"\\/uploads\\/395\\/image\\/public\\/202310\\/20231012152523_ecxidp1b5t.jpg\\\" alt=\\\"Aluminium Oxide Flap Wheel\\\" \\/><\\/div>\\r\\n<div class=\\\"am-u-sm-12 am-u-md-7\\\">\\r\\n<h4 class=\\\"title\\\">Aluminium Oxide Flap Wheel<\\/h4>\\r\\n<span class=\\\"introduce\\\"> Premium abrasive tool specifically designed for intricate grinding, finishing, and polishing applications. Fabricated with high-grade aluminium oxide, this flap wheel offers a blend of durability, efficiency, and precision. <\\/span> <span class=\\\"elementor-button-text\\\" onclick=\\\"elementorButton()\\\">Get A Quote \\u2014&gt;<\\/span><\\/div>\\r\\n<\\/div>\\r\\n<\\/div>\\r\\n<div class=\\\"am-u-sm-12 am-u-md-6\\\">\\r\\n<div class=\\\"classification clearfix\\\">\\r\\n<div class=\\\"am-u-sm-12 am-u-md-5 \\\"><img src=\\\"\\/uploads\\/395\\/image\\/public\\/202310\\/20231012152616_3a5adqtc54.jpg\\\" alt=\\\"Abrasive Wire Flap Wheel\\\" \\/><\\/div>\\r\\n<div class=\\\"am-u-sm-12 am-u-md-7\\\">\\r\\n<h4 class=\\\"title\\\">Abrasive Wire Flap Wheel<\\/h4>\\r\\n<span class=\\\"introduce\\\"> Specialized abrasive tool engineered for unique finishing and deburring applications. Constructed with abrasive-infused wire bristles, this flap wheel excels in tasks requiring fine detail and intricate work. <\\/span> <span class=\\\"elementor-button-text\\\" onclick=\\\"elementorButton()\\\">Get A Quote \\u2014&gt;<\\/span><\\/div>\\r\\n<\\/div>\\r\\n<\\/div>\\r\\n<div class=\\\"am-u-sm-12 am-u-md-6\\\">\\r\\n<div class=\\\"classification clearfix\\\">\\r\\n<div class=\\\"am-u-sm-12 am-u-md-5 \\\"><img src=\\\"\\/uploads\\/395\\/image\\/public\\/202310\\/20231012152714_w0xfwc2mtq.jpg\\\" alt=\\\"Special Shape Flap Wheel\\\" \\/><\\/div>\\r\\n<div class=\\\"am-u-sm-12 am-u-md-7\\\">\\r\\n<h4 class=\\\"title\\\">Special Shape Flap Wheel<\\/h4>\\r\\n<span class=\\\"introduce\\\"> Innovative abrasive tool meticulously designed for complex and specialized grinding applications. Its unique geometry makes it ideal for tackling intricate shapes and hard-to-reach areas. <\\/span> <span class=\\\"elementor-button-text\\\" onclick=\\\"elementorButton()\\\">Get A Quote \\u2014&gt;<\\/span><\\/div>\\r\\n<\\/div>\\r\\n<\\/div>\\r\\n<div class=\\\"am-u-sm-12 am-u-md-6\\\">\\r\\n<div class=\\\"classification clearfix\\\">\\r\\n<div class=\\\"am-u-sm-12 am-u-md-5 \\\"><img src=\\\"\\/uploads\\/395\\/image\\/public\\/202310\\/20231012152812_hceq9w3ruc.jpg\\\" alt=\\\"Non-Woven Flap Wheel\\\" \\/><\\/div>\\r\\n<div class=\\\"am-u-sm-12 am-u-md-7\\\">\\r\\n<h4 class=\\\"title\\\">Non-Woven Flap Wheel<\\/h4>\\r\\n<span class=\\\"introduce\\\"> Highly specialized abrasive tool, uniquely designed for simultaneous grinding and finishing applications. Featuring a combination of abrasive flaps and non-woven material, this flap wheel ensures optimal surface quality and efficient material removal. <\\/span> <span class=\\\"elementor-button-text\\\" onclick=\\\"elementorButton()\\\">Get A Quote \\u2014&gt;<\\/span><\\/div>\\r\\n<\\/div>\\r\\n<\\/div>\\r\\n<div class=\\\"am-u-sm-12 am-u-md-6\\\">\\r\\n<div class=\\\"classification clearfix\\\">\\r\\n<div class=\\\"am-u-sm-12 am-u-md-5 \\\"><img src=\\\"\\/uploads\\/395\\/image\\/public\\/202310\\/20231012111733_rtmxqf7ypq.jpg\\\" alt=\\\"Silicon Carbide Flap Wheel\\\" \\/><\\/div>\\r\\n<div class=\\\"am-u-sm-12 am-u-md-7\\\">\\r\\n<h4 class=\\\"title\\\">Silicon Carbide Flap Wheel<\\/h4>\\r\\n<span class=\\\"introduce\\\"> High-performance abrasive tool specifically engineered for intricate grinding and surface finishing. Infused with premium silicon carbide grains, this flap wheel excels in tasks requiring fine detailing and works exceptionally well on hard and brittle materials. <\\/span> <span class=\\\"elementor-button-text\\\" onclick=\\\"elementorButton()\\\">Get A Quote \\u2014&gt;<\\/span><\\/div>\\r\\n<\\/div>\\r\\n<\\/div>\\r\\n<div class=\\\"am-u-sm-12 am-u-md-6\\\">\\r\\n<div class=\\\"classification clearfix\\\">\\r\\n<div class=\\\"am-u-sm-12 am-u-md-5 \\\"><img src=\\\"\\/uploads\\/395\\/image\\/public\\/202310\\/20231012152939_7cqoj934aw.jpg\\\" alt=\\\" Flap Wheel With Shaft\\\" \\/><\\/div>\\r\\n<div class=\\\"am-u-sm-12 am-u-md-7\\\">\\r\\n<h4 class=\\\"title\\\">Flap Wheel With Shaft<\\/h4>\\r\\n<span class=\\\"introduce\\\"> Advanced abrasive tool designed for versatile grinding and finishing tasks. Featuring an integrated shaft for easy mounting, this flap wheel is an all-in-one solution for a variety of industrial applications. <\\/span> <span class=\\\"elementor-button-text\\\" onclick=\\\"elementorButton()\\\">Get A Quote \\u2014&gt;<\\/span><\\/div>\\r\\n<\\/div>\\r\\n<\\/div>\\r\\n<div class=\\\"am-u-sm-12 am-u-md-6\\\">\\r\\n<div class=\\\"classification clearfix\\\">\\r\\n<div class=\\\"am-u-sm-12 am-u-md-5 \\\"><img src=\\\"\\/uploads\\/395\\/image\\/public\\/202310\\/20231012153029_0rujlw1do5.jpg\\\" alt=\\\"Mounted Flap Wheel\\\" \\/><\\/div>\\r\\n<div class=\\\"am-u-sm-12 am-u-md-7\\\">\\r\\n<h4 class=\\\"title\\\">Mounted Flap Wheel<\\/h4>\\r\\n<span class=\\\"introduce\\\"> Premium abrasive tool engineered for precision grinding and finishing. Equipped with a pre-mounted shank, this flap wheel offers ease of use and quick setup, streamlining your grinding operations. <\\/span> <span class=\\\"elementor-button-text\\\" onclick=\\\"elementorButton()\\\">Get A Quote \\u2014&gt;<\\/span><\\/div>\\r\\n<\\/div>\\r\\n<\\/div>\\r\\n<\\/div>\\r\\n<\\/section>\",\"fulltext\":\"\",\"state\":\"1\",\"catid\":8,\"created\":\"2025-04-10 06:18:50\",\"created_by\":91,\"created_by_alias\":\"\",\"modified\":\"2025-04-10 06:18:50\",\"modified_by\":91,\"checked_out\":null,\"checked_out_time\":null,\"publish_up\":\"2025-04-10 06:18:50\",\"publish_down\":null,\"images\":\"{\\\"image_intro\\\":\\\"\\\",\\\"image_intro_alt\\\":\\\"\\\",\\\"float_intro\\\":\\\"\\\",\\\"image_intro_caption\\\":\\\"\\\",\\\"image_fulltext\\\":\\\"\\\",\\\"image_fulltext_alt\\\":\\\"\\\",\\\"float_fulltext\\\":\\\"\\\",\\\"image_fulltext_caption\\\":\\\"\\\"}\",\"urls\":\"{\\\"urla\\\":\\\"\\\",\\\"urlatext\\\":\\\"\\\",\\\"targeta\\\":\\\"\\\",\\\"urlb\\\":\\\"\\\",\\\"urlbtext\\\":\\\"\\\",\\\"targetb\\\":\\\"\\\",\\\"urlc\\\":\\\"\\\",\\\"urlctext\\\":\\\"\\\",\\\"targetc\\\":\\\"\\\"}\",\"attribs\":\"{\\\"article_layout\\\":\\\"\\\",\\\"show_title\\\":\\\"\\\",\\\"link_titles\\\":\\\"\\\",\\\"show_tags\\\":\\\"\\\",\\\"show_intro\\\":\\\"\\\",\\\"info_block_position\\\":\\\"\\\",\\\"info_block_show_title\\\":\\\"\\\",\\\"show_category\\\":\\\"\\\",\\\"link_category\\\":\\\"\\\",\\\"show_parent_category\\\":\\\"\\\",\\\"link_parent_category\\\":\\\"\\\",\\\"show_author\\\":\\\"\\\",\\\"link_author\\\":\\\"\\\",\\\"show_create_date\\\":\\\"\\\",\\\"show_modify_date\\\":\\\"\\\",\\\"show_publish_date\\\":\\\"\\\",\\\"show_item_navigation\\\":\\\"\\\",\\\"show_hits\\\":\\\"\\\",\\\"show_noauth\\\":\\\"\\\",\\\"urls_position\\\":\\\"\\\",\\\"alternative_readmore\\\":\\\"\\\",\\\"article_page_title\\\":\\\"\\\",\\\"show_publishing_options\\\":\\\"\\\",\\\"show_article_options\\\":\\\"\\\",\\\"show_urls_images_backend\\\":\\\"\\\",\\\"show_urls_images_frontend\\\":\\\"\\\"}\",\"version\":1,\"ordering\":null,\"metakey\":\"\",\"metadesc\":\"\",\"access\":1,\"hits\":0,\"metadata\":\"{\\\"robots\\\":\\\"\\\",\\\"author\\\":\\\"\\\",\\\"rights\\\":\\\"\\\"}\",\"featured\":\"0\",\"language\":\"*\",\"note\":\"\"}', 0),
(12, 'com_content.article.7', '', '2025-04-10 06:21:09', 91, 8413, '548ad8da41b71a8477c607d0d934bb7a4fd7775c', '{\"id\":7,\"asset_id\":112,\"title\":\"Cutting Disc\",\"alias\":\"cutting-disc\",\"introtext\":\"<section class=\\\"product-classification content-width\\\">\\r\\n<h3>We are always supporting you with best products.<\\/h3>\\r\\n<div class=\\\"am-g\\\">\\r\\n<div class=\\\"am-u-sm-12 am-u-md-6\\\">\\r\\n<div class=\\\"classification clearfix\\\">\\r\\n<div class=\\\"am-u-sm-12 am-u-md-5 \\\"><img src=\\\"\\/uploads\\/395\\/image\\/public\\/202310\\/20231013143321_angmyas85e.jpg\\\" alt=\\\"Super Thin Cutting Disc\\\" \\/><\\/div>\\r\\n<div class=\\\"am-u-sm-12 am-u-md-7\\\">\\r\\n<h4 class=\\\"title\\\">Super Thin Cutting Disc<\\/h4>\\r\\n<span class=\\\"introduce\\\"> State-of-the-art abrasive tool designed for precision cutting applications. Engineered with a super-thin profile, this cutting disc excels in tasks requiring high levels of accuracy and minimal material loss. <\\/span> <span class=\\\"elementor-button-text\\\" onclick=\\\"elementorButton()\\\">Get A Quote \\u2014&gt;<\\/span><\\/div>\\r\\n<\\/div>\\r\\n<\\/div>\\r\\n<div class=\\\"am-u-sm-12 am-u-md-6\\\">\\r\\n<div class=\\\"classification clearfix\\\">\\r\\n<div class=\\\"am-u-sm-12 am-u-md-5 \\\"><img src=\\\"\\/uploads\\/395\\/image\\/public\\/202310\\/20231012165002_x3p03dia2x.jpg\\\" alt=\\\"3 Inch Cutting Disc\\\" \\/><\\/div>\\r\\n<div class=\\\"am-u-sm-12 am-u-md-7\\\">\\r\\n<h4 class=\\\"title\\\">3 Inch Cutting Disc<\\/h4>\\r\\n<span class=\\\"introduce\\\"> Compact yet powerful abrasive tool engineered for precision cutting tasks across various materials. Its 3-inch diameter offers the perfect balance between size and performance, making it ideal for both industrial and DIY applications. <\\/span> <span class=\\\"elementor-button-text\\\" onclick=\\\"elementorButton()\\\">Get A Quote \\u2014&gt;<\\/span><\\/div>\\r\\n<\\/div>\\r\\n<\\/div>\\r\\n<div class=\\\"am-u-sm-12 am-u-md-6\\\">\\r\\n<div class=\\\"classification clearfix\\\">\\r\\n<div class=\\\"am-u-sm-12 am-u-md-5 \\\"><img src=\\\"\\/uploads\\/395\\/image\\/public\\/202310\\/20231012162920_peyjdso1su.jpg\\\" alt=\\\"400mm Cutting Wheel\\\" \\/><\\/div>\\r\\n<div class=\\\"am-u-sm-12 am-u-md-7\\\">\\r\\n<h4 class=\\\"title\\\">400mm Cutting Wheel<\\/h4>\\r\\n<span class=\\\"introduce\\\"> Large-diameter abrasive tool engineered for heavy-duty cutting operations. Designed with premium abrasive grains, this cutting wheel is suitable for a range of materials, offering both speed and precision on a large scale. <\\/span> <span class=\\\"elementor-button-text\\\" onclick=\\\"elementorButton()\\\">Get A Quote \\u2014&gt;<\\/span><\\/div>\\r\\n<\\/div>\\r\\n<\\/div>\\r\\n<div class=\\\"am-u-sm-12 am-u-md-6\\\">\\r\\n<div class=\\\"classification clearfix\\\">\\r\\n<div class=\\\"am-u-sm-12 am-u-md-5 \\\"><img src=\\\"\\/uploads\\/395\\/image\\/public\\/202501\\/20250116152626_q7feyms28d.jpg\\\" alt=\\\"Diamond Cutting Saw Blades\\\" \\/><\\/div>\\r\\n<div class=\\\"am-u-sm-12 am-u-md-7\\\">\\r\\n<h4 class=\\\"title\\\">Diamond Cutting Saw Blades<\\/h4>\\r\\n<span class=\\\"introduce\\\"> With diamond coated edge, cuts hard materials. Used across industries, it offers precision, long lasting performance, and high speed cuts for enhanced productivity. <\\/span> <span class=\\\"elementor-button-text\\\" onclick=\\\"elementorButton()\\\">Get A Quote \\u2014&gt;<\\/span><\\/div>\\r\\n<\\/div>\\r\\n<\\/div>\\r\\n<div class=\\\"am-u-sm-12 am-u-md-6\\\">\\r\\n<div class=\\\"classification clearfix\\\">\\r\\n<div class=\\\"am-u-sm-12 am-u-md-5 \\\"><img src=\\\"\\/uploads\\/395\\/image\\/public\\/202310\\/20231012162627_jky2y0mvkq.jpg\\\" alt=\\\"Cut Off Wheel For Stone \\\" \\/><\\/div>\\r\\n<div class=\\\"am-u-sm-12 am-u-md-7\\\">\\r\\n<h4 class=\\\"title\\\">Cut Off Wheel For Stone<\\/h4>\\r\\n<span class=\\\"introduce\\\"> This specialized abrasive tool, crafted with a unique blend of high - quality grains, is meticulously engineered for stone cutting. It ensures efficient, precise cuts on various stones, including granite, marble, and limestone, for top - notch results. <\\/span> <span class=\\\"elementor-button-text\\\" onclick=\\\"elementorButton()\\\">Get A Quote \\u2014&gt;<\\/span><\\/div>\\r\\n<\\/div>\\r\\n<\\/div>\\r\\n<div class=\\\"am-u-sm-12 am-u-md-6\\\">\\r\\n<div class=\\\"classification clearfix\\\">\\r\\n<div class=\\\"am-u-sm-12 am-u-md-5 \\\"><img src=\\\"\\/uploads\\/395\\/image\\/public\\/202310\\/20231012162730_qsbb8mc21i.jpg\\\" alt=\\\"Cut Off Wheel For Metals\\\" \\/><\\/div>\\r\\n<div class=\\\"am-u-sm-12 am-u-md-7\\\">\\r\\n<h4 class=\\\"title\\\">Cut Off Wheel For Metals<\\/h4>\\r\\n<span class=\\\"introduce\\\"> Dedicated abrasive tool designed for efficient and precise cutting of non-ferrous materials like aluminum, copper, and brass. Crafted with specialized abrasive grains, this wheel ensures optimal performance tailored to non-ferrous metal applications. <\\/span> <span class=\\\"elementor-button-text\\\" onclick=\\\"elementorButton()\\\">Get A Quote \\u2014&gt;<\\/span><\\/div>\\r\\n<\\/div>\\r\\n<\\/div>\\r\\n<div class=\\\"am-u-sm-12 am-u-md-6\\\">\\r\\n<div class=\\\"classification clearfix\\\">\\r\\n<div class=\\\"am-u-sm-12 am-u-md-5 \\\"><img src=\\\"\\/uploads\\/395\\/image\\/public\\/202310\\/20231012162835_dejvjqdxcm.jpg\\\" alt=\\\"Stainless Steel Cutting Discs\\\" \\/><\\/div>\\r\\n<div class=\\\"am-u-sm-12 am-u-md-7\\\">\\r\\n<h4 class=\\\"title\\\">Stainless Steel Cutting Discs<\\/h4>\\r\\n<span class=\\\"introduce\\\"> Premium abrasive tool designed specifically for the efficient and precise cutting of stainless steel materials. Formulated with specialized abrasive grains, this cutting disc offers optimal performance tailored to stainless steel applications. <\\/span> <span class=\\\"elementor-button-text\\\" onclick=\\\"elementorButton()\\\">Get A Quote \\u2014&gt;<\\/span><\\/div>\\r\\n<\\/div>\\r\\n<\\/div>\\r\\n<div class=\\\"am-u-sm-12 am-u-md-6\\\">\\r\\n<div class=\\\"classification clearfix\\\">\\r\\n<div class=\\\"am-u-sm-12 am-u-md-5 \\\"><img src=\\\"\\/uploads\\/395\\/image\\/public\\/202310\\/20231012163020_fdo0v1g9h9.jpg\\\" alt=\\\"Cutting Disc With Threaded Arbor\\\" \\/><\\/div>\\r\\n<div class=\\\"am-u-sm-12 am-u-md-7\\\">\\r\\n<h4 class=\\\"title\\\">Cutting Disc With Threaded Arbor<\\/h4>\\r\\n<span class=\\\"introduce\\\"> This innovative abrasive tool is ingeniously designed with a threaded arbor, ensuring fast and secure mounting. It completely eliminates the need for additional hardware, making it an ideal and convenient choice for a wide range of industrial applications. <\\/span> <span class=\\\"elementor-button-text\\\" onclick=\\\"elementorButton()\\\">Get A Quote \\u2014&gt;<\\/span><\\/div>\\r\\n<\\/div>\\r\\n<\\/div>\\r\\n<div class=\\\"am-u-sm-12 am-u-md-6\\\">\\r\\n<div class=\\\"classification clearfix\\\">\\r\\n<div class=\\\"am-u-sm-12 am-u-md-5 \\\"><img src=\\\"\\/uploads\\/395\\/image\\/public\\/202310\\/20231012163114_jgirc0iq7u.jpg\\\" alt=\\\"Depressed Center Cutting Wheel\\\" \\/><\\/div>\\r\\n<div class=\\\"am-u-sm-12 am-u-md-7\\\">\\r\\n<h4 class=\\\"title\\\">Depressed Center Cutting Wheel<\\/h4>\\r\\n<span class=\\\"introduce\\\"> Advanced abrasive tool specifically designed for high-performance cutting applications. The depressed center design enables better alignment and control, making it ideal for various industrial and construction projects. <\\/span> <span class=\\\"elementor-button-text\\\" onclick=\\\"elementorButton()\\\">Get A Quote \\u2014&gt;<\\/span><\\/div>\\r\\n<\\/div>\\r\\n<\\/div>\\r\\n<\\/div>\\r\\n<\\/section>\",\"fulltext\":\"\",\"state\":\"1\",\"catid\":8,\"created\":\"2025-04-10 06:21:09\",\"created_by\":91,\"created_by_alias\":\"\",\"modified\":\"2025-04-10 06:21:09\",\"modified_by\":91,\"checked_out\":null,\"checked_out_time\":null,\"publish_up\":\"2025-04-10 06:21:09\",\"publish_down\":null,\"images\":\"{\\\"image_intro\\\":\\\"\\\",\\\"image_intro_alt\\\":\\\"\\\",\\\"float_intro\\\":\\\"\\\",\\\"image_intro_caption\\\":\\\"\\\",\\\"image_fulltext\\\":\\\"\\\",\\\"image_fulltext_alt\\\":\\\"\\\",\\\"float_fulltext\\\":\\\"\\\",\\\"image_fulltext_caption\\\":\\\"\\\"}\",\"urls\":\"{\\\"urla\\\":\\\"\\\",\\\"urlatext\\\":\\\"\\\",\\\"targeta\\\":\\\"\\\",\\\"urlb\\\":\\\"\\\",\\\"urlbtext\\\":\\\"\\\",\\\"targetb\\\":\\\"\\\",\\\"urlc\\\":\\\"\\\",\\\"urlctext\\\":\\\"\\\",\\\"targetc\\\":\\\"\\\"}\",\"attribs\":\"{\\\"article_layout\\\":\\\"\\\",\\\"show_title\\\":\\\"\\\",\\\"link_titles\\\":\\\"\\\",\\\"show_tags\\\":\\\"\\\",\\\"show_intro\\\":\\\"\\\",\\\"info_block_position\\\":\\\"\\\",\\\"info_block_show_title\\\":\\\"\\\",\\\"show_category\\\":\\\"\\\",\\\"link_category\\\":\\\"\\\",\\\"show_parent_category\\\":\\\"\\\",\\\"link_parent_category\\\":\\\"\\\",\\\"show_author\\\":\\\"\\\",\\\"link_author\\\":\\\"\\\",\\\"show_create_date\\\":\\\"\\\",\\\"show_modify_date\\\":\\\"\\\",\\\"show_publish_date\\\":\\\"\\\",\\\"show_item_navigation\\\":\\\"\\\",\\\"show_hits\\\":\\\"\\\",\\\"show_noauth\\\":\\\"\\\",\\\"urls_position\\\":\\\"\\\",\\\"alternative_readmore\\\":\\\"\\\",\\\"article_page_title\\\":\\\"\\\",\\\"show_publishing_options\\\":\\\"\\\",\\\"show_article_options\\\":\\\"\\\",\\\"show_urls_images_backend\\\":\\\"\\\",\\\"show_urls_images_frontend\\\":\\\"\\\"}\",\"version\":1,\"ordering\":null,\"metakey\":\"\",\"metadesc\":\"\",\"access\":1,\"hits\":0,\"metadata\":\"{\\\"robots\\\":\\\"\\\",\\\"author\\\":\\\"\\\",\\\"rights\\\":\\\"\\\"}\",\"featured\":\"0\",\"language\":\"*\",\"note\":\"\"}', 0),
(13, 'com_content.article.8', '', '2025-04-10 06:21:52', 91, 2473, '7090e66af882726b8d12bbf5f67338182380747a', '{\"id\":8,\"asset_id\":113,\"title\":\"Sanding Paper\",\"alias\":\"sanding-paper\",\"introtext\":\"<section class=\\\"product-classification content-width\\\">\\r\\n<h3>We are always supporting you with best products.<\\/h3>\\r\\n<div class=\\\"am-g\\\">\\r\\n<div class=\\\"am-u-sm-12 am-u-md-6\\\">\\r\\n<div class=\\\"classification clearfix\\\">\\r\\n<div class=\\\"am-u-sm-12 am-u-md-5 \\\"><img src=\\\"\\/uploads\\/395\\/image\\/public\\/202310\\/20231012111908_hg89v5ayrd.jpg\\\" alt=\\\"Waterproof Sandpaper\\\" \\/><\\/div>\\r\\n<div class=\\\"am-u-sm-12 am-u-md-7\\\">\\r\\n<h4 class=\\\"title\\\">Waterproof Sandpaper<\\/h4>\\r\\n<span class=\\\"introduce\\\"> Cutting-edge abrasive solution engineered for wet sanding applications. Manufactured with a water-resistant backing and premium abrasive grains, provides consistent and reliable performance in both wet and dry conditions. <\\/span> <span class=\\\"elementor-button-text\\\" onclick=\\\"elementorButton()\\\">Get A Quote \\u2014&gt;<\\/span><\\/div>\\r\\n<\\/div>\\r\\n<\\/div>\\r\\n<\\/div>\\r\\n<\\/section>\",\"fulltext\":\"\",\"state\":\"1\",\"catid\":8,\"created\":\"2025-04-10 06:21:52\",\"created_by\":91,\"created_by_alias\":\"\",\"modified\":\"2025-04-10 06:21:52\",\"modified_by\":91,\"checked_out\":null,\"checked_out_time\":null,\"publish_up\":\"2025-04-10 06:21:52\",\"publish_down\":null,\"images\":\"{\\\"image_intro\\\":\\\"\\\",\\\"image_intro_alt\\\":\\\"\\\",\\\"float_intro\\\":\\\"\\\",\\\"image_intro_caption\\\":\\\"\\\",\\\"image_fulltext\\\":\\\"\\\",\\\"image_fulltext_alt\\\":\\\"\\\",\\\"float_fulltext\\\":\\\"\\\",\\\"image_fulltext_caption\\\":\\\"\\\"}\",\"urls\":\"{\\\"urla\\\":\\\"\\\",\\\"urlatext\\\":\\\"\\\",\\\"targeta\\\":\\\"\\\",\\\"urlb\\\":\\\"\\\",\\\"urlbtext\\\":\\\"\\\",\\\"targetb\\\":\\\"\\\",\\\"urlc\\\":\\\"\\\",\\\"urlctext\\\":\\\"\\\",\\\"targetc\\\":\\\"\\\"}\",\"attribs\":\"{\\\"article_layout\\\":\\\"\\\",\\\"show_title\\\":\\\"\\\",\\\"link_titles\\\":\\\"\\\",\\\"show_tags\\\":\\\"\\\",\\\"show_intro\\\":\\\"\\\",\\\"info_block_position\\\":\\\"\\\",\\\"info_block_show_title\\\":\\\"\\\",\\\"show_category\\\":\\\"\\\",\\\"link_category\\\":\\\"\\\",\\\"show_parent_category\\\":\\\"\\\",\\\"link_parent_category\\\":\\\"\\\",\\\"show_author\\\":\\\"\\\",\\\"link_author\\\":\\\"\\\",\\\"show_create_date\\\":\\\"\\\",\\\"show_modify_date\\\":\\\"\\\",\\\"show_publish_date\\\":\\\"\\\",\\\"show_item_navigation\\\":\\\"\\\",\\\"show_hits\\\":\\\"\\\",\\\"show_noauth\\\":\\\"\\\",\\\"urls_position\\\":\\\"\\\",\\\"alternative_readmore\\\":\\\"\\\",\\\"article_page_title\\\":\\\"\\\",\\\"show_publishing_options\\\":\\\"\\\",\\\"show_article_options\\\":\\\"\\\",\\\"show_urls_images_backend\\\":\\\"\\\",\\\"show_urls_images_frontend\\\":\\\"\\\"}\",\"version\":1,\"ordering\":null,\"metakey\":\"\",\"metadesc\":\"\",\"access\":1,\"hits\":0,\"metadata\":\"{\\\"robots\\\":\\\"\\\",\\\"author\\\":\\\"\\\",\\\"rights\\\":\\\"\\\"}\",\"featured\":\"0\",\"language\":\"*\",\"note\":\"\"}', 0),
(14, 'com_content.article.9', '', '2025-04-10 06:23:23', 91, 12272, 'bbc9f49250c2128ad4bfe28043e5907837c2ff2c', '{\"id\":9,\"asset_id\":114,\"title\":\"Abrasive Machine\",\"alias\":\"abrasive-machine\",\"introtext\":\"<section class=\\\"product-classification content-width\\\">\\r\\n<h3>We are always supporting you with best products.<\\/h3>\\r\\n<div class=\\\"am-g\\\">\\r\\n<div class=\\\"am-u-sm-12 am-u-md-6\\\">\\r\\n<div class=\\\"classification clearfix\\\">\\r\\n<div class=\\\"am-u-sm-12 am-u-md-5 \\\"><img src=\\\"\\/uploads\\/55\\/image\\/public\\/202009\\/20200911174612_ioli7nberd.jpg\\\" alt=\\\"Flap wheel cutting machine\\\" \\/><\\/div>\\r\\n<div class=\\\"am-u-sm-12 am-u-md-7\\\">\\r\\n<h4 class=\\\"title\\\">Flap wheel cutting machine<\\/h4>\\r\\n<span class=\\\"introduce\\\"> State-of-the-art industrial machine designed for the precise cutting and sizing of flap wheels. Engineered with the latest technology, this machine offers high-speed, high-precision cutting, making it indispensable for flap wheel manufacturers. <\\/span> <span class=\\\"elementor-button-text\\\" onclick=\\\"elementorButton()\\\">Get A Quote \\u2014&gt;<\\/span><\\/div>\\r\\n<\\/div>\\r\\n<\\/div>\\r\\n<div class=\\\"am-u-sm-12 am-u-md-6\\\">\\r\\n<div class=\\\"classification clearfix\\\">\\r\\n<div class=\\\"am-u-sm-12 am-u-md-5 \\\"><img src=\\\"\\/uploads\\/55\\/image\\/public\\/202012\\/20201225162519_og9yiqkj4h.jpg\\\" alt=\\\"Skiving Machine\\\" \\/><\\/div>\\r\\n<div class=\\\"am-u-sm-12 am-u-md-7\\\">\\r\\n<h4 class=\\\"title\\\">Skiving Machine<\\/h4>\\r\\n<span class=\\\"introduce\\\"> Highly specialized piece of industrial equipment engineered for the precise skiving of various materials, including leather, rubber, and abrasive sheets. Built with state-of-the-art technology, this machine delivers unparalleled precision and efficiency. <\\/span> <span class=\\\"elementor-button-text\\\" onclick=\\\"elementorButton()\\\">Get A Quote \\u2014&gt;<\\/span><\\/div>\\r\\n<\\/div>\\r\\n<\\/div>\\r\\n<div class=\\\"am-u-sm-12 am-u-md-6\\\">\\r\\n<div class=\\\"classification clearfix\\\">\\r\\n<div class=\\\"am-u-sm-12 am-u-md-5 \\\"><img src=\\\"\\/uploads\\/55\\/image\\/public\\/202012\\/20201208153958_at2sylm2bh.jpg\\\" alt=\\\"Jumbo Roll Slitting Machine\\\" \\/><\\/div>\\r\\n<div class=\\\"am-u-sm-12 am-u-md-7\\\">\\r\\n<h4 class=\\\"title\\\">Jumbo Roll Slitting Machine<\\/h4>\\r\\n<span class=\\\"introduce\\\"> High-performance industrial equipment designed for the precise and efficient slitting of jumbo rolls into narrower widths. Equipped with cutting-edge technology, this machine is ideal for high-volume production environments. <\\/span> <span class=\\\"elementor-button-text\\\" onclick=\\\"elementorButton()\\\">Get A Quote \\u2014&gt;<\\/span><\\/div>\\r\\n<\\/div>\\r\\n<\\/div>\\r\\n<div class=\\\"am-u-sm-12 am-u-md-6\\\">\\r\\n<div class=\\\"classification clearfix\\\">\\r\\n<div class=\\\"am-u-sm-12 am-u-md-5 \\\"><img src=\\\"\\/uploads\\/55\\/image\\/public\\/202010\\/20201030110509_swfwh0b9vr.jpg\\\" alt=\\\"Shaft flap wheel making machine \\\" \\/><\\/div>\\r\\n<div class=\\\"am-u-sm-12 am-u-md-7\\\">\\r\\n<h4 class=\\\"title\\\">Shaft flap wheel making machine<\\/h4>\\r\\n<span class=\\\"introduce\\\"> Specialized industrial solution for the efficient manufacturing of shaft-mounted flap wheels. This machine combines state-of-the-art technology and robust construction to deliver high-quality flap wheels at an unparalleled speed. <\\/span> <span class=\\\"elementor-button-text\\\" onclick=\\\"elementorButton()\\\">Get A Quote \\u2014&gt;<\\/span><\\/div>\\r\\n<\\/div>\\r\\n<\\/div>\\r\\n<div class=\\\"am-u-sm-12 am-u-md-6\\\">\\r\\n<div class=\\\"classification clearfix\\\">\\r\\n<div class=\\\"am-u-sm-12 am-u-md-5 \\\"><img src=\\\"\\/uploads\\/55\\/image\\/public\\/202009\\/20200914114408_uqm3gekc05.jpg\\\" alt=\\\"Flap Wheel Compression Machine\\\" \\/><\\/div>\\r\\n<div class=\\\"am-u-sm-12 am-u-md-7\\\">\\r\\n<h4 class=\\\"title\\\">Flap Wheel Compression Machine<\\/h4>\\r\\n<span class=\\\"introduce\\\"> specialized industrial solution tailored for the compression of flap wheels to desired densities. Incorporating cutting-edge technology, this machine ensures precise, high-quality compression for optimal flap wheel performance. <\\/span> <span class=\\\"elementor-button-text\\\" onclick=\\\"elementorButton()\\\">Get A Quote \\u2014&gt;<\\/span><\\/div>\\r\\n<\\/div>\\r\\n<\\/div>\\r\\n<div class=\\\"am-u-sm-12 am-u-md-6\\\">\\r\\n<div class=\\\"classification clearfix\\\">\\r\\n<div class=\\\"am-u-sm-12 am-u-md-5 \\\"><img src=\\\"\\/uploads\\/55\\/image\\/public\\/202009\\/20200911104449_p8sq0dsiul.jpg\\\" alt=\\\"Abrasive cloth slitting machine\\\" \\/><\\/div>\\r\\n<div class=\\\"am-u-sm-12 am-u-md-7\\\">\\r\\n<h4 class=\\\"title\\\">Abrasive cloth slitting machine<\\/h4>\\r\\n<span class=\\\"introduce\\\"> Specifically engineered for the precise and efficient slitting of abrasive cloth rolls. Designed with the latest technology, this machine is a must-have for abrasive manufacturers aiming for high-quality, high-volume production. <\\/span> <span class=\\\"elementor-button-text\\\" onclick=\\\"elementorButton()\\\">Get A Quote \\u2014&gt;<\\/span><\\/div>\\r\\n<\\/div>\\r\\n<\\/div>\\r\\n<div class=\\\"am-u-sm-12 am-u-md-6\\\">\\r\\n<div class=\\\"classification clearfix\\\">\\r\\n<div class=\\\"am-u-sm-12 am-u-md-5 \\\"><img src=\\\"\\/uploads\\/55\\/image\\/public\\/202008\\/20200822180813_0gymimc50g.jpg\\\" alt=\\\"Automatic flap disc machine\\\" \\/><\\/div>\\r\\n<div class=\\\"am-u-sm-12 am-u-md-7\\\">\\r\\n<h4 class=\\\"title\\\">Automatic flap disc machine<\\/h4>\\r\\n<span class=\\\"introduce\\\"> state-of-the-art solution designed for the seamless and efficient production of flap discs. With automated features and robust construction, this machine is geared towards high-volume, high-quality abrasive manufacturing. <\\/span> <span class=\\\"elementor-button-text\\\" onclick=\\\"elementorButton()\\\">Get A Quote \\u2014&gt;<\\/span><\\/div>\\r\\n<\\/div>\\r\\n<\\/div>\\r\\n<div class=\\\"am-u-sm-12 am-u-md-6\\\">\\r\\n<div class=\\\"classification clearfix\\\">\\r\\n<div class=\\\"am-u-sm-12 am-u-md-5 \\\"><img src=\\\"\\/uploads\\/55\\/image\\/public\\/202103\\/20210303165947_2sunchs5yl.jpg\\\" alt=\\\"Flap wheel Pressing Machine\\\" \\/><\\/div>\\r\\n<div class=\\\"am-u-sm-12 am-u-md-7\\\">\\r\\n<h4 class=\\\"title\\\">Flap wheel Pressing Machine<\\/h4>\\r\\n<span class=\\\"introduce\\\"> State-of-the-art industrial machinery engineered specifically for the production of high-quality flap wheels. Designed with advanced technology and robust components, this machine ensures consistent and efficient flap wheel manufacturing. <\\/span> <span class=\\\"elementor-button-text\\\" onclick=\\\"elementorButton()\\\">Get A Quote \\u2014&gt;<\\/span><\\/div>\\r\\n<\\/div>\\r\\n<\\/div>\\r\\n<div class=\\\"am-u-sm-12 am-u-md-6\\\">\\r\\n<div class=\\\"classification clearfix\\\">\\r\\n<div class=\\\"am-u-sm-12 am-u-md-5 \\\"><img src=\\\"\\/uploads\\/395\\/image\\/public\\/202310\\/20231012113254_i7h0qacu1c.jpg\\\" alt=\\\"Wide Abrasive Belt Press Machine\\\" \\/><\\/div>\\r\\n<div class=\\\"am-u-sm-12 am-u-md-7\\\">\\r\\n<h4 class=\\\"title\\\">Wide Abrasive Belt Press Machine<\\/h4>\\r\\n<span class=\\\"introduce\\\"> Advanced industrial machine specifically designed for the efficient production of wide abrasive belts. Built with cutting-edge technology and robust materials, this machine streamlines the manufacturing process while maintaining high quality standards. <\\/span> <span class=\\\"elementor-button-text\\\" onclick=\\\"elementorButton()\\\">Get A Quote \\u2014&gt;<\\/span><\\/div>\\r\\n<\\/div>\\r\\n<\\/div>\\r\\n<div class=\\\"am-u-sm-12 am-u-md-6\\\">\\r\\n<div class=\\\"classification clearfix\\\">\\r\\n<div class=\\\"am-u-sm-12 am-u-md-5 \\\"><img src=\\\"\\/uploads\\/395\\/image\\/public\\/202310\\/20231012113757_5mm901r5j6.jpg\\\" alt=\\\"Burst Speed Testing Machine\\\" \\/><\\/div>\\r\\n<div class=\\\"am-u-sm-12 am-u-md-7\\\">\\r\\n<h4 class=\\\"title\\\">Burst Speed Testing Machine<\\/h4>\\r\\n<span class=\\\"introduce\\\"> Advanced testing equipment designed to assess the burst speed of various types of rotating objects, including abrasive wheels, pulleys, and gears. Engineered with cutting-edge technology, this machine ensures accurate and reliable testing results. <\\/span> <span class=\\\"elementor-button-text\\\" onclick=\\\"elementorButton()\\\">Get A Quote \\u2014&gt;<\\/span><\\/div>\\r\\n<\\/div>\\r\\n<\\/div>\\r\\n<div class=\\\"am-u-sm-12 am-u-md-6\\\">\\r\\n<div class=\\\"classification clearfix\\\">\\r\\n<div class=\\\"am-u-sm-12 am-u-md-5 \\\"><img src=\\\"\\/uploads\\/55\\/image\\/public\\/202012\\/20201201173431_pedu1nwe8m.jpg\\\" alt=\\\"Long Belt Slitting Machine\\\" \\/><\\/div>\\r\\n<div class=\\\"am-u-sm-12 am-u-md-7\\\">\\r\\n<h4 class=\\\"title\\\">Long Belt Slitting Machine<\\/h4>\\r\\n<span class=\\\"introduce\\\"> Industrial-grade machine engineered for the efficient slitting of long belts into narrower strips. Equipped with state-of-the-art cutting technology, this machine is tailored for high-precision, high-volume production needs. <\\/span> <span class=\\\"elementor-button-text\\\" onclick=\\\"elementorButton()\\\">Get A Quote \\u2014&gt;<\\/span><\\/div>\\r\\n<\\/div>\\r\\n<\\/div>\\r\\n<div class=\\\"am-u-sm-12 am-u-md-6\\\">\\r\\n<div class=\\\"classification clearfix\\\">\\r\\n<div class=\\\"am-u-sm-12 am-u-md-5 \\\"><img src=\\\"\\/uploads\\/55\\/image\\/public\\/202012\\/20201201103433_kllfy2ubl2.jpg\\\" alt=\\\"Small Slitting Machine\\\" \\/><\\/div>\\r\\n<div class=\\\"am-u-sm-12 am-u-md-7\\\">\\r\\n<h4 class=\\\"title\\\">Small Slitting Machine<\\/h4>\\r\\n<span class=\\\"introduce\\\"> Compact yet highly efficient industrial machine designed for precise slitting of smaller rolls and sheets. Despite its small footprint, this machine packs a punch, offering advanced features commonly found in larger systems. <\\/span> <span class=\\\"elementor-button-text\\\" onclick=\\\"elementorButton()\\\">Get A Quote \\u2014&gt;<\\/span><\\/div>\\r\\n<\\/div>\\r\\n<\\/div>\\r\\n<div class=\\\"am-u-sm-12 am-u-md-6\\\">\\r\\n<div class=\\\"classification clearfix\\\">\\r\\n<div class=\\\"am-u-sm-12 am-u-md-5 \\\"><img src=\\\"\\/uploads\\/55\\/image\\/public\\/202011\\/20201130161700_ijqig9827w.jpg\\\" alt=\\\"Quick Change Disc Machine\\\" \\/><\\/div>\\r\\n<div class=\\\"am-u-sm-12 am-u-md-7\\\">\\r\\n<h4 class=\\\"title\\\">Quick Change Disc Machine<\\/h4>\\r\\n<span class=\\\"introduce\\\"> Specialized industrial machine engineered for the efficient production of quick-change abrasive discs. This machine incorporates advanced technologies to ensure high-speed, high-quality production while streamlining the manufacturing process. <\\/span> <span class=\\\"elementor-button-text\\\" onclick=\\\"elementorButton()\\\">Get A Quote \\u2014&gt;<\\/span><\\/div>\\r\\n<\\/div>\\r\\n<\\/div>\\r\\n<div class=\\\"am-u-sm-12 am-u-md-6\\\">\\r\\n<div class=\\\"classification clearfix\\\">\\r\\n<div class=\\\"am-u-sm-12 am-u-md-5 \\\"><img src=\\\"\\/uploads\\/55\\/image\\/public\\/202009\\/20200911142745_dlpeld89uq.jpg\\\" alt=\\\"Narrow belt slitting machine\\\" \\/><\\/div>\\r\\n<div class=\\\"am-u-sm-12 am-u-md-7\\\">\\r\\n<h4 class=\\\"title\\\">Narrow belt slitting machine<\\/h4>\\r\\n<span class=\\\"introduce\\\"> specialized industrial machine engineered for the efficient and precise slitting of narrow belts. With advanced features and robust construction, this machine is ideal for high-volume, high-quality production in abrasive and textile industries. <\\/span> <span class=\\\"elementor-button-text\\\" onclick=\\\"elementorButton()\\\">Get A Quote \\u2014&gt;<\\/span><\\/div>\\r\\n<\\/div>\\r\\n<\\/div>\\r\\n<\\/div>\\r\\n<\\/section>\",\"fulltext\":\"\",\"state\":\"1\",\"catid\":8,\"created\":\"2025-04-10 06:23:23\",\"created_by\":91,\"created_by_alias\":\"\",\"modified\":\"2025-04-10 06:23:23\",\"modified_by\":91,\"checked_out\":null,\"checked_out_time\":null,\"publish_up\":\"2025-04-10 06:23:23\",\"publish_down\":null,\"images\":\"{\\\"image_intro\\\":\\\"\\\",\\\"image_intro_alt\\\":\\\"\\\",\\\"float_intro\\\":\\\"\\\",\\\"image_intro_caption\\\":\\\"\\\",\\\"image_fulltext\\\":\\\"\\\",\\\"image_fulltext_alt\\\":\\\"\\\",\\\"float_fulltext\\\":\\\"\\\",\\\"image_fulltext_caption\\\":\\\"\\\"}\",\"urls\":\"{\\\"urla\\\":\\\"\\\",\\\"urlatext\\\":\\\"\\\",\\\"targeta\\\":\\\"\\\",\\\"urlb\\\":\\\"\\\",\\\"urlbtext\\\":\\\"\\\",\\\"targetb\\\":\\\"\\\",\\\"urlc\\\":\\\"\\\",\\\"urlctext\\\":\\\"\\\",\\\"targetc\\\":\\\"\\\"}\",\"attribs\":\"{\\\"article_layout\\\":\\\"\\\",\\\"show_title\\\":\\\"\\\",\\\"link_titles\\\":\\\"\\\",\\\"show_tags\\\":\\\"\\\",\\\"show_intro\\\":\\\"\\\",\\\"info_block_position\\\":\\\"\\\",\\\"info_block_show_title\\\":\\\"\\\",\\\"show_category\\\":\\\"\\\",\\\"link_category\\\":\\\"\\\",\\\"show_parent_category\\\":\\\"\\\",\\\"link_parent_category\\\":\\\"\\\",\\\"show_author\\\":\\\"\\\",\\\"link_author\\\":\\\"\\\",\\\"show_create_date\\\":\\\"\\\",\\\"show_modify_date\\\":\\\"\\\",\\\"show_publish_date\\\":\\\"\\\",\\\"show_item_navigation\\\":\\\"\\\",\\\"show_hits\\\":\\\"\\\",\\\"show_noauth\\\":\\\"\\\",\\\"urls_position\\\":\\\"\\\",\\\"alternative_readmore\\\":\\\"\\\",\\\"article_page_title\\\":\\\"\\\",\\\"show_publishing_options\\\":\\\"\\\",\\\"show_article_options\\\":\\\"\\\",\\\"show_urls_images_backend\\\":\\\"\\\",\\\"show_urls_images_frontend\\\":\\\"\\\"}\",\"version\":1,\"ordering\":null,\"metakey\":\"\",\"metadesc\":\"\",\"access\":1,\"hits\":0,\"metadata\":\"{\\\"robots\\\":\\\"\\\",\\\"author\\\":\\\"\\\",\\\"rights\\\":\\\"\\\"}\",\"featured\":\"0\",\"language\":\"*\",\"note\":\"\"}', 0),
(15, 'com_content.article.10', '', '2025-04-10 06:24:01', 91, 1576, '3f2ca64e21951a5122b40b3796abdf16864110be', '{\"id\":10,\"asset_id\":115,\"title\":\"Contact us\",\"alias\":\"contact-us\",\"introtext\":\"\",\"fulltext\":\"\",\"state\":\"1\",\"catid\":2,\"created\":\"2025-04-10 06:24:01\",\"created_by\":91,\"created_by_alias\":\"\",\"modified\":\"2025-04-10 06:24:01\",\"modified_by\":91,\"checked_out\":null,\"checked_out_time\":null,\"publish_up\":\"2025-04-10 06:24:01\",\"publish_down\":null,\"images\":\"{\\\"image_intro\\\":\\\"\\\",\\\"image_intro_alt\\\":\\\"\\\",\\\"float_intro\\\":\\\"\\\",\\\"image_intro_caption\\\":\\\"\\\",\\\"image_fulltext\\\":\\\"\\\",\\\"image_fulltext_alt\\\":\\\"\\\",\\\"float_fulltext\\\":\\\"\\\",\\\"image_fulltext_caption\\\":\\\"\\\"}\",\"urls\":\"{\\\"urla\\\":\\\"\\\",\\\"urlatext\\\":\\\"\\\",\\\"targeta\\\":\\\"\\\",\\\"urlb\\\":\\\"\\\",\\\"urlbtext\\\":\\\"\\\",\\\"targetb\\\":\\\"\\\",\\\"urlc\\\":\\\"\\\",\\\"urlctext\\\":\\\"\\\",\\\"targetc\\\":\\\"\\\"}\",\"attribs\":\"{\\\"article_layout\\\":\\\"\\\",\\\"show_title\\\":\\\"\\\",\\\"link_titles\\\":\\\"\\\",\\\"show_tags\\\":\\\"\\\",\\\"show_intro\\\":\\\"\\\",\\\"info_block_position\\\":\\\"\\\",\\\"info_block_show_title\\\":\\\"\\\",\\\"show_category\\\":\\\"\\\",\\\"link_category\\\":\\\"\\\",\\\"show_parent_category\\\":\\\"\\\",\\\"link_parent_category\\\":\\\"\\\",\\\"show_author\\\":\\\"\\\",\\\"link_author\\\":\\\"\\\",\\\"show_create_date\\\":\\\"\\\",\\\"show_modify_date\\\":\\\"\\\",\\\"show_publish_date\\\":\\\"\\\",\\\"show_item_navigation\\\":\\\"\\\",\\\"show_hits\\\":\\\"\\\",\\\"show_noauth\\\":\\\"\\\",\\\"urls_position\\\":\\\"\\\",\\\"alternative_readmore\\\":\\\"\\\",\\\"article_page_title\\\":\\\"\\\",\\\"show_publishing_options\\\":\\\"\\\",\\\"show_article_options\\\":\\\"\\\",\\\"show_urls_images_backend\\\":\\\"\\\",\\\"show_urls_images_frontend\\\":\\\"\\\"}\",\"version\":1,\"ordering\":null,\"metakey\":\"\",\"metadesc\":\"\",\"access\":1,\"hits\":0,\"metadata\":\"{\\\"robots\\\":\\\"\\\",\\\"author\\\":\\\"\\\",\\\"rights\\\":\\\"\\\"}\",\"featured\":\"0\",\"language\":\"*\",\"note\":\"\"}', 0),
(16, 'com_content.article.2', '', '2025-04-10 07:08:25', 91, 3194, '396756a67879bd7349245f43d806eb506444d6ca', '{\"id\":\"2\",\"asset_id\":107,\"title\":\"Fiber Glass Backing Plate\",\"alias\":\"fiber-glass-backing-plate\",\"introtext\":\"<section class=\\\"product-classification content-width\\\">\\r\\n<h3>We are always supporting you with best products.<\\/h3>\\r\\n<div class=\\\"am-g\\\">\\r\\n<div class=\\\"am-u-sm-12 am-u-md-6\\\">\\r\\n<div class=\\\"classification clearfix\\\">\\r\\n<div class=\\\"am-u-sm-12 am-u-md-5 \\\"><img src=\\\"\\/images\\/site\\/20231012103756_qx0pihg45y.jpg\\\" alt=\\\"T41 fiberglass backing plate\\\" \\/><\\/div>\\r\\n<div class=\\\"am-u-sm-12 am-u-md-7\\\">\\r\\n<h4 class=\\\"title\\\">T41 fiberglass backing plate<\\/h4>\\r\\n<span class=\\\"introduce\\\"> Essential component designed to support and stabilize abrasive wheels in grinding and cutting operations. Made from high-quality fiberglass material, this backing plate ensures durability, stability, and enhanced performance. <\\/span> <span class=\\\"elementor-button-text GetAQuote\\\">Get A Quote \\u2014&gt;<\\/span><\\/div>\\r\\n<\\/div>\\r\\n<\\/div>\\r\\n<div class=\\\"am-u-sm-12 am-u-md-6\\\">\\r\\n<div class=\\\"classification clearfix\\\">\\r\\n<div class=\\\"am-u-sm-12 am-u-md-5 \\\"><img src=\\\"\\/images\\/site\\/20231012104045_rie2a3mqih.jpg\\\" alt=\\\"X-LOCK Fiberglass Backing Pad\\\" \\/><\\/div>\\r\\n<div class=\\\"am-u-sm-12 am-u-md-7\\\">\\r\\n<h4 class=\\\"title\\\">X-LOCK Fiberglass Backing Pad<\\/h4>\\r\\n<span class=\\\"introduce\\\"> It elevate the performance and safety of your grinding and cutting operations. Engineered with the revolutionary X-LOCK mechanism, this backing pad offers quick and secure tool changes without the need for additional hardware. <\\/span> <span class=\\\"elementor-button-text GetAQuote\\\">Get A Quote \\u2014&gt;<\\/span><\\/div>\\r\\n<\\/div>\\r\\n<\\/div>\\r\\n<\\/div>\\r\\n<\\/section>\",\"fulltext\":\"\",\"state\":\"1\",\"catid\":8,\"created\":\"2025-04-10 06:11:21\",\"created_by\":\"91\",\"created_by_alias\":\"\",\"modified\":\"2025-04-10 07:08:25\",\"modified_by\":91,\"checked_out\":91,\"checked_out_time\":\"2025-04-10 07:07:39\",\"publish_up\":\"2025-04-10 06:11:21\",\"publish_down\":null,\"images\":\"{\\\"image_intro\\\":\\\"\\\",\\\"image_intro_alt\\\":\\\"\\\",\\\"float_intro\\\":\\\"\\\",\\\"image_intro_caption\\\":\\\"\\\",\\\"image_fulltext\\\":\\\"\\\",\\\"image_fulltext_alt\\\":\\\"\\\",\\\"float_fulltext\\\":\\\"\\\",\\\"image_fulltext_caption\\\":\\\"\\\"}\",\"urls\":\"{\\\"urla\\\":\\\"\\\",\\\"urlatext\\\":\\\"\\\",\\\"targeta\\\":\\\"\\\",\\\"urlb\\\":\\\"\\\",\\\"urlbtext\\\":\\\"\\\",\\\"targetb\\\":\\\"\\\",\\\"urlc\\\":\\\"\\\",\\\"urlctext\\\":\\\"\\\",\\\"targetc\\\":\\\"\\\"}\",\"attribs\":\"{\\\"article_layout\\\":\\\"\\\",\\\"show_title\\\":\\\"\\\",\\\"link_titles\\\":\\\"\\\",\\\"show_tags\\\":\\\"\\\",\\\"show_intro\\\":\\\"\\\",\\\"info_block_position\\\":\\\"\\\",\\\"info_block_show_title\\\":\\\"\\\",\\\"show_category\\\":\\\"\\\",\\\"link_category\\\":\\\"\\\",\\\"show_parent_category\\\":\\\"\\\",\\\"link_parent_category\\\":\\\"\\\",\\\"show_author\\\":\\\"\\\",\\\"link_author\\\":\\\"\\\",\\\"show_create_date\\\":\\\"\\\",\\\"show_modify_date\\\":\\\"\\\",\\\"show_publish_date\\\":\\\"\\\",\\\"show_item_navigation\\\":\\\"\\\",\\\"show_hits\\\":\\\"\\\",\\\"show_noauth\\\":\\\"\\\",\\\"urls_position\\\":\\\"\\\",\\\"alternative_readmore\\\":\\\"\\\",\\\"article_page_title\\\":\\\"\\\",\\\"show_publishing_options\\\":\\\"\\\",\\\"show_article_options\\\":\\\"\\\",\\\"show_urls_images_backend\\\":\\\"\\\",\\\"show_urls_images_frontend\\\":\\\"\\\"}\",\"version\":4,\"ordering\":6,\"metakey\":\"\",\"metadesc\":\"\",\"access\":1,\"hits\":0,\"metadata\":\"{\\\"robots\\\":\\\"\\\",\\\"author\\\":\\\"\\\",\\\"rights\\\":\\\"\\\"}\",\"featured\":\"0\",\"language\":\"*\",\"note\":\"\"}', 0);
INSERT INTO `joom5_history` (`version_id`, `item_id`, `version_note`, `save_date`, `editor_user_id`, `character_count`, `sha1_hash`, `version_data`, `keep_forever`) VALUES
(17, 'com_content.article.3', '', '2025-04-10 07:11:56', 91, 10490, '5186bd2425f0efd84e3fa0362e8d94d44b32dd14', '{\"id\":\"3\",\"asset_id\":108,\"title\":\"Flap Disc\",\"alias\":\"flap-disc\",\"introtext\":\"<section class=\\\"product-classification content-width\\\">\\r\\n<h3>We are always supporting you with best products.<\\/h3>\\r\\n<div class=\\\"am-g\\\">\\r\\n<div class=\\\"am-u-sm-12 am-u-md-6\\\">\\r\\n<div class=\\\"classification clearfix\\\">\\r\\n<div class=\\\"am-u-sm-12 am-u-md-5 \\\"><img src=\\\"\\/images\\/site\\/20231012142604_egw30jkox8.jpg\\\" alt=\\\"Aluminium Oxide flap disc\\\" \\/><\\/div>\\r\\n<div class=\\\"am-u-sm-12 am-u-md-7\\\">\\r\\n<h4 class=\\\"title\\\">Aluminium Oxide flap disc<\\/h4>\\r\\n<span class=\\\"introduce\\\"> Benefits:<br \\/> High quality Aluminium Oxide cloth<br \\/> Excellent performance and efficiencies on stainless steel<br \\/> Fast stocking removal<br \\/> Durable backing plate<br \\/> Good flexibility <\\/span> <span class=\\\"elementor-button-text GetAQuote\\\">Get A Quote \\u2014&gt;<\\/span><\\/div>\\r\\n<\\/div>\\r\\n<\\/div>\\r\\n<div class=\\\"am-u-sm-12 am-u-md-6\\\">\\r\\n<div class=\\\"classification clearfix\\\">\\r\\n<div class=\\\"am-u-sm-12 am-u-md-5 \\\"><img src=\\\"\\/images\\/site\\/20231012142516_57r7pota96.jpg\\\" alt=\\\"Ceramic Grain flap disc\\\" \\/><\\/div>\\r\\n<div class=\\\"am-u-sm-12 am-u-md-7\\\">\\r\\n<h4 class=\\\"title\\\">Ceramic Grain flap disc<\\/h4>\\r\\n<span class=\\\"introduce\\\"> Benefits:<br \\/> Wear resistance<br \\/> High stock removal<br \\/> Extra-long service life<br \\/> Excellent self-sharpening<br \\/> Good heat dissipation and no damage to the workpiece <\\/span> <span class=\\\"elementor-button-text GetAQuote\\\">Get A Quote \\u2014&gt;<\\/span><\\/div>\\r\\n<\\/div>\\r\\n<\\/div>\\r\\n<div class=\\\"am-u-sm-12 am-u-md-6\\\">\\r\\n<div class=\\\"classification clearfix\\\">\\r\\n<div class=\\\"am-u-sm-12 am-u-md-5 \\\"><img src=\\\"\\/images\\/site\\/20231012142548_a3rikvxu1m.jpg\\\" alt=\\\"Calcined Aluminium Oxide Flap Disc\\\" \\/><\\/div>\\r\\n<div class=\\\"am-u-sm-12 am-u-md-7\\\">\\r\\n<h4 class=\\\"title\\\">Calcined Aluminium Oxide Flap Disc<\\/h4>\\r\\n<span class=\\\"introduce\\\"> Benefits:<br \\/> After calcination, better strength and heat-resistant<br \\/> Long service time<br \\/> Sharper grinding ability<br \\/> Suitable for heavy load grinding<br \\/> Good heat dispersion <\\/span> <span class=\\\"elementor-button-text GetAQuote\\\">Get A Quote \\u2014&gt;<\\/span><\\/div>\\r\\n<\\/div>\\r\\n<\\/div>\\r\\n<div class=\\\"am-u-sm-12 am-u-md-6\\\">\\r\\n<div class=\\\"classification clearfix\\\">\\r\\n<div class=\\\"am-u-sm-12 am-u-md-5 \\\"><img src=\\\"\\/images\\/site\\/20231012142617_ek2yngvp2r.jpg\\\" alt=\\\"Zirconia Aluminium Flap Disc\\\" \\/><\\/div>\\r\\n<div class=\\\"am-u-sm-12 am-u-md-7\\\">\\r\\n<h4 class=\\\"title\\\">Zirconia Aluminium Flap Disc<\\/h4>\\r\\n<span class=\\\"introduce\\\"> Benefits:<br \\/> High-quality Zirconia Alumina cloth<br \\/> Durable backing plate<br \\/> High tensile and bending strength<br \\/> Good grinding effect<br \\/> Low noise and no clogging during grinding<br \\/> <\\/span> <span class=\\\"elementor-button-text GetAQuote\\\">Get A Quote \\u2014&gt;<\\/span><\\/div>\\r\\n<\\/div>\\r\\n<\\/div>\\r\\n<div class=\\\"am-u-sm-12 am-u-md-6\\\">\\r\\n<div class=\\\"classification clearfix\\\">\\r\\n<div class=\\\"am-u-sm-12 am-u-md-5 \\\"><img src=\\\"\\/uploads\\/395\\/image\\/public\\/202403\\/20240313144105_er4e24qx4h.jpg\\\" alt=\\\"Diamond Flap Disc\\\" \\/><\\/div>\\r\\n<div class=\\\"am-u-sm-12 am-u-md-7\\\">\\r\\n<h4 class=\\\"title\\\">Diamond Flap Disc<\\/h4>\\r\\n<span class=\\\"introduce\\\"> Benefits:<br \\/> High hardness and wear resistance<br \\/> Efficient cutting and grinding<br \\/> Good thermal stability<br \\/> Wide range of application<br \\/> <\\/span> <span class=\\\"elementor-button-text GetAQuote\\\">Get A Quote \\u2014&gt;<\\/span><\\/div>\\r\\n<\\/div>\\r\\n<\\/div>\\r\\n<div class=\\\"am-u-sm-12 am-u-md-6\\\">\\r\\n<div class=\\\"classification clearfix\\\">\\r\\n<div class=\\\"am-u-sm-12 am-u-md-5 \\\"><img src=\\\"\\/images\\/site\\/20231012145733_ff51en453r.jpg\\\" alt=\\\"Double Leaves Flap Disc\\\" \\/><\\/div>\\r\\n<div class=\\\"am-u-sm-12 am-u-md-7\\\">\\r\\n<h4 class=\\\"title\\\">Double Leaves Flap Disc<\\/h4>\\r\\n<span class=\\\"introduce\\\"> Benefits:<br \\/> Improve work efficiency<br \\/> Good heat dissipation performance<br \\/> Low noise and vibration<br \\/> High wear resistance and strength<br \\/> <\\/span> <span class=\\\"elementor-button-text GetAQuote\\\">Get A Quote \\u2014&gt;<\\/span><\\/div>\\r\\n<\\/div>\\r\\n<\\/div>\\r\\n<div class=\\\"am-u-sm-12 am-u-md-6\\\">\\r\\n<div class=\\\"classification clearfix\\\">\\r\\n<div class=\\\"am-u-sm-12 am-u-md-5 \\\"><img src=\\\"\\/images\\/site\\/20231012100347_mphyj4p3hn.jpg\\\" alt=\\\"Mini Flap Disc\\\" \\/><\\/div>\\r\\n<div class=\\\"am-u-sm-12 am-u-md-7\\\">\\r\\n<h4 class=\\\"title\\\">Mini Flap Disc<\\/h4>\\r\\n<span class=\\\"introduce\\\"> Benefits:<br \\/> Small and flexible<br \\/> Easy to control<br \\/> Strong adaptability<br \\/> Multiple functions<br \\/> <\\/span> <span class=\\\"elementor-button-text GetAQuote\\\">Get A Quote \\u2014&gt;<\\/span><\\/div>\\r\\n<\\/div>\\r\\n<\\/div>\\r\\n<div class=\\\"am-u-sm-12 am-u-md-6\\\">\\r\\n<div class=\\\"classification clearfix\\\">\\r\\n<div class=\\\"am-u-sm-12 am-u-md-5 \\\"><img src=\\\"\\/images\\/site\\/20231012093308_8hs3y9m1lu.jpg\\\" alt=\\\"Vertical flap disc\\\" \\/><\\/div>\\r\\n<div class=\\\"am-u-sm-12 am-u-md-7\\\">\\r\\n<h4 class=\\\"title\\\">Vertical flap disc<\\/h4>\\r\\n<span class=\\\"introduce\\\"> Benefits:<br \\/> High security<br \\/> High durability and long life<br \\/> Excellent grinding results<br \\/> Easy to install and use<br \\/> <\\/span> <span class=\\\"elementor-button-text GetAQuote\\\">Get A Quote \\u2014&gt;<\\/span><\\/div>\\r\\n<\\/div>\\r\\n<\\/div>\\r\\n<div class=\\\"am-u-sm-12 am-u-md-6\\\">\\r\\n<div class=\\\"classification clearfix\\\">\\r\\n<div class=\\\"am-u-sm-12 am-u-md-5 \\\"><img src=\\\"\\/images\\/site\\/20231012142347_icx3mahax7.jpg\\\" alt=\\\"Felt Disc\\\" \\/><\\/div>\\r\\n<div class=\\\"am-u-sm-12 am-u-md-7\\\">\\r\\n<h4 class=\\\"title\\\">Felt Disc<\\/h4>\\r\\n<span class=\\\"introduce\\\"> Benefits:<br \\/> High safety performance<br \\/> Easy to operate and clean<br \\/> Excellent polishing effect<br \\/> Strong adaptability<br \\/> <\\/span> <span class=\\\"elementor-button-text GetAQuote\\\">Get A Quote \\u2014&gt;<\\/span><\\/div>\\r\\n<\\/div>\\r\\n<\\/div>\\r\\n<div class=\\\"am-u-sm-12 am-u-md-6\\\">\\r\\n<div class=\\\"classification clearfix\\\">\\r\\n<div class=\\\"am-u-sm-12 am-u-md-5 \\\"><img src=\\\"\\/images\\/site\\/20231012142402_e3lpjqxn6t.jpg\\\" alt=\\\"Zirconia Radial Flap Disc\\\" \\/><\\/div>\\r\\n<div class=\\\"am-u-sm-12 am-u-md-7\\\">\\r\\n<h4 class=\\\"title\\\">Zirconia Radial Flap Disc<\\/h4>\\r\\n<span class=\\\"introduce\\\"> Benefits:<br \\/> Long life and stability<br \\/> High efficiency and quality<br \\/> Good heat dissipation performance<br \\/> Wide range of application<br \\/> <\\/span> <span class=\\\"elementor-button-text GetAQuote\\\">Get A Quote \\u2014&gt;<\\/span><\\/div>\\r\\n<\\/div>\\r\\n<\\/div>\\r\\n<div class=\\\"am-u-sm-12 am-u-md-6\\\">\\r\\n<div class=\\\"classification clearfix\\\">\\r\\n<div class=\\\"am-u-sm-12 am-u-md-5 \\\"><img src=\\\"\\/images\\/site\\/20231012142420_sarj61430m.jpg\\\" alt=\\\"Flower Flap Discs\\\" \\/><\\/div>\\r\\n<div class=\\\"am-u-sm-12 am-u-md-7\\\">\\r\\n<h4 class=\\\"title\\\">Flower Flap Discs<\\/h4>\\r\\n<span class=\\\"introduce\\\"> Benefits:<br \\/> Long life and durability<br \\/> Good heat dissipation performance<br \\/> Wide applicability<br \\/> Efficient grinding and polishing<br \\/> <\\/span> <span class=\\\"elementor-button-text GetAQuote\\\">Get A Quote \\u2014&gt;<\\/span><\\/div>\\r\\n<\\/div>\\r\\n<\\/div>\\r\\n<div class=\\\"am-u-sm-12 am-u-md-6\\\">\\r\\n<div class=\\\"classification clearfix\\\">\\r\\n<div class=\\\"am-u-sm-12 am-u-md-5 \\\"><img src=\\\"\\/images\\/site\\/20231012142436_t12lfi824e.jpg\\\" alt=\\\"Combined Flap Discs\\\" \\/><\\/div>\\r\\n<div class=\\\"am-u-sm-12 am-u-md-7\\\">\\r\\n<h4 class=\\\"title\\\">Combined Flap Discs<\\/h4>\\r\\n<span class=\\\"introduce\\\"> Benefits:<br \\/> High efficiency<br \\/> Versatility<br \\/> Easy to operate<br \\/> Cost effective<br \\/> <\\/span> <span class=\\\"elementor-button-text GetAQuote\\\">Get A Quote \\u2014&gt;<\\/span><\\/div>\\r\\n<\\/div>\\r\\n<\\/div>\\r\\n<div class=\\\"am-u-sm-12 am-u-md-6\\\">\\r\\n<div class=\\\"classification clearfix\\\">\\r\\n<div class=\\\"am-u-sm-12 am-u-md-5 \\\"><img src=\\\"\\/images\\/site\\/20231012142503_5i7b2y8kwt.jpg\\\" alt=\\\"Non Woven Flap Disc\\\" \\/><\\/div>\\r\\n<div class=\\\"am-u-sm-12 am-u-md-7\\\">\\r\\n<h4 class=\\\"title\\\">Non Woven Flap Disc<\\/h4>\\r\\n<span class=\\\"introduce\\\"> Benefits:<br \\/> Low noise and vibration<br \\/> Good wear resistance and durability<br \\/> Excellent surface finish<br \\/> Wide range of applications<br \\/> Easy to install and use<br \\/> <\\/span> <span class=\\\"elementor-button-text GetAQuote\\\">Get A Quote \\u2014&gt;<\\/span><\\/div>\\r\\n<\\/div>\\r\\n<\\/div>\\r\\n<div class=\\\"am-u-sm-12 am-u-md-6\\\">\\r\\n<div class=\\\"classification clearfix\\\">\\r\\n<div class=\\\"am-u-sm-12 am-u-md-5 \\\"><img src=\\\"\\/images\\/site\\/20231012142535_2au64m0b0w.jpg\\\" alt=\\\"Radial Flap Discs\\\" \\/><\\/div>\\r\\n<div class=\\\"am-u-sm-12 am-u-md-7\\\">\\r\\n<h4 class=\\\"title\\\">Radial Flap Discs<\\/h4>\\r\\n<span class=\\\"introduce\\\"> Benefits:<br \\/> Wide range of applications<br \\/> Excellent heat dissipation performance<br \\/> High grinding performance<br \\/> Strong adaptability<br \\/> <\\/span> <span class=\\\"elementor-button-text GetAQuote\\\">Get A Quote \\u2014&gt;<\\/span><\\/div>\\r\\n<\\/div>\\r\\n<\\/div>\\r\\n<\\/div>\\r\\n<\\/section>\",\"fulltext\":\"\",\"state\":\"1\",\"catid\":8,\"created\":\"2025-04-10 06:12:03\",\"created_by\":\"91\",\"created_by_alias\":\"\",\"modified\":\"2025-04-10 07:11:56\",\"modified_by\":91,\"checked_out\":91,\"checked_out_time\":\"2025-04-10 07:10:20\",\"publish_up\":\"2025-04-10 06:12:03\",\"publish_down\":null,\"images\":\"{\\\"image_intro\\\":\\\"\\\",\\\"image_intro_alt\\\":\\\"\\\",\\\"float_intro\\\":\\\"\\\",\\\"image_intro_caption\\\":\\\"\\\",\\\"image_fulltext\\\":\\\"\\\",\\\"image_fulltext_alt\\\":\\\"\\\",\\\"float_fulltext\\\":\\\"\\\",\\\"image_fulltext_caption\\\":\\\"\\\"}\",\"urls\":\"{\\\"urla\\\":\\\"\\\",\\\"urlatext\\\":\\\"\\\",\\\"targeta\\\":\\\"\\\",\\\"urlb\\\":\\\"\\\",\\\"urlbtext\\\":\\\"\\\",\\\"targetb\\\":\\\"\\\",\\\"urlc\\\":\\\"\\\",\\\"urlctext\\\":\\\"\\\",\\\"targetc\\\":\\\"\\\"}\",\"attribs\":\"{\\\"article_layout\\\":\\\"\\\",\\\"show_title\\\":\\\"\\\",\\\"link_titles\\\":\\\"\\\",\\\"show_tags\\\":\\\"\\\",\\\"show_intro\\\":\\\"\\\",\\\"info_block_position\\\":\\\"\\\",\\\"info_block_show_title\\\":\\\"\\\",\\\"show_category\\\":\\\"\\\",\\\"link_category\\\":\\\"\\\",\\\"show_parent_category\\\":\\\"\\\",\\\"link_parent_category\\\":\\\"\\\",\\\"show_author\\\":\\\"\\\",\\\"link_author\\\":\\\"\\\",\\\"show_create_date\\\":\\\"\\\",\\\"show_modify_date\\\":\\\"\\\",\\\"show_publish_date\\\":\\\"\\\",\\\"show_item_navigation\\\":\\\"\\\",\\\"show_hits\\\":\\\"\\\",\\\"show_noauth\\\":\\\"\\\",\\\"urls_position\\\":\\\"\\\",\\\"alternative_readmore\\\":\\\"\\\",\\\"article_page_title\\\":\\\"\\\",\\\"show_publishing_options\\\":\\\"\\\",\\\"show_article_options\\\":\\\"\\\",\\\"show_urls_images_backend\\\":\\\"\\\",\\\"show_urls_images_frontend\\\":\\\"\\\"}\",\"version\":3,\"ordering\":7,\"metakey\":\"\",\"metadesc\":\"\",\"access\":1,\"hits\":0,\"metadata\":\"{\\\"robots\\\":\\\"\\\",\\\"author\\\":\\\"\\\",\\\"rights\\\":\\\"\\\"}\",\"featured\":\"0\",\"language\":\"*\",\"note\":\"\"}', 0),
(18, 'com_content.article.5', '', '2025-04-10 07:14:40', 91, 5963, '2ada455f724152c8a324e1883fa3e071f707de4b', '{\"id\":\"5\",\"asset_id\":110,\"title\":\"Sanding Belt\",\"alias\":\"sanding-belt\",\"introtext\":\"<section class=\\\"product-classification content-width\\\">\\r\\n<h3>We are always supporting you with best products.<\\/h3>\\r\\n<div class=\\\"am-g\\\">\\r\\n<div class=\\\"am-u-sm-12 am-u-md-6\\\">\\r\\n<div class=\\\"classification clearfix\\\">\\r\\n<div class=\\\"am-u-sm-12 am-u-md-5\\\"><img src=\\\"\\/images\\/site\\/20231012111335_iu1q02x7g9.jpg\\\" alt=\\\"Alumina Oxide Abrasive Belt\\\" \\/><\\/div>\\r\\n<div class=\\\"am-u-sm-12 am-u-md-7\\\">\\r\\n<h4 class=\\\"title\\\">Alumina Oxide Abrasive Belt<\\/h4>\\r\\n<span class=\\\"introduce\\\"> High-performance grinding and finishing solution tailored for a multitude of industrial applications. Made with premium alumina oxide grains, this belt offers a superior balance of speed, consistency, and durability. <\\/span> <span class=\\\"elementor-button-text GetAQuote\\\">Get A Quote \\u2014&gt;<\\/span><\\/div>\\r\\n<\\/div>\\r\\n<\\/div>\\r\\n<div class=\\\"am-u-sm-12 am-u-md-6\\\">\\r\\n<div class=\\\"classification clearfix\\\">\\r\\n<div class=\\\"am-u-sm-12 am-u-md-5\\\"><img src=\\\"\\/images\\/site\\/20231012151539_98k3jvfnp8.jpg\\\" alt=\\\"Ceramic Grain Abrasive Belt\\\" \\/><\\/div>\\r\\n<div class=\\\"am-u-sm-12 am-u-md-7\\\">\\r\\n<h4 class=\\\"title\\\">Ceramic Grain Abrasive Belt<\\/h4>\\r\\n<span class=\\\"introduce\\\"> Top-tier abrasive solution specifically designed for the most demanding grinding and finishing tasks. Infused with high-quality ceramic grains, this belt offers unparalleled speed, longevity, and efficiency. <\\/span> <span class=\\\"elementor-button-text GetAQuote\\\">Get A Quote \\u2014&gt;<\\/span><\\/div>\\r\\n<\\/div>\\r\\n<\\/div>\\r\\n<div class=\\\"am-u-sm-12 am-u-md-6\\\">\\r\\n<div class=\\\"classification clearfix\\\">\\r\\n<div class=\\\"am-u-sm-12 am-u-md-5\\\"><img src=\\\"\\/images\\/site\\/20231012151625_qyrrjbm3py.jpg\\\" alt=\\\"Zirconia Alumina Abrasive Belt\\\" \\/><\\/div>\\r\\n<div class=\\\"am-u-sm-12 am-u-md-7\\\">\\r\\n<h4 class=\\\"title\\\">Zirconia Alumina Abrasive Belt<\\/h4>\\r\\n<span class=\\\"introduce\\\"> Industry-leading abrasive solution tailored for high-performance grinding and surface finishing. Manufactured with premium Zirconia Alumina grains, this belt offers an exceptional balance of speed, durability, and consistent performance. <\\/span> <span class=\\\"elementor-button-text GetAQuote\\\">Get A Quote \\u2014&gt;<\\/span><\\/div>\\r\\n<\\/div>\\r\\n<\\/div>\\r\\n<div class=\\\"am-u-sm-12 am-u-md-6\\\">\\r\\n<div class=\\\"classification clearfix\\\">\\r\\n<div class=\\\"am-u-sm-12 am-u-md-5\\\"><img src=\\\"\\/images\\/site\\/20231012151713_iidkgglii2.jpg\\\" alt=\\\"Silicon Carbide Abrasive Belt\\\" \\/><\\/div>\\r\\n<div class=\\\"am-u-sm-12 am-u-md-7\\\">\\r\\n<h4 class=\\\"title\\\">Silicon Carbide Abrasive Belt<\\/h4>\\r\\n<span class=\\\"introduce\\\"> Silicon Carbide Abrasive Belt, a high-efficiency abrasive tool specially engineered for intricate grinding and finishing tasks. Made with premium silicon carbide grains, this belt delivers superb performance, especially on hard and brittle materials. <\\/span> <span class=\\\"elementor-button-text GetAQuote\\\">Get A Quote \\u2014&gt;<\\/span><\\/div>\\r\\n<\\/div>\\r\\n<\\/div>\\r\\n<div class=\\\"am-u-sm-12 am-u-md-6\\\">\\r\\n<div class=\\\"classification clearfix\\\">\\r\\n<div class=\\\"am-u-sm-12 am-u-md-5\\\"><img src=\\\"\\/images\\/site\\/20231012151809_16rgdydady.jpg\\\" alt=\\\"Compact Abrasive Belt\\\" \\/><\\/div>\\r\\n<div class=\\\"am-u-sm-12 am-u-md-7\\\">\\r\\n<h4 class=\\\"title\\\">Compact Abrasive Belt<\\/h4>\\r\\n<span class=\\\"introduce\\\"> Versatile and efficient grinding solution designed for confined and precision-based industrial tasks. Created with high-quality abrasive grains, this compact belt offers unmatched performance in small-scale applications. <\\/span> <span class=\\\"elementor-button-text GetAQuote\\\">Get A Quote \\u2014&gt;<\\/span><\\/div>\\r\\n<\\/div>\\r\\n<\\/div>\\r\\n<div class=\\\"am-u-sm-12 am-u-md-6\\\">\\r\\n<div class=\\\"classification clearfix\\\">\\r\\n<div class=\\\"am-u-sm-12 am-u-md-5\\\"><img src=\\\"\\/images\\/site\\/20231012151851_ly6d47m8bx.jpg\\\" alt=\\\"Non-woven Abrasive Belt\\\" \\/><\\/div>\\r\\n<div class=\\\"am-u-sm-12 am-u-md-7\\\">\\r\\n<h4 class=\\\"title\\\">Non-woven Abrasive Belt<\\/h4>\\r\\n<span class=\\\"introduce\\\"> Unique abrasive solution designed for specialized surface finishing and conditioning tasks. Made from high-quality non-woven synthetic fibers, this belt offers a gentle yet effective abrasive action, ideal for delicate materials and finishes. <\\/span> <span class=\\\"elementor-button-text GetAQuote\\\">Get A Quote \\u2014&gt;<\\/span><\\/div>\\r\\n<\\/div>\\r\\n<\\/div>\\r\\n<\\/div>\\r\\n<\\/section>\",\"fulltext\":\"\",\"state\":\"1\",\"catid\":8,\"created\":\"2025-04-10 06:17:33\",\"created_by\":\"91\",\"created_by_alias\":\"\",\"modified\":\"2025-04-10 07:14:40\",\"modified_by\":91,\"checked_out\":91,\"checked_out_time\":\"2025-04-10 07:14:05\",\"publish_up\":\"2025-04-10 06:17:33\",\"publish_down\":null,\"images\":\"{\\\"image_intro\\\":\\\"\\\",\\\"image_intro_alt\\\":\\\"\\\",\\\"float_intro\\\":\\\"\\\",\\\"image_intro_caption\\\":\\\"\\\",\\\"image_fulltext\\\":\\\"\\\",\\\"image_fulltext_alt\\\":\\\"\\\",\\\"float_fulltext\\\":\\\"\\\",\\\"image_fulltext_caption\\\":\\\"\\\"}\",\"urls\":\"{\\\"urla\\\":\\\"\\\",\\\"urlatext\\\":\\\"\\\",\\\"targeta\\\":\\\"\\\",\\\"urlb\\\":\\\"\\\",\\\"urlbtext\\\":\\\"\\\",\\\"targetb\\\":\\\"\\\",\\\"urlc\\\":\\\"\\\",\\\"urlctext\\\":\\\"\\\",\\\"targetc\\\":\\\"\\\"}\",\"attribs\":\"{\\\"article_layout\\\":\\\"\\\",\\\"show_title\\\":\\\"\\\",\\\"link_titles\\\":\\\"\\\",\\\"show_tags\\\":\\\"\\\",\\\"show_intro\\\":\\\"\\\",\\\"info_block_position\\\":\\\"\\\",\\\"info_block_show_title\\\":\\\"\\\",\\\"show_category\\\":\\\"\\\",\\\"link_category\\\":\\\"\\\",\\\"show_parent_category\\\":\\\"\\\",\\\"link_parent_category\\\":\\\"\\\",\\\"show_author\\\":\\\"\\\",\\\"link_author\\\":\\\"\\\",\\\"show_create_date\\\":\\\"\\\",\\\"show_modify_date\\\":\\\"\\\",\\\"show_publish_date\\\":\\\"\\\",\\\"show_item_navigation\\\":\\\"\\\",\\\"show_hits\\\":\\\"\\\",\\\"show_noauth\\\":\\\"\\\",\\\"urls_position\\\":\\\"\\\",\\\"alternative_readmore\\\":\\\"\\\",\\\"article_page_title\\\":\\\"\\\",\\\"show_publishing_options\\\":\\\"\\\",\\\"show_article_options\\\":\\\"\\\",\\\"show_urls_images_backend\\\":\\\"\\\",\\\"show_urls_images_frontend\\\":\\\"\\\"}\",\"version\":2,\"ordering\":4,\"metakey\":\"\",\"metadesc\":\"\",\"access\":1,\"hits\":1,\"metadata\":\"{\\\"robots\\\":\\\"\\\",\\\"author\\\":\\\"\\\",\\\"rights\\\":\\\"\\\"}\",\"featured\":\"0\",\"language\":\"*\",\"note\":\"\"}', 0),
(19, 'com_content.article.3', '', '2025-04-10 07:17:41', 91, 10467, '723c7f57cd0195b0400762e5befe0a9bf48973a3', '{\"id\":\"3\",\"asset_id\":108,\"title\":\"Flap Disc\",\"alias\":\"flap-disc\",\"introtext\":\"<section class=\\\"product-classification content-width\\\">\\r\\n<h3>We are always supporting you with best products.<\\/h3>\\r\\n<div class=\\\"am-g\\\">\\r\\n<div class=\\\"am-u-sm-12 am-u-md-6\\\">\\r\\n<div class=\\\"classification clearfix\\\">\\r\\n<div class=\\\"am-u-sm-12 am-u-md-5 \\\"><img src=\\\"\\/images\\/site\\/20231012142604_egw30jkox8.jpg\\\" alt=\\\"Aluminium Oxide flap disc\\\" \\/><\\/div>\\r\\n<div class=\\\"am-u-sm-12 am-u-md-7\\\">\\r\\n<h4 class=\\\"title\\\">Aluminium Oxide flap disc<\\/h4>\\r\\n<span class=\\\"introduce\\\"> Benefits:<br \\/> High quality Aluminium Oxide cloth<br \\/> Excellent performance and efficiencies on stainless steel<br \\/> Fast stocking removal<br \\/> Durable backing plate<br \\/> Good flexibility <\\/span> <span class=\\\"elementor-button-text GetAQuote\\\">Get A Quote \\u2014&gt;<\\/span><\\/div>\\r\\n<\\/div>\\r\\n<\\/div>\\r\\n<div class=\\\"am-u-sm-12 am-u-md-6\\\">\\r\\n<div class=\\\"classification clearfix\\\">\\r\\n<div class=\\\"am-u-sm-12 am-u-md-5 \\\"><img src=\\\"\\/images\\/site\\/20231012142516_57r7pota96.jpg\\\" alt=\\\"Ceramic Grain flap disc\\\" \\/><\\/div>\\r\\n<div class=\\\"am-u-sm-12 am-u-md-7\\\">\\r\\n<h4 class=\\\"title\\\">Ceramic Grain flap disc<\\/h4>\\r\\n<span class=\\\"introduce\\\"> Benefits:<br \\/> Wear resistance<br \\/> High stock removal<br \\/> Extra-long service life<br \\/> Excellent self-sharpening<br \\/> Good heat dissipation and no damage to the workpiece <\\/span> <span class=\\\"elementor-button-text GetAQuote\\\">Get A Quote \\u2014&gt;<\\/span><\\/div>\\r\\n<\\/div>\\r\\n<\\/div>\\r\\n<div class=\\\"am-u-sm-12 am-u-md-6\\\">\\r\\n<div class=\\\"classification clearfix\\\">\\r\\n<div class=\\\"am-u-sm-12 am-u-md-5 \\\"><img src=\\\"\\/images\\/site\\/20231012142548_a3rikvxu1m.jpg\\\" alt=\\\"Calcined Aluminium Oxide Flap Disc\\\" \\/><\\/div>\\r\\n<div class=\\\"am-u-sm-12 am-u-md-7\\\">\\r\\n<h4 class=\\\"title\\\">Calcined Aluminium Oxide Flap Disc<\\/h4>\\r\\n<span class=\\\"introduce\\\"> Benefits:<br \\/> After calcination, better strength and heat-resistant<br \\/> Long service time<br \\/> Sharper grinding ability<br \\/> Suitable for heavy load grinding<br \\/> Good heat dispersion <\\/span> <span class=\\\"elementor-button-text GetAQuote\\\">Get A Quote \\u2014&gt;<\\/span><\\/div>\\r\\n<\\/div>\\r\\n<\\/div>\\r\\n<div class=\\\"am-u-sm-12 am-u-md-6\\\">\\r\\n<div class=\\\"classification clearfix\\\">\\r\\n<div class=\\\"am-u-sm-12 am-u-md-5 \\\"><img src=\\\"\\/images\\/site\\/20231012142617_ek2yngvp2r.jpg\\\" alt=\\\"Zirconia Aluminium Flap Disc\\\" \\/><\\/div>\\r\\n<div class=\\\"am-u-sm-12 am-u-md-7\\\">\\r\\n<h4 class=\\\"title\\\">Zirconia Aluminium Flap Disc<\\/h4>\\r\\n<span class=\\\"introduce\\\"> Benefits:<br \\/> High-quality Zirconia Alumina cloth<br \\/> Durable backing plate<br \\/> High tensile and bending strength<br \\/> Good grinding effect<br \\/> Low noise and no clogging during grinding<br \\/> <\\/span> <span class=\\\"elementor-button-text GetAQuote\\\">Get A Quote \\u2014&gt;<\\/span><\\/div>\\r\\n<\\/div>\\r\\n<\\/div>\\r\\n<div class=\\\"am-u-sm-12 am-u-md-6\\\">\\r\\n<div class=\\\"classification clearfix\\\">\\r\\n<div class=\\\"am-u-sm-12 am-u-md-5 \\\"><img src=\\\"\\/images\\/site\\/20240313144105_er4e24qx4h.jpg\\\" alt=\\\"Diamond Flap Disc\\\" \\/><\\/div>\\r\\n<div class=\\\"am-u-sm-12 am-u-md-7\\\">\\r\\n<h4 class=\\\"title\\\">Diamond Flap Disc<\\/h4>\\r\\n<span class=\\\"introduce\\\"> Benefits:<br \\/> High hardness and wear resistance<br \\/> Efficient cutting and grinding<br \\/> Good thermal stability<br \\/> Wide range of application<br \\/> <\\/span> <span class=\\\"elementor-button-text GetAQuote\\\">Get A Quote \\u2014&gt;<\\/span><\\/div>\\r\\n<\\/div>\\r\\n<\\/div>\\r\\n<div class=\\\"am-u-sm-12 am-u-md-6\\\">\\r\\n<div class=\\\"classification clearfix\\\">\\r\\n<div class=\\\"am-u-sm-12 am-u-md-5 \\\"><img src=\\\"\\/images\\/site\\/20231012145733_ff51en453r.jpg\\\" alt=\\\"Double Leaves Flap Disc\\\" \\/><\\/div>\\r\\n<div class=\\\"am-u-sm-12 am-u-md-7\\\">\\r\\n<h4 class=\\\"title\\\">Double Leaves Flap Disc<\\/h4>\\r\\n<span class=\\\"introduce\\\"> Benefits:<br \\/> Improve work efficiency<br \\/> Good heat dissipation performance<br \\/> Low noise and vibration<br \\/> High wear resistance and strength<br \\/> <\\/span> <span class=\\\"elementor-button-text GetAQuote\\\">Get A Quote \\u2014&gt;<\\/span><\\/div>\\r\\n<\\/div>\\r\\n<\\/div>\\r\\n<div class=\\\"am-u-sm-12 am-u-md-6\\\">\\r\\n<div class=\\\"classification clearfix\\\">\\r\\n<div class=\\\"am-u-sm-12 am-u-md-5 \\\"><img src=\\\"\\/images\\/site\\/20231012100347_mphyj4p3hn.jpg\\\" alt=\\\"Mini Flap Disc\\\" \\/><\\/div>\\r\\n<div class=\\\"am-u-sm-12 am-u-md-7\\\">\\r\\n<h4 class=\\\"title\\\">Mini Flap Disc<\\/h4>\\r\\n<span class=\\\"introduce\\\"> Benefits:<br \\/> Small and flexible<br \\/> Easy to control<br \\/> Strong adaptability<br \\/> Multiple functions<br \\/> <\\/span> <span class=\\\"elementor-button-text GetAQuote\\\">Get A Quote \\u2014&gt;<\\/span><\\/div>\\r\\n<\\/div>\\r\\n<\\/div>\\r\\n<div class=\\\"am-u-sm-12 am-u-md-6\\\">\\r\\n<div class=\\\"classification clearfix\\\">\\r\\n<div class=\\\"am-u-sm-12 am-u-md-5 \\\"><img src=\\\"\\/images\\/site\\/20231012093308_8hs3y9m1lu.jpg\\\" alt=\\\"Vertical flap disc\\\" \\/><\\/div>\\r\\n<div class=\\\"am-u-sm-12 am-u-md-7\\\">\\r\\n<h4 class=\\\"title\\\">Vertical flap disc<\\/h4>\\r\\n<span class=\\\"introduce\\\"> Benefits:<br \\/> High security<br \\/> High durability and long life<br \\/> Excellent grinding results<br \\/> Easy to install and use<br \\/> <\\/span> <span class=\\\"elementor-button-text GetAQuote\\\">Get A Quote \\u2014&gt;<\\/span><\\/div>\\r\\n<\\/div>\\r\\n<\\/div>\\r\\n<div class=\\\"am-u-sm-12 am-u-md-6\\\">\\r\\n<div class=\\\"classification clearfix\\\">\\r\\n<div class=\\\"am-u-sm-12 am-u-md-5 \\\"><img src=\\\"\\/images\\/site\\/20231012142347_icx3mahax7.jpg\\\" alt=\\\"Felt Disc\\\" \\/><\\/div>\\r\\n<div class=\\\"am-u-sm-12 am-u-md-7\\\">\\r\\n<h4 class=\\\"title\\\">Felt Disc<\\/h4>\\r\\n<span class=\\\"introduce\\\"> Benefits:<br \\/> High safety performance<br \\/> Easy to operate and clean<br \\/> Excellent polishing effect<br \\/> Strong adaptability<br \\/> <\\/span> <span class=\\\"elementor-button-text GetAQuote\\\">Get A Quote \\u2014&gt;<\\/span><\\/div>\\r\\n<\\/div>\\r\\n<\\/div>\\r\\n<div class=\\\"am-u-sm-12 am-u-md-6\\\">\\r\\n<div class=\\\"classification clearfix\\\">\\r\\n<div class=\\\"am-u-sm-12 am-u-md-5 \\\"><img src=\\\"\\/images\\/site\\/20231012142402_e3lpjqxn6t.jpg\\\" alt=\\\"Zirconia Radial Flap Disc\\\" \\/><\\/div>\\r\\n<div class=\\\"am-u-sm-12 am-u-md-7\\\">\\r\\n<h4 class=\\\"title\\\">Zirconia Radial Flap Disc<\\/h4>\\r\\n<span class=\\\"introduce\\\"> Benefits:<br \\/> Long life and stability<br \\/> High efficiency and quality<br \\/> Good heat dissipation performance<br \\/> Wide range of application<br \\/> <\\/span> <span class=\\\"elementor-button-text GetAQuote\\\">Get A Quote \\u2014&gt;<\\/span><\\/div>\\r\\n<\\/div>\\r\\n<\\/div>\\r\\n<div class=\\\"am-u-sm-12 am-u-md-6\\\">\\r\\n<div class=\\\"classification clearfix\\\">\\r\\n<div class=\\\"am-u-sm-12 am-u-md-5 \\\"><img src=\\\"\\/images\\/site\\/20231012142420_sarj61430m.jpg\\\" alt=\\\"Flower Flap Discs\\\" \\/><\\/div>\\r\\n<div class=\\\"am-u-sm-12 am-u-md-7\\\">\\r\\n<h4 class=\\\"title\\\">Flower Flap Discs<\\/h4>\\r\\n<span class=\\\"introduce\\\"> Benefits:<br \\/> Long life and durability<br \\/> Good heat dissipation performance<br \\/> Wide applicability<br \\/> Efficient grinding and polishing<br \\/> <\\/span> <span class=\\\"elementor-button-text GetAQuote\\\">Get A Quote \\u2014&gt;<\\/span><\\/div>\\r\\n<\\/div>\\r\\n<\\/div>\\r\\n<div class=\\\"am-u-sm-12 am-u-md-6\\\">\\r\\n<div class=\\\"classification clearfix\\\">\\r\\n<div class=\\\"am-u-sm-12 am-u-md-5 \\\"><img src=\\\"\\/images\\/site\\/20231012142436_t12lfi824e.jpg\\\" alt=\\\"Combined Flap Discs\\\" \\/><\\/div>\\r\\n<div class=\\\"am-u-sm-12 am-u-md-7\\\">\\r\\n<h4 class=\\\"title\\\">Combined Flap Discs<\\/h4>\\r\\n<span class=\\\"introduce\\\"> Benefits:<br \\/> High efficiency<br \\/> Versatility<br \\/> Easy to operate<br \\/> Cost effective<br \\/> <\\/span> <span class=\\\"elementor-button-text GetAQuote\\\">Get A Quote \\u2014&gt;<\\/span><\\/div>\\r\\n<\\/div>\\r\\n<\\/div>\\r\\n<div class=\\\"am-u-sm-12 am-u-md-6\\\">\\r\\n<div class=\\\"classification clearfix\\\">\\r\\n<div class=\\\"am-u-sm-12 am-u-md-5 \\\"><img src=\\\"\\/images\\/site\\/20231012142503_5i7b2y8kwt.jpg\\\" alt=\\\"Non Woven Flap Disc\\\" \\/><\\/div>\\r\\n<div class=\\\"am-u-sm-12 am-u-md-7\\\">\\r\\n<h4 class=\\\"title\\\">Non Woven Flap Disc<\\/h4>\\r\\n<span class=\\\"introduce\\\"> Benefits:<br \\/> Low noise and vibration<br \\/> Good wear resistance and durability<br \\/> Excellent surface finish<br \\/> Wide range of applications<br \\/> Easy to install and use<br \\/> <\\/span> <span class=\\\"elementor-button-text GetAQuote\\\">Get A Quote \\u2014&gt;<\\/span><\\/div>\\r\\n<\\/div>\\r\\n<\\/div>\\r\\n<div class=\\\"am-u-sm-12 am-u-md-6\\\">\\r\\n<div class=\\\"classification clearfix\\\">\\r\\n<div class=\\\"am-u-sm-12 am-u-md-5 \\\"><img src=\\\"\\/images\\/site\\/20231012142535_2au64m0b0w.jpg\\\" alt=\\\"Radial Flap Discs\\\" \\/><\\/div>\\r\\n<div class=\\\"am-u-sm-12 am-u-md-7\\\">\\r\\n<h4 class=\\\"title\\\">Radial Flap Discs<\\/h4>\\r\\n<span class=\\\"introduce\\\"> Benefits:<br \\/> Wide range of applications<br \\/> Excellent heat dissipation performance<br \\/> High grinding performance<br \\/> Strong adaptability<br \\/> <\\/span> <span class=\\\"elementor-button-text GetAQuote\\\">Get A Quote \\u2014&gt;<\\/span><\\/div>\\r\\n<\\/div>\\r\\n<\\/div>\\r\\n<\\/div>\\r\\n<\\/section>\",\"fulltext\":\"\",\"state\":\"1\",\"catid\":8,\"created\":\"2025-04-10 06:12:03\",\"created_by\":\"91\",\"created_by_alias\":\"\",\"modified\":\"2025-04-10 07:17:41\",\"modified_by\":91,\"checked_out\":91,\"checked_out_time\":\"2025-04-10 07:11:56\",\"publish_up\":\"2025-04-10 06:12:03\",\"publish_down\":null,\"images\":\"{\\\"image_intro\\\":\\\"\\\",\\\"image_intro_alt\\\":\\\"\\\",\\\"float_intro\\\":\\\"\\\",\\\"image_intro_caption\\\":\\\"\\\",\\\"image_fulltext\\\":\\\"\\\",\\\"image_fulltext_alt\\\":\\\"\\\",\\\"float_fulltext\\\":\\\"\\\",\\\"image_fulltext_caption\\\":\\\"\\\"}\",\"urls\":\"{\\\"urla\\\":\\\"\\\",\\\"urlatext\\\":\\\"\\\",\\\"targeta\\\":\\\"\\\",\\\"urlb\\\":\\\"\\\",\\\"urlbtext\\\":\\\"\\\",\\\"targetb\\\":\\\"\\\",\\\"urlc\\\":\\\"\\\",\\\"urlctext\\\":\\\"\\\",\\\"targetc\\\":\\\"\\\"}\",\"attribs\":\"{\\\"article_layout\\\":\\\"\\\",\\\"show_title\\\":\\\"\\\",\\\"link_titles\\\":\\\"\\\",\\\"show_tags\\\":\\\"\\\",\\\"show_intro\\\":\\\"\\\",\\\"info_block_position\\\":\\\"\\\",\\\"info_block_show_title\\\":\\\"\\\",\\\"show_category\\\":\\\"\\\",\\\"link_category\\\":\\\"\\\",\\\"show_parent_category\\\":\\\"\\\",\\\"link_parent_category\\\":\\\"\\\",\\\"show_author\\\":\\\"\\\",\\\"link_author\\\":\\\"\\\",\\\"show_create_date\\\":\\\"\\\",\\\"show_modify_date\\\":\\\"\\\",\\\"show_publish_date\\\":\\\"\\\",\\\"show_item_navigation\\\":\\\"\\\",\\\"show_hits\\\":\\\"\\\",\\\"show_noauth\\\":\\\"\\\",\\\"urls_position\\\":\\\"\\\",\\\"alternative_readmore\\\":\\\"\\\",\\\"article_page_title\\\":\\\"\\\",\\\"show_publishing_options\\\":\\\"\\\",\\\"show_article_options\\\":\\\"\\\",\\\"show_urls_images_backend\\\":\\\"\\\",\\\"show_urls_images_frontend\\\":\\\"\\\"}\",\"version\":4,\"ordering\":7,\"metakey\":\"\",\"metadesc\":\"\",\"access\":1,\"hits\":0,\"metadata\":\"{\\\"robots\\\":\\\"\\\",\\\"author\\\":\\\"\\\",\\\"rights\\\":\\\"\\\"}\",\"featured\":\"0\",\"language\":\"*\",\"note\":\"\"}', 0),
(20, 'com_content.article.4', '', '2025-04-10 07:21:09', 91, 6567, '53b0c4f8abb0d79d95f3ff222e980f300d3f9f43', '{\"id\":\"4\",\"asset_id\":109,\"title\":\"Grinding Disc\",\"alias\":\"grinding-disc\",\"introtext\":\"<section class=\\\"product-classification content-width\\\">\\r\\n<h3>We are always supporting you with best products.<\\/h3>\\r\\n<div class=\\\"am-g\\\">\\r\\n<div class=\\\"am-u-sm-12 am-u-md-6\\\">\\r\\n<div class=\\\"classification clearfix\\\">\\r\\n<div class=\\\"am-u-sm-12 am-u-md-5 \\\"><img src=\\\"\\/images\\/site\\/20231012151106_piayp31apy.jpg\\\" alt=\\\"Clean And Strip Disc\\\" \\/><\\/div>\\r\\n<div class=\\\"am-u-sm-12 am-u-md-7\\\">\\r\\n<h4 class=\\\"title\\\">Clean And Strip Disc<\\/h4>\\r\\n<span class=\\\"introduce\\\"> Specialized abrasive tool engineered for efficient surface cleaning and paint stripping applications. Manufactured with a unique blend of synthetic materials, this disc excels in removing coatings, rust, and adhesives without damaging the substrate. <\\/span> <span class=\\\"elementor-button-text GetAQuote\\\">Get A Quote \\u2014&gt;<\\/span><\\/div>\\r\\n<\\/div>\\r\\n<\\/div>\\r\\n<div class=\\\"am-u-sm-12 am-u-md-6\\\">\\r\\n<div class=\\\"classification clearfix\\\">\\r\\n<div class=\\\"am-u-sm-12 am-u-md-5 \\\"><img src=\\\"\\/images\\/site\\/20231012150739_le1jas6jd0.jpg\\\" alt=\\\"Metal Grinding Disc\\\" \\/><\\/div>\\r\\n<div class=\\\"am-u-sm-12 am-u-md-7\\\">\\r\\n<h4 class=\\\"title\\\">Metal Grinding Disc<\\/h4>\\r\\n<span class=\\\"introduce\\\"> State-of-the-art abrasive tool specifically engineered for high-performance metal grinding applications. Fabricated with top-grade abrasive grains, this disc provides an exceptional balance of fast material removal and long lifespan. <\\/span> <span class=\\\"elementor-button-text GetAQuote\\\">Get A Quote \\u2014&gt;<\\/span><\\/div>\\r\\n<\\/div>\\r\\n<\\/div>\\r\\n<div class=\\\"am-u-sm-12 am-u-md-6\\\">\\r\\n<div class=\\\"classification clearfix\\\">\\r\\n<div class=\\\"am-u-sm-12 am-u-md-5 \\\"><img src=\\\"\\/images\\/site\\/20231012150834_w26l7re422.jpg\\\" alt=\\\"Flexible Grinding Wheel\\\" \\/><\\/div>\\r\\n<div class=\\\"am-u-sm-12 am-u-md-7\\\">\\r\\n<h4 class=\\\"title\\\">Flexible Grinding Wheel<\\/h4>\\r\\n<span class=\\\"introduce\\\"> Innovative abrasive tool designed to deliver high-quality grinding results across a wide array of materials and applications. Crafted with specialized flexible bonding, this wheel offers a unique blend of performance and adaptability. <\\/span> <span class=\\\"elementor-button-text GetAQuote\\\">Get A Quote \\u2014&gt;<\\/span><\\/div>\\r\\n<\\/div>\\r\\n<\\/div>\\r\\n<div class=\\\"am-u-sm-12 am-u-md-6\\\">\\r\\n<div class=\\\"classification clearfix\\\">\\r\\n<div class=\\\"am-u-sm-12 am-u-md-5 \\\"><img src=\\\"\\/images\\/site\\/20231012150955_ef9jrc05h4.jpg\\\" alt=\\\"Grinding Disc\\\" \\/><\\/div>\\r\\n<div class=\\\"am-u-sm-12 am-u-md-7\\\">\\r\\n<h4 class=\\\"title\\\">Grinding Disc<\\/h4>\\r\\n<span class=\\\"introduce\\\"> Versatile and efficient abrasive tool designed for a broad range of grinding applications. Fabricated using premium-grade materials, this disc sets the standard for durability, performance, and cost-effectiveness. <\\/span> <span class=\\\"elementor-button-text GetAQuote\\\">Get A Quote \\u2014&gt;<\\/span><\\/div>\\r\\n<\\/div>\\r\\n<\\/div>\\r\\n<div class=\\\"am-u-sm-12 am-u-md-6\\\">\\r\\n<div class=\\\"classification clearfix\\\">\\r\\n<div class=\\\"am-u-sm-12 am-u-md-5 \\\"><img src=\\\"\\/images\\/site\\/20231012110328_d01k0c8ydl.jpg\\\" alt=\\\"Depressed Center Grinding Wheel\\\" \\/><\\/div>\\r\\n<div class=\\\"am-u-sm-12 am-u-md-7\\\">\\r\\n<h4 class=\\\"title\\\">Depressed Center Grinding Wheel<\\/h4>\\r\\n<span class=\\\"introduce\\\"> Specialized abrasive tool designed for high-performance grinding and cutting tasks. Built with a unique depressed center shape, it offers added clearance and better control, particularly in hard-to-reach areas. <\\/span> <span class=\\\"elementor-button-text GetAQuote\\\">Get A Quote \\u2014&gt;<\\/span><\\/div>\\r\\n<\\/div>\\r\\n<\\/div>\\r\\n<div class=\\\"am-u-sm-12 am-u-md-6\\\">\\r\\n<div class=\\\"classification clearfix\\\">\\r\\n<div class=\\\"am-u-sm-12 am-u-md-5 \\\"><img src=\\\"\\/images\\/site\\/20231012110942_1k9oyxo8dw.jpg\\\" alt=\\\"SG Ceramic Flexible Grinding Wheel\\\" \\/><\\/div>\\r\\n<div class=\\\"am-u-sm-12 am-u-md-7\\\">\\r\\n<h4 class=\\\"title\\\">SG Ceramic Flexible Grinding Wheel<\\/h4>\\r\\n<span class=\\\"introduce\\\"> Cutting-edge abrasive tool designed to excel in high-pressure grinding tasks. Utilizing proprietary SG ceramic grains, this wheel offers superior performance, adaptability, and a long operational life. <\\/span> <span class=\\\"elementor-button-text GetAQuote\\\">Get A Quote \\u2014&gt;<\\/span><\\/div>\\r\\n<\\/div>\\r\\n<\\/div>\\r\\n<div class=\\\"am-u-sm-12 am-u-md-6\\\">\\r\\n<div class=\\\"classification clearfix\\\">\\r\\n<div class=\\\"am-u-sm-12 am-u-md-5 \\\"><img src=\\\"\\/images\\/site\\/20231012142450_a0v4ijnsia.jpg\\\" alt=\\\"Felt Polishing pads\\\" \\/><\\/div>\\r\\n<div class=\\\"am-u-sm-12 am-u-md-7\\\">\\r\\n<h4 class=\\\"title\\\">Felt Polishing pads<\\/h4>\\r\\n<span class=\\\"introduce\\\"> Premium solution specifically engineered for high-quality polishing and buffing applications. Made from top-grade felt material, this pad is designed to deliver a flawless finish on a variety of surfaces. <\\/span> <span class=\\\"elementor-button-text GetAQuote\\\">Get A Quote \\u2014&gt;<\\/span><\\/div>\\r\\n<\\/div>\\r\\n<\\/div>\\r\\n<\\/div>\\r\\n<\\/section>\",\"fulltext\":\"\",\"state\":\"1\",\"catid\":8,\"created\":\"2025-04-10 06:14:21\",\"created_by\":\"91\",\"created_by_alias\":\"\",\"modified\":\"2025-04-10 07:21:09\",\"modified_by\":91,\"checked_out\":91,\"checked_out_time\":\"2025-04-10 07:20:26\",\"publish_up\":\"2025-04-10 06:14:21\",\"publish_down\":null,\"images\":\"{\\\"image_intro\\\":\\\"\\\",\\\"image_intro_alt\\\":\\\"\\\",\\\"float_intro\\\":\\\"\\\",\\\"image_intro_caption\\\":\\\"\\\",\\\"image_fulltext\\\":\\\"\\\",\\\"image_fulltext_alt\\\":\\\"\\\",\\\"float_fulltext\\\":\\\"\\\",\\\"image_fulltext_caption\\\":\\\"\\\"}\",\"urls\":\"{\\\"urla\\\":\\\"\\\",\\\"urlatext\\\":\\\"\\\",\\\"targeta\\\":\\\"\\\",\\\"urlb\\\":\\\"\\\",\\\"urlbtext\\\":\\\"\\\",\\\"targetb\\\":\\\"\\\",\\\"urlc\\\":\\\"\\\",\\\"urlctext\\\":\\\"\\\",\\\"targetc\\\":\\\"\\\"}\",\"attribs\":\"{\\\"article_layout\\\":\\\"\\\",\\\"show_title\\\":\\\"\\\",\\\"link_titles\\\":\\\"\\\",\\\"show_tags\\\":\\\"\\\",\\\"show_intro\\\":\\\"\\\",\\\"info_block_position\\\":\\\"\\\",\\\"info_block_show_title\\\":\\\"\\\",\\\"show_category\\\":\\\"\\\",\\\"link_category\\\":\\\"\\\",\\\"show_parent_category\\\":\\\"\\\",\\\"link_parent_category\\\":\\\"\\\",\\\"show_author\\\":\\\"\\\",\\\"link_author\\\":\\\"\\\",\\\"show_create_date\\\":\\\"\\\",\\\"show_modify_date\\\":\\\"\\\",\\\"show_publish_date\\\":\\\"\\\",\\\"show_item_navigation\\\":\\\"\\\",\\\"show_hits\\\":\\\"\\\",\\\"show_noauth\\\":\\\"\\\",\\\"urls_position\\\":\\\"\\\",\\\"alternative_readmore\\\":\\\"\\\",\\\"article_page_title\\\":\\\"\\\",\\\"show_publishing_options\\\":\\\"\\\",\\\"show_article_options\\\":\\\"\\\",\\\"show_urls_images_backend\\\":\\\"\\\",\\\"show_urls_images_frontend\\\":\\\"\\\"}\",\"version\":2,\"ordering\":5,\"metakey\":\"\",\"metadesc\":\"\",\"access\":1,\"hits\":2,\"metadata\":\"{\\\"robots\\\":\\\"\\\",\\\"author\\\":\\\"\\\",\\\"rights\\\":\\\"\\\"}\",\"featured\":\"0\",\"language\":\"*\",\"note\":\"\"}', 0),
(21, 'com_content.article.6', '', '2025-04-10 07:21:44', 91, 7245, '10d548bf4a8d7a32f8d31336cbb6c38b6dfa386b', '{\"id\":\"6\",\"asset_id\":111,\"title\":\"Flap Wheel\",\"alias\":\"flap-wheel\",\"introtext\":\"<section class=\\\"product-classification content-width\\\">\\r\\n<h3>We are always supporting you with best products.<\\/h3>\\r\\n<div class=\\\"am-g\\\">\\r\\n<div class=\\\"am-u-sm-12 am-u-md-6\\\">\\r\\n<div class=\\\"classification clearfix\\\">\\r\\n<div class=\\\"am-u-sm-12 am-u-md-5 \\\"><img src=\\\"\\/images\\/site\\/20231012152854_9rd054ja1q.jpg\\\" alt=\\\"Zirconia Alumina Flap Wheel  \\\" \\/><\\/div>\\r\\n<div class=\\\"am-u-sm-12 am-u-md-7\\\">\\r\\n<h4 class=\\\"title\\\">Zirconia Alumina Flap Wheel<\\/h4>\\r\\n<span class=\\\"introduce\\\"> High-end abrasive tool tailored for heavy-duty grinding and finishing tasks. Utilizing superior Zirconia Alumina grains, this flap wheel offers an outstanding balance of speed, durability, and consistent performance. <\\/span> <span class=\\\"elementor-button-text GetAQuote\\\">Get A Quote \\u2014&gt;<\\/span><\\/div>\\r\\n<\\/div>\\r\\n<\\/div>\\r\\n<div class=\\\"am-u-sm-12 am-u-md-6\\\">\\r\\n<div class=\\\"classification clearfix\\\">\\r\\n<div class=\\\"am-u-sm-12 am-u-md-5 \\\"><img src=\\\"\\/images\\/site\\/20231012152523_ecxidp1b5t.jpg\\\" alt=\\\"Aluminium Oxide Flap Wheel\\\" \\/><\\/div>\\r\\n<div class=\\\"am-u-sm-12 am-u-md-7\\\">\\r\\n<h4 class=\\\"title\\\">Aluminium Oxide Flap Wheel<\\/h4>\\r\\n<span class=\\\"introduce\\\"> Premium abrasive tool specifically designed for intricate grinding, finishing, and polishing applications. Fabricated with high-grade aluminium oxide, this flap wheel offers a blend of durability, efficiency, and precision. <\\/span> <span class=\\\"elementor-button-text GetAQuote\\\">Get A Quote \\u2014&gt;<\\/span><\\/div>\\r\\n<\\/div>\\r\\n<\\/div>\\r\\n<div class=\\\"am-u-sm-12 am-u-md-6\\\">\\r\\n<div class=\\\"classification clearfix\\\">\\r\\n<div class=\\\"am-u-sm-12 am-u-md-5 \\\"><img src=\\\"\\/images\\/site\\/20231012152616_3a5adqtc54.jpg\\\" alt=\\\"Abrasive Wire Flap Wheel\\\" \\/><\\/div>\\r\\n<div class=\\\"am-u-sm-12 am-u-md-7\\\">\\r\\n<h4 class=\\\"title\\\">Abrasive Wire Flap Wheel<\\/h4>\\r\\n<span class=\\\"introduce\\\"> Specialized abrasive tool engineered for unique finishing and deburring applications. Constructed with abrasive-infused wire bristles, this flap wheel excels in tasks requiring fine detail and intricate work. <\\/span> <span class=\\\"elementor-button-text GetAQuote\\\">Get A Quote \\u2014&gt;<\\/span><\\/div>\\r\\n<\\/div>\\r\\n<\\/div>\\r\\n<div class=\\\"am-u-sm-12 am-u-md-6\\\">\\r\\n<div class=\\\"classification clearfix\\\">\\r\\n<div class=\\\"am-u-sm-12 am-u-md-5 \\\"><img src=\\\"\\/images\\/site\\/20231012152714_w0xfwc2mtq.jpg\\\" alt=\\\"Special Shape Flap Wheel\\\" \\/><\\/div>\\r\\n<div class=\\\"am-u-sm-12 am-u-md-7\\\">\\r\\n<h4 class=\\\"title\\\">Special Shape Flap Wheel<\\/h4>\\r\\n<span class=\\\"introduce\\\"> Innovative abrasive tool meticulously designed for complex and specialized grinding applications. Its unique geometry makes it ideal for tackling intricate shapes and hard-to-reach areas. <\\/span> <span class=\\\"elementor-button-text GetAQuote\\\">Get A Quote \\u2014&gt;<\\/span><\\/div>\\r\\n<\\/div>\\r\\n<\\/div>\\r\\n<div class=\\\"am-u-sm-12 am-u-md-6\\\">\\r\\n<div class=\\\"classification clearfix\\\">\\r\\n<div class=\\\"am-u-sm-12 am-u-md-5 \\\"><img src=\\\"\\/images\\/site\\/20231012152812_hceq9w3ruc.jpg\\\" alt=\\\"Non-Woven Flap Wheel\\\" \\/><\\/div>\\r\\n<div class=\\\"am-u-sm-12 am-u-md-7\\\">\\r\\n<h4 class=\\\"title\\\">Non-Woven Flap Wheel<\\/h4>\\r\\n<span class=\\\"introduce\\\"> Highly specialized abrasive tool, uniquely designed for simultaneous grinding and finishing applications. Featuring a combination of abrasive flaps and non-woven material, this flap wheel ensures optimal surface quality and efficient material removal. <\\/span> <span class=\\\"elementor-button-text GetAQuote\\\">Get A Quote \\u2014&gt;<\\/span><\\/div>\\r\\n<\\/div>\\r\\n<\\/div>\\r\\n<div class=\\\"am-u-sm-12 am-u-md-6\\\">\\r\\n<div class=\\\"classification clearfix\\\">\\r\\n<div class=\\\"am-u-sm-12 am-u-md-5 \\\"><img src=\\\"\\/images\\/site\\/20231012111733_rtmxqf7ypq.jpg\\\" alt=\\\"Silicon Carbide Flap Wheel\\\" \\/><\\/div>\\r\\n<div class=\\\"am-u-sm-12 am-u-md-7\\\">\\r\\n<h4 class=\\\"title\\\">Silicon Carbide Flap Wheel<\\/h4>\\r\\n<span class=\\\"introduce\\\"> High-performance abrasive tool specifically engineered for intricate grinding and surface finishing. Infused with premium silicon carbide grains, this flap wheel excels in tasks requiring fine detailing and works exceptionally well on hard and brittle materials. <\\/span> <span class=\\\"elementor-button-text GetAQuote\\\">Get A Quote \\u2014&gt;<\\/span><\\/div>\\r\\n<\\/div>\\r\\n<\\/div>\\r\\n<div class=\\\"am-u-sm-12 am-u-md-6\\\">\\r\\n<div class=\\\"classification clearfix\\\">\\r\\n<div class=\\\"am-u-sm-12 am-u-md-5 \\\"><img src=\\\"\\/images\\/site\\/20231012152939_7cqoj934aw.jpg\\\" alt=\\\" Flap Wheel With Shaft\\\" \\/><\\/div>\\r\\n<div class=\\\"am-u-sm-12 am-u-md-7\\\">\\r\\n<h4 class=\\\"title\\\">Flap Wheel With Shaft<\\/h4>\\r\\n<span class=\\\"introduce\\\"> Advanced abrasive tool designed for versatile grinding and finishing tasks. Featuring an integrated shaft for easy mounting, this flap wheel is an all-in-one solution for a variety of industrial applications. <\\/span> <span class=\\\"elementor-button-text GetAQuote\\\">Get A Quote \\u2014&gt;<\\/span><\\/div>\\r\\n<\\/div>\\r\\n<\\/div>\\r\\n<div class=\\\"am-u-sm-12 am-u-md-6\\\">\\r\\n<div class=\\\"classification clearfix\\\">\\r\\n<div class=\\\"am-u-sm-12 am-u-md-5 \\\"><img src=\\\"\\/images\\/site\\/20231012153029_0rujlw1do5.jpg\\\" alt=\\\"Mounted Flap Wheel\\\" \\/><\\/div>\\r\\n<div class=\\\"am-u-sm-12 am-u-md-7\\\">\\r\\n<h4 class=\\\"title\\\">Mounted Flap Wheel<\\/h4>\\r\\n<span class=\\\"introduce\\\"> Premium abrasive tool engineered for precision grinding and finishing. Equipped with a pre-mounted shank, this flap wheel offers ease of use and quick setup, streamlining your grinding operations. <\\/span> <span class=\\\"elementor-button-text GetAQuote\\\">Get A Quote \\u2014&gt;<\\/span><\\/div>\\r\\n<\\/div>\\r\\n<\\/div>\\r\\n<\\/div>\\r\\n<\\/section>\",\"fulltext\":\"\",\"state\":\"1\",\"catid\":8,\"created\":\"2025-04-10 06:18:50\",\"created_by\":\"91\",\"created_by_alias\":\"\",\"modified\":\"2025-04-10 07:21:44\",\"modified_by\":91,\"checked_out\":91,\"checked_out_time\":\"2025-04-10 07:21:17\",\"publish_up\":\"2025-04-10 06:18:50\",\"publish_down\":null,\"images\":\"{\\\"image_intro\\\":\\\"\\\",\\\"image_intro_alt\\\":\\\"\\\",\\\"float_intro\\\":\\\"\\\",\\\"image_intro_caption\\\":\\\"\\\",\\\"image_fulltext\\\":\\\"\\\",\\\"image_fulltext_alt\\\":\\\"\\\",\\\"float_fulltext\\\":\\\"\\\",\\\"image_fulltext_caption\\\":\\\"\\\"}\",\"urls\":\"{\\\"urla\\\":\\\"\\\",\\\"urlatext\\\":\\\"\\\",\\\"targeta\\\":\\\"\\\",\\\"urlb\\\":\\\"\\\",\\\"urlbtext\\\":\\\"\\\",\\\"targetb\\\":\\\"\\\",\\\"urlc\\\":\\\"\\\",\\\"urlctext\\\":\\\"\\\",\\\"targetc\\\":\\\"\\\"}\",\"attribs\":\"{\\\"article_layout\\\":\\\"\\\",\\\"show_title\\\":\\\"\\\",\\\"link_titles\\\":\\\"\\\",\\\"show_tags\\\":\\\"\\\",\\\"show_intro\\\":\\\"\\\",\\\"info_block_position\\\":\\\"\\\",\\\"info_block_show_title\\\":\\\"\\\",\\\"show_category\\\":\\\"\\\",\\\"link_category\\\":\\\"\\\",\\\"show_parent_category\\\":\\\"\\\",\\\"link_parent_category\\\":\\\"\\\",\\\"show_author\\\":\\\"\\\",\\\"link_author\\\":\\\"\\\",\\\"show_create_date\\\":\\\"\\\",\\\"show_modify_date\\\":\\\"\\\",\\\"show_publish_date\\\":\\\"\\\",\\\"show_item_navigation\\\":\\\"\\\",\\\"show_hits\\\":\\\"\\\",\\\"show_noauth\\\":\\\"\\\",\\\"urls_position\\\":\\\"\\\",\\\"alternative_readmore\\\":\\\"\\\",\\\"article_page_title\\\":\\\"\\\",\\\"show_publishing_options\\\":\\\"\\\",\\\"show_article_options\\\":\\\"\\\",\\\"show_urls_images_backend\\\":\\\"\\\",\\\"show_urls_images_frontend\\\":\\\"\\\"}\",\"version\":2,\"ordering\":3,\"metakey\":\"\",\"metadesc\":\"\",\"access\":1,\"hits\":0,\"metadata\":\"{\\\"robots\\\":\\\"\\\",\\\"author\\\":\\\"\\\",\\\"rights\\\":\\\"\\\"}\",\"featured\":\"0\",\"language\":\"*\",\"note\":\"\"}', 0);
INSERT INTO `joom5_history` (`version_id`, `item_id`, `version_note`, `save_date`, `editor_user_id`, `character_count`, `sha1_hash`, `version_data`, `keep_forever`) VALUES
(22, 'com_content.article.7', '', '2025-04-10 07:22:17', 91, 8065, '13e99f26dc40acc455493c78a858735cf4a7c9b1', '{\"id\":\"7\",\"asset_id\":112,\"title\":\"Cutting Disc\",\"alias\":\"cutting-disc\",\"introtext\":\"<section class=\\\"product-classification content-width\\\">\\r\\n<h3>We are always supporting you with best products.<\\/h3>\\r\\n<div class=\\\"am-g\\\">\\r\\n<div class=\\\"am-u-sm-12 am-u-md-6\\\">\\r\\n<div class=\\\"classification clearfix\\\">\\r\\n<div class=\\\"am-u-sm-12 am-u-md-5 \\\"><img src=\\\"\\/images\\/site\\/20231013143321_angmyas85e.jpg\\\" alt=\\\"Super Thin Cutting Disc\\\" \\/><\\/div>\\r\\n<div class=\\\"am-u-sm-12 am-u-md-7\\\">\\r\\n<h4 class=\\\"title\\\">Super Thin Cutting Disc<\\/h4>\\r\\n<span class=\\\"introduce\\\"> State-of-the-art abrasive tool designed for precision cutting applications. Engineered with a super-thin profile, this cutting disc excels in tasks requiring high levels of accuracy and minimal material loss. <\\/span> <span class=\\\"elementor-button-text GetAQuote\\\">Get A Quote \\u2014&gt;<\\/span><\\/div>\\r\\n<\\/div>\\r\\n<\\/div>\\r\\n<div class=\\\"am-u-sm-12 am-u-md-6\\\">\\r\\n<div class=\\\"classification clearfix\\\">\\r\\n<div class=\\\"am-u-sm-12 am-u-md-5 \\\"><img src=\\\"\\/images\\/site\\/20231012165002_x3p03dia2x.jpg\\\" alt=\\\"3 Inch Cutting Disc\\\" \\/><\\/div>\\r\\n<div class=\\\"am-u-sm-12 am-u-md-7\\\">\\r\\n<h4 class=\\\"title\\\">3 Inch Cutting Disc<\\/h4>\\r\\n<span class=\\\"introduce\\\"> Compact yet powerful abrasive tool engineered for precision cutting tasks across various materials. Its 3-inch diameter offers the perfect balance between size and performance, making it ideal for both industrial and DIY applications. <\\/span> <span class=\\\"elementor-button-text GetAQuote\\\">Get A Quote \\u2014&gt;<\\/span><\\/div>\\r\\n<\\/div>\\r\\n<\\/div>\\r\\n<div class=\\\"am-u-sm-12 am-u-md-6\\\">\\r\\n<div class=\\\"classification clearfix\\\">\\r\\n<div class=\\\"am-u-sm-12 am-u-md-5 \\\"><img src=\\\"\\/images\\/site\\/20231012162920_peyjdso1su.jpg\\\" alt=\\\"400mm Cutting Wheel\\\" \\/><\\/div>\\r\\n<div class=\\\"am-u-sm-12 am-u-md-7\\\">\\r\\n<h4 class=\\\"title\\\">400mm Cutting Wheel<\\/h4>\\r\\n<span class=\\\"introduce\\\"> Large-diameter abrasive tool engineered for heavy-duty cutting operations. Designed with premium abrasive grains, this cutting wheel is suitable for a range of materials, offering both speed and precision on a large scale. <\\/span> <span class=\\\"elementor-button-text GetAQuote\\\">Get A Quote \\u2014&gt;<\\/span><\\/div>\\r\\n<\\/div>\\r\\n<\\/div>\\r\\n<div class=\\\"am-u-sm-12 am-u-md-6\\\">\\r\\n<div class=\\\"classification clearfix\\\">\\r\\n<div class=\\\"am-u-sm-12 am-u-md-5 \\\"><img src=\\\"\\/uploads\\/395\\/image\\/public\\/202501\\/20250116152626_q7feyms28d.jpg\\\" alt=\\\"Diamond Cutting Saw Blades\\\" \\/><\\/div>\\r\\n<div class=\\\"am-u-sm-12 am-u-md-7\\\">\\r\\n<h4 class=\\\"title\\\">Diamond Cutting Saw Blades<\\/h4>\\r\\n<span class=\\\"introduce\\\"> With diamond coated edge, cuts hard materials. Used across industries, it offers precision, long lasting performance, and high speed cuts for enhanced productivity. <\\/span> <span class=\\\"elementor-button-text GetAQuote\\\">Get A Quote \\u2014&gt;<\\/span><\\/div>\\r\\n<\\/div>\\r\\n<\\/div>\\r\\n<div class=\\\"am-u-sm-12 am-u-md-6\\\">\\r\\n<div class=\\\"classification clearfix\\\">\\r\\n<div class=\\\"am-u-sm-12 am-u-md-5 \\\"><img src=\\\"\\/images\\/site\\/20231012162627_jky2y0mvkq.jpg\\\" alt=\\\"Cut Off Wheel For Stone \\\" \\/><\\/div>\\r\\n<div class=\\\"am-u-sm-12 am-u-md-7\\\">\\r\\n<h4 class=\\\"title\\\">Cut Off Wheel For Stone<\\/h4>\\r\\n<span class=\\\"introduce\\\"> This specialized abrasive tool, crafted with a unique blend of high - quality grains, is meticulously engineered for stone cutting. It ensures efficient, precise cuts on various stones, including granite, marble, and limestone, for top - notch results. <\\/span> <span class=\\\"elementor-button-text GetAQuote\\\">Get A Quote \\u2014&gt;<\\/span><\\/div>\\r\\n<\\/div>\\r\\n<\\/div>\\r\\n<div class=\\\"am-u-sm-12 am-u-md-6\\\">\\r\\n<div class=\\\"classification clearfix\\\">\\r\\n<div class=\\\"am-u-sm-12 am-u-md-5 \\\"><img src=\\\"\\/images\\/site\\/20231012162730_qsbb8mc21i.jpg\\\" alt=\\\"Cut Off Wheel For Metals\\\" \\/><\\/div>\\r\\n<div class=\\\"am-u-sm-12 am-u-md-7\\\">\\r\\n<h4 class=\\\"title\\\">Cut Off Wheel For Metals<\\/h4>\\r\\n<span class=\\\"introduce\\\"> Dedicated abrasive tool designed for efficient and precise cutting of non-ferrous materials like aluminum, copper, and brass. Crafted with specialized abrasive grains, this wheel ensures optimal performance tailored to non-ferrous metal applications. <\\/span> <span class=\\\"elementor-button-text GetAQuote\\\">Get A Quote \\u2014&gt;<\\/span><\\/div>\\r\\n<\\/div>\\r\\n<\\/div>\\r\\n<div class=\\\"am-u-sm-12 am-u-md-6\\\">\\r\\n<div class=\\\"classification clearfix\\\">\\r\\n<div class=\\\"am-u-sm-12 am-u-md-5 \\\"><img src=\\\"\\/images\\/site\\/20231012162835_dejvjqdxcm.jpg\\\" alt=\\\"Stainless Steel Cutting Discs\\\" \\/><\\/div>\\r\\n<div class=\\\"am-u-sm-12 am-u-md-7\\\">\\r\\n<h4 class=\\\"title\\\">Stainless Steel Cutting Discs<\\/h4>\\r\\n<span class=\\\"introduce\\\"> Premium abrasive tool designed specifically for the efficient and precise cutting of stainless steel materials. Formulated with specialized abrasive grains, this cutting disc offers optimal performance tailored to stainless steel applications. <\\/span> <span class=\\\"elementor-button-text GetAQuote\\\">Get A Quote \\u2014&gt;<\\/span><\\/div>\\r\\n<\\/div>\\r\\n<\\/div>\\r\\n<div class=\\\"am-u-sm-12 am-u-md-6\\\">\\r\\n<div class=\\\"classification clearfix\\\">\\r\\n<div class=\\\"am-u-sm-12 am-u-md-5 \\\"><img src=\\\"\\/images\\/site\\/20231012163020_fdo0v1g9h9.jpg\\\" alt=\\\"Cutting Disc With Threaded Arbor\\\" \\/><\\/div>\\r\\n<div class=\\\"am-u-sm-12 am-u-md-7\\\">\\r\\n<h4 class=\\\"title\\\">Cutting Disc With Threaded Arbor<\\/h4>\\r\\n<span class=\\\"introduce\\\"> This innovative abrasive tool is ingeniously designed with a threaded arbor, ensuring fast and secure mounting. It completely eliminates the need for additional hardware, making it an ideal and convenient choice for a wide range of industrial applications. <\\/span> <span class=\\\"elementor-button-text GetAQuote\\\">Get A Quote \\u2014&gt;<\\/span><\\/div>\\r\\n<\\/div>\\r\\n<\\/div>\\r\\n<div class=\\\"am-u-sm-12 am-u-md-6\\\">\\r\\n<div class=\\\"classification clearfix\\\">\\r\\n<div class=\\\"am-u-sm-12 am-u-md-5 \\\"><img src=\\\"\\/images\\/site\\/20231012163114_jgirc0iq7u.jpg\\\" alt=\\\"Depressed Center Cutting Wheel\\\" \\/><\\/div>\\r\\n<div class=\\\"am-u-sm-12 am-u-md-7\\\">\\r\\n<h4 class=\\\"title\\\">Depressed Center Cutting Wheel<\\/h4>\\r\\n<span class=\\\"introduce\\\"> Advanced abrasive tool specifically designed for high-performance cutting applications. The depressed center design enables better alignment and control, making it ideal for various industrial and construction projects. <\\/span> <span class=\\\"elementor-button-text GetAQuote\\\">Get A Quote \\u2014&gt;<\\/span><\\/div>\\r\\n<\\/div>\\r\\n<\\/div>\\r\\n<\\/div>\\r\\n<\\/section>\",\"fulltext\":\"\",\"state\":\"1\",\"catid\":8,\"created\":\"2025-04-10 06:21:09\",\"created_by\":\"91\",\"created_by_alias\":\"\",\"modified\":\"2025-04-10 07:22:17\",\"modified_by\":91,\"checked_out\":91,\"checked_out_time\":\"2025-04-10 07:21:46\",\"publish_up\":\"2025-04-10 06:21:09\",\"publish_down\":null,\"images\":\"{\\\"image_intro\\\":\\\"\\\",\\\"image_intro_alt\\\":\\\"\\\",\\\"float_intro\\\":\\\"\\\",\\\"image_intro_caption\\\":\\\"\\\",\\\"image_fulltext\\\":\\\"\\\",\\\"image_fulltext_alt\\\":\\\"\\\",\\\"float_fulltext\\\":\\\"\\\",\\\"image_fulltext_caption\\\":\\\"\\\"}\",\"urls\":\"{\\\"urla\\\":\\\"\\\",\\\"urlatext\\\":\\\"\\\",\\\"targeta\\\":\\\"\\\",\\\"urlb\\\":\\\"\\\",\\\"urlbtext\\\":\\\"\\\",\\\"targetb\\\":\\\"\\\",\\\"urlc\\\":\\\"\\\",\\\"urlctext\\\":\\\"\\\",\\\"targetc\\\":\\\"\\\"}\",\"attribs\":\"{\\\"article_layout\\\":\\\"\\\",\\\"show_title\\\":\\\"\\\",\\\"link_titles\\\":\\\"\\\",\\\"show_tags\\\":\\\"\\\",\\\"show_intro\\\":\\\"\\\",\\\"info_block_position\\\":\\\"\\\",\\\"info_block_show_title\\\":\\\"\\\",\\\"show_category\\\":\\\"\\\",\\\"link_category\\\":\\\"\\\",\\\"show_parent_category\\\":\\\"\\\",\\\"link_parent_category\\\":\\\"\\\",\\\"show_author\\\":\\\"\\\",\\\"link_author\\\":\\\"\\\",\\\"show_create_date\\\":\\\"\\\",\\\"show_modify_date\\\":\\\"\\\",\\\"show_publish_date\\\":\\\"\\\",\\\"show_item_navigation\\\":\\\"\\\",\\\"show_hits\\\":\\\"\\\",\\\"show_noauth\\\":\\\"\\\",\\\"urls_position\\\":\\\"\\\",\\\"alternative_readmore\\\":\\\"\\\",\\\"article_page_title\\\":\\\"\\\",\\\"show_publishing_options\\\":\\\"\\\",\\\"show_article_options\\\":\\\"\\\",\\\"show_urls_images_backend\\\":\\\"\\\",\\\"show_urls_images_frontend\\\":\\\"\\\"}\",\"version\":2,\"ordering\":2,\"metakey\":\"\",\"metadesc\":\"\",\"access\":1,\"hits\":0,\"metadata\":\"{\\\"robots\\\":\\\"\\\",\\\"author\\\":\\\"\\\",\\\"rights\\\":\\\"\\\"}\",\"featured\":\"0\",\"language\":\"*\",\"note\":\"\"}', 0),
(23, 'com_content.article.8', '', '2025-04-10 07:22:46', 91, 2446, 'bfa34e6f08952e52298945f0509559a41a9ea481', '{\"id\":\"8\",\"asset_id\":113,\"title\":\"Sanding Paper\",\"alias\":\"sanding-paper\",\"introtext\":\"<section class=\\\"product-classification content-width\\\">\\r\\n<h3>We are always supporting you with best products.<\\/h3>\\r\\n<div class=\\\"am-g\\\">\\r\\n<div class=\\\"am-u-sm-12 am-u-md-6\\\">\\r\\n<div class=\\\"classification clearfix\\\">\\r\\n<div class=\\\"am-u-sm-12 am-u-md-5 \\\"><img src=\\\"\\/images\\/site\\/20231012111908_hg89v5ayrd.jpg\\\" alt=\\\"Waterproof Sandpaper\\\" \\/><\\/div>\\r\\n<div class=\\\"am-u-sm-12 am-u-md-7\\\">\\r\\n<h4 class=\\\"title\\\">Waterproof Sandpaper<\\/h4>\\r\\n<span class=\\\"introduce\\\"> Cutting-edge abrasive solution engineered for wet sanding applications. Manufactured with a water-resistant backing and premium abrasive grains, provides consistent and reliable performance in both wet and dry conditions. <\\/span> <span class=\\\"elementor-button-text GetAQuote\\\">Get A Quote \\u2014&gt;<\\/span><\\/div>\\r\\n<\\/div>\\r\\n<\\/div>\\r\\n<\\/div>\\r\\n<\\/section>\",\"fulltext\":\"\",\"state\":\"1\",\"catid\":8,\"created\":\"2025-04-10 06:21:52\",\"created_by\":\"91\",\"created_by_alias\":\"\",\"modified\":\"2025-04-10 07:22:46\",\"modified_by\":91,\"checked_out\":91,\"checked_out_time\":\"2025-04-10 07:22:19\",\"publish_up\":\"2025-04-10 06:21:52\",\"publish_down\":null,\"images\":\"{\\\"image_intro\\\":\\\"\\\",\\\"image_intro_alt\\\":\\\"\\\",\\\"float_intro\\\":\\\"\\\",\\\"image_intro_caption\\\":\\\"\\\",\\\"image_fulltext\\\":\\\"\\\",\\\"image_fulltext_alt\\\":\\\"\\\",\\\"float_fulltext\\\":\\\"\\\",\\\"image_fulltext_caption\\\":\\\"\\\"}\",\"urls\":\"{\\\"urla\\\":\\\"\\\",\\\"urlatext\\\":\\\"\\\",\\\"targeta\\\":\\\"\\\",\\\"urlb\\\":\\\"\\\",\\\"urlbtext\\\":\\\"\\\",\\\"targetb\\\":\\\"\\\",\\\"urlc\\\":\\\"\\\",\\\"urlctext\\\":\\\"\\\",\\\"targetc\\\":\\\"\\\"}\",\"attribs\":\"{\\\"article_layout\\\":\\\"\\\",\\\"show_title\\\":\\\"\\\",\\\"link_titles\\\":\\\"\\\",\\\"show_tags\\\":\\\"\\\",\\\"show_intro\\\":\\\"\\\",\\\"info_block_position\\\":\\\"\\\",\\\"info_block_show_title\\\":\\\"\\\",\\\"show_category\\\":\\\"\\\",\\\"link_category\\\":\\\"\\\",\\\"show_parent_category\\\":\\\"\\\",\\\"link_parent_category\\\":\\\"\\\",\\\"show_author\\\":\\\"\\\",\\\"link_author\\\":\\\"\\\",\\\"show_create_date\\\":\\\"\\\",\\\"show_modify_date\\\":\\\"\\\",\\\"show_publish_date\\\":\\\"\\\",\\\"show_item_navigation\\\":\\\"\\\",\\\"show_hits\\\":\\\"\\\",\\\"show_noauth\\\":\\\"\\\",\\\"urls_position\\\":\\\"\\\",\\\"alternative_readmore\\\":\\\"\\\",\\\"article_page_title\\\":\\\"\\\",\\\"show_publishing_options\\\":\\\"\\\",\\\"show_article_options\\\":\\\"\\\",\\\"show_urls_images_backend\\\":\\\"\\\",\\\"show_urls_images_frontend\\\":\\\"\\\"}\",\"version\":2,\"ordering\":1,\"metakey\":\"\",\"metadesc\":\"\",\"access\":1,\"hits\":0,\"metadata\":\"{\\\"robots\\\":\\\"\\\",\\\"author\\\":\\\"\\\",\\\"rights\\\":\\\"\\\"}\",\"featured\":\"0\",\"language\":\"*\",\"note\":\"\"}', 0),
(24, 'com_content.article.9', '', '2025-04-10 07:24:12', 91, 11698, 'efebea478c8e566091de4c7e56d1e61d814410ad', '{\"id\":\"9\",\"asset_id\":114,\"title\":\"Abrasive Machine\",\"alias\":\"abrasive-machine\",\"introtext\":\"<section class=\\\"product-classification content-width\\\">\\r\\n<h3>We are always supporting you with best products.<\\/h3>\\r\\n<div class=\\\"am-g\\\">\\r\\n<div class=\\\"am-u-sm-12 am-u-md-6\\\">\\r\\n<div class=\\\"classification clearfix\\\">\\r\\n<div class=\\\"am-u-sm-12 am-u-md-5 \\\"><img src=\\\"\\/images\\/site\\/20200911174612_ioli7nberd.jpg\\\" alt=\\\"Flap wheel cutting machine\\\" \\/><\\/div>\\r\\n<div class=\\\"am-u-sm-12 am-u-md-7\\\">\\r\\n<h4 class=\\\"title\\\">Flap wheel cutting machine<\\/h4>\\r\\n<span class=\\\"introduce\\\"> State-of-the-art industrial machine designed for the precise cutting and sizing of flap wheels. Engineered with the latest technology, this machine offers high-speed, high-precision cutting, making it indispensable for flap wheel manufacturers. <\\/span> <span class=\\\"elementor-button-text GetAQuote\\\">Get A Quote \\u2014&gt;<\\/span><\\/div>\\r\\n<\\/div>\\r\\n<\\/div>\\r\\n<div class=\\\"am-u-sm-12 am-u-md-6\\\">\\r\\n<div class=\\\"classification clearfix\\\">\\r\\n<div class=\\\"am-u-sm-12 am-u-md-5 \\\"><img src=\\\"\\/images\\/site\\/20201225162519_og9yiqkj4h.jpg\\\" alt=\\\"Skiving Machine\\\" \\/><\\/div>\\r\\n<div class=\\\"am-u-sm-12 am-u-md-7\\\">\\r\\n<h4 class=\\\"title\\\">Skiving Machine<\\/h4>\\r\\n<span class=\\\"introduce\\\"> Highly specialized piece of industrial equipment engineered for the precise skiving of various materials, including leather, rubber, and abrasive sheets. Built with state-of-the-art technology, this machine delivers unparalleled precision and efficiency. <\\/span> <span class=\\\"elementor-button-text GetAQuote\\\">Get A Quote \\u2014&gt;<\\/span><\\/div>\\r\\n<\\/div>\\r\\n<\\/div>\\r\\n<div class=\\\"am-u-sm-12 am-u-md-6\\\">\\r\\n<div class=\\\"classification clearfix\\\">\\r\\n<div class=\\\"am-u-sm-12 am-u-md-5 \\\"><img src=\\\"\\/images\\/site\\/20201208153958_at2sylm2bh.jpg\\\" alt=\\\"Jumbo Roll Slitting Machine\\\" \\/><\\/div>\\r\\n<div class=\\\"am-u-sm-12 am-u-md-7\\\">\\r\\n<h4 class=\\\"title\\\">Jumbo Roll Slitting Machine<\\/h4>\\r\\n<span class=\\\"introduce\\\"> High-performance industrial equipment designed for the precise and efficient slitting of jumbo rolls into narrower widths. Equipped with cutting-edge technology, this machine is ideal for high-volume production environments. <\\/span> <span class=\\\"elementor-button-text GetAQuote\\\">Get A Quote \\u2014&gt;<\\/span><\\/div>\\r\\n<\\/div>\\r\\n<\\/div>\\r\\n<div class=\\\"am-u-sm-12 am-u-md-6\\\">\\r\\n<div class=\\\"classification clearfix\\\">\\r\\n<div class=\\\"am-u-sm-12 am-u-md-5 \\\"><img src=\\\"\\/images\\/site\\/20201030110509_swfwh0b9vr.jpg\\\" alt=\\\"Shaft flap wheel making machine \\\" \\/><\\/div>\\r\\n<div class=\\\"am-u-sm-12 am-u-md-7\\\">\\r\\n<h4 class=\\\"title\\\">Shaft flap wheel making machine<\\/h4>\\r\\n<span class=\\\"introduce\\\"> Specialized industrial solution for the efficient manufacturing of shaft-mounted flap wheels. This machine combines state-of-the-art technology and robust construction to deliver high-quality flap wheels at an unparalleled speed. <\\/span> <span class=\\\"elementor-button-text GetAQuote\\\">Get A Quote \\u2014&gt;<\\/span><\\/div>\\r\\n<\\/div>\\r\\n<\\/div>\\r\\n<div class=\\\"am-u-sm-12 am-u-md-6\\\">\\r\\n<div class=\\\"classification clearfix\\\">\\r\\n<div class=\\\"am-u-sm-12 am-u-md-5 \\\"><img src=\\\"\\/images\\/site\\/20200914114408_uqm3gekc05.jpg\\\" alt=\\\"Flap Wheel Compression Machine\\\" \\/><\\/div>\\r\\n<div class=\\\"am-u-sm-12 am-u-md-7\\\">\\r\\n<h4 class=\\\"title\\\">Flap Wheel Compression Machine<\\/h4>\\r\\n<span class=\\\"introduce\\\"> specialized industrial solution tailored for the compression of flap wheels to desired densities. Incorporating cutting-edge technology, this machine ensures precise, high-quality compression for optimal flap wheel performance. <\\/span> <span class=\\\"elementor-button-text GetAQuote\\\">Get A Quote \\u2014&gt;<\\/span><\\/div>\\r\\n<\\/div>\\r\\n<\\/div>\\r\\n<div class=\\\"am-u-sm-12 am-u-md-6\\\">\\r\\n<div class=\\\"classification clearfix\\\">\\r\\n<div class=\\\"am-u-sm-12 am-u-md-5 \\\"><img src=\\\"\\/images\\/site\\/20200911104449_p8sq0dsiul.jpg\\\" alt=\\\"Abrasive cloth slitting machine\\\" \\/><\\/div>\\r\\n<div class=\\\"am-u-sm-12 am-u-md-7\\\">\\r\\n<h4 class=\\\"title\\\">Abrasive cloth slitting machine<\\/h4>\\r\\n<span class=\\\"introduce\\\"> Specifically engineered for the precise and efficient slitting of abrasive cloth rolls. Designed with the latest technology, this machine is a must-have for abrasive manufacturers aiming for high-quality, high-volume production. <\\/span> <span class=\\\"elementor-button-text GetAQuote\\\">Get A Quote \\u2014&gt;<\\/span><\\/div>\\r\\n<\\/div>\\r\\n<\\/div>\\r\\n<div class=\\\"am-u-sm-12 am-u-md-6\\\">\\r\\n<div class=\\\"classification clearfix\\\">\\r\\n<div class=\\\"am-u-sm-12 am-u-md-5 \\\"><img src=\\\"\\/images\\/site\\/20200822180813_0gymimc50g.jpg\\\" alt=\\\"Automatic flap disc machine\\\" \\/><\\/div>\\r\\n<div class=\\\"am-u-sm-12 am-u-md-7\\\">\\r\\n<h4 class=\\\"title\\\">Automatic flap disc machine<\\/h4>\\r\\n<span class=\\\"introduce\\\"> state-of-the-art solution designed for the seamless and efficient production of flap discs. With automated features and robust construction, this machine is geared towards high-volume, high-quality abrasive manufacturing. <\\/span> <span class=\\\"elementor-button-text GetAQuote\\\">Get A Quote \\u2014&gt;<\\/span><\\/div>\\r\\n<\\/div>\\r\\n<\\/div>\\r\\n<div class=\\\"am-u-sm-12 am-u-md-6\\\">\\r\\n<div class=\\\"classification clearfix\\\">\\r\\n<div class=\\\"am-u-sm-12 am-u-md-5 \\\"><img src=\\\"\\/images\\/site\\/20210303165947_2sunchs5yl.jpg\\\" alt=\\\"Flap wheel Pressing Machine\\\" \\/><\\/div>\\r\\n<div class=\\\"am-u-sm-12 am-u-md-7\\\">\\r\\n<h4 class=\\\"title\\\">Flap wheel Pressing Machine<\\/h4>\\r\\n<span class=\\\"introduce\\\"> State-of-the-art industrial machinery engineered specifically for the production of high-quality flap wheels. Designed with advanced technology and robust components, this machine ensures consistent and efficient flap wheel manufacturing. <\\/span> <span class=\\\"elementor-button-text GetAQuote\\\">Get A Quote \\u2014&gt;<\\/span><\\/div>\\r\\n<\\/div>\\r\\n<\\/div>\\r\\n<div class=\\\"am-u-sm-12 am-u-md-6\\\">\\r\\n<div class=\\\"classification clearfix\\\">\\r\\n<div class=\\\"am-u-sm-12 am-u-md-5 \\\"><img src=\\\"\\/images\\/site\\/20231012113254_i7h0qacu1c.jpg\\\" alt=\\\"Wide Abrasive Belt Press Machine\\\" \\/><\\/div>\\r\\n<div class=\\\"am-u-sm-12 am-u-md-7\\\">\\r\\n<h4 class=\\\"title\\\">Wide Abrasive Belt Press Machine<\\/h4>\\r\\n<span class=\\\"introduce\\\"> Advanced industrial machine specifically designed for the efficient production of wide abrasive belts. Built with cutting-edge technology and robust materials, this machine streamlines the manufacturing process while maintaining high quality standards. <\\/span> <span class=\\\"elementor-button-text GetAQuote\\\">Get A Quote \\u2014&gt;<\\/span><\\/div>\\r\\n<\\/div>\\r\\n<\\/div>\\r\\n<div class=\\\"am-u-sm-12 am-u-md-6\\\">\\r\\n<div class=\\\"classification clearfix\\\">\\r\\n<div class=\\\"am-u-sm-12 am-u-md-5 \\\"><img src=\\\"\\/images\\/site\\/20231012113757_5mm901r5j6.jpg\\\" alt=\\\"Burst Speed Testing Machine\\\" \\/><\\/div>\\r\\n<div class=\\\"am-u-sm-12 am-u-md-7\\\">\\r\\n<h4 class=\\\"title\\\">Burst Speed Testing Machine<\\/h4>\\r\\n<span class=\\\"introduce\\\"> Advanced testing equipment designed to assess the burst speed of various types of rotating objects, including abrasive wheels, pulleys, and gears. Engineered with cutting-edge technology, this machine ensures accurate and reliable testing results. <\\/span> <span class=\\\"elementor-button-text GetAQuote\\\">Get A Quote \\u2014&gt;<\\/span><\\/div>\\r\\n<\\/div>\\r\\n<\\/div>\\r\\n<div class=\\\"am-u-sm-12 am-u-md-6\\\">\\r\\n<div class=\\\"classification clearfix\\\">\\r\\n<div class=\\\"am-u-sm-12 am-u-md-5 \\\"><img src=\\\"\\/images\\/site\\/20201201173431_pedu1nwe8m.jpg\\\" alt=\\\"Long Belt Slitting Machine\\\" \\/><\\/div>\\r\\n<div class=\\\"am-u-sm-12 am-u-md-7\\\">\\r\\n<h4 class=\\\"title\\\">Long Belt Slitting Machine<\\/h4>\\r\\n<span class=\\\"introduce\\\"> Industrial-grade machine engineered for the efficient slitting of long belts into narrower strips. Equipped with state-of-the-art cutting technology, this machine is tailored for high-precision, high-volume production needs. <\\/span> <span class=\\\"elementor-button-text GetAQuote\\\">Get A Quote \\u2014&gt;<\\/span><\\/div>\\r\\n<\\/div>\\r\\n<\\/div>\\r\\n<div class=\\\"am-u-sm-12 am-u-md-6\\\">\\r\\n<div class=\\\"classification clearfix\\\">\\r\\n<div class=\\\"am-u-sm-12 am-u-md-5 \\\"><img src=\\\"\\/images\\/site\\/20201201103433_kllfy2ubl2.jpg\\\" alt=\\\"Small Slitting Machine\\\" \\/><\\/div>\\r\\n<div class=\\\"am-u-sm-12 am-u-md-7\\\">\\r\\n<h4 class=\\\"title\\\">Small Slitting Machine<\\/h4>\\r\\n<span class=\\\"introduce\\\"> Compact yet highly efficient industrial machine designed for precise slitting of smaller rolls and sheets. Despite its small footprint, this machine packs a punch, offering advanced features commonly found in larger systems. <\\/span> <span class=\\\"elementor-button-text GetAQuote\\\">Get A Quote \\u2014&gt;<\\/span><\\/div>\\r\\n<\\/div>\\r\\n<\\/div>\\r\\n<div class=\\\"am-u-sm-12 am-u-md-6\\\">\\r\\n<div class=\\\"classification clearfix\\\">\\r\\n<div class=\\\"am-u-sm-12 am-u-md-5 \\\"><img src=\\\"\\/images\\/site\\/20201130161700_ijqig9827w.jpg\\\" alt=\\\"Quick Change Disc Machine\\\" \\/><\\/div>\\r\\n<div class=\\\"am-u-sm-12 am-u-md-7\\\">\\r\\n<h4 class=\\\"title\\\">Quick Change Disc Machine<\\/h4>\\r\\n<span class=\\\"introduce\\\"> Specialized industrial machine engineered for the efficient production of quick-change abrasive discs. This machine incorporates advanced technologies to ensure high-speed, high-quality production while streamlining the manufacturing process. <\\/span> <span class=\\\"elementor-button-text GetAQuote\\\">Get A Quote \\u2014&gt;<\\/span><\\/div>\\r\\n<\\/div>\\r\\n<\\/div>\\r\\n<div class=\\\"am-u-sm-12 am-u-md-6\\\">\\r\\n<div class=\\\"classification clearfix\\\">\\r\\n<div class=\\\"am-u-sm-12 am-u-md-5 \\\"><img src=\\\"\\/images\\/site\\/20200911142745_dlpeld89uq.jpg\\\" alt=\\\"Narrow belt slitting machine\\\" \\/><\\/div>\\r\\n<div class=\\\"am-u-sm-12 am-u-md-7\\\">\\r\\n<h4 class=\\\"title\\\">Narrow belt slitting machine<\\/h4>\\r\\n<span class=\\\"introduce\\\"> specialized industrial machine engineered for the efficient and precise slitting of narrow belts. With advanced features and robust construction, this machine is ideal for high-volume, high-quality production in abrasive and textile industries. <\\/span> <span class=\\\"elementor-button-text GetAQuote\\\">Get A Quote \\u2014&gt;<\\/span><\\/div>\\r\\n<\\/div>\\r\\n<\\/div>\\r\\n<\\/div>\\r\\n<\\/section>\",\"fulltext\":\"\",\"state\":\"1\",\"catid\":8,\"created\":\"2025-04-10 06:23:23\",\"created_by\":\"91\",\"created_by_alias\":\"\",\"modified\":\"2025-04-10 07:24:12\",\"modified_by\":91,\"checked_out\":91,\"checked_out_time\":\"2025-04-10 07:22:48\",\"publish_up\":\"2025-04-10 06:23:23\",\"publish_down\":null,\"images\":\"{\\\"image_intro\\\":\\\"\\\",\\\"image_intro_alt\\\":\\\"\\\",\\\"float_intro\\\":\\\"\\\",\\\"image_intro_caption\\\":\\\"\\\",\\\"image_fulltext\\\":\\\"\\\",\\\"image_fulltext_alt\\\":\\\"\\\",\\\"float_fulltext\\\":\\\"\\\",\\\"image_fulltext_caption\\\":\\\"\\\"}\",\"urls\":\"{\\\"urla\\\":\\\"\\\",\\\"urlatext\\\":\\\"\\\",\\\"targeta\\\":\\\"\\\",\\\"urlb\\\":\\\"\\\",\\\"urlbtext\\\":\\\"\\\",\\\"targetb\\\":\\\"\\\",\\\"urlc\\\":\\\"\\\",\\\"urlctext\\\":\\\"\\\",\\\"targetc\\\":\\\"\\\"}\",\"attribs\":\"{\\\"article_layout\\\":\\\"\\\",\\\"show_title\\\":\\\"\\\",\\\"link_titles\\\":\\\"\\\",\\\"show_tags\\\":\\\"\\\",\\\"show_intro\\\":\\\"\\\",\\\"info_block_position\\\":\\\"\\\",\\\"info_block_show_title\\\":\\\"\\\",\\\"show_category\\\":\\\"\\\",\\\"link_category\\\":\\\"\\\",\\\"show_parent_category\\\":\\\"\\\",\\\"link_parent_category\\\":\\\"\\\",\\\"show_author\\\":\\\"\\\",\\\"link_author\\\":\\\"\\\",\\\"show_create_date\\\":\\\"\\\",\\\"show_modify_date\\\":\\\"\\\",\\\"show_publish_date\\\":\\\"\\\",\\\"show_item_navigation\\\":\\\"\\\",\\\"show_hits\\\":\\\"\\\",\\\"show_noauth\\\":\\\"\\\",\\\"urls_position\\\":\\\"\\\",\\\"alternative_readmore\\\":\\\"\\\",\\\"article_page_title\\\":\\\"\\\",\\\"show_publishing_options\\\":\\\"\\\",\\\"show_article_options\\\":\\\"\\\",\\\"show_urls_images_backend\\\":\\\"\\\",\\\"show_urls_images_frontend\\\":\\\"\\\"}\",\"version\":2,\"ordering\":0,\"metakey\":\"\",\"metadesc\":\"\",\"access\":1,\"hits\":1,\"metadata\":\"{\\\"robots\\\":\\\"\\\",\\\"author\\\":\\\"\\\",\\\"rights\\\":\\\"\\\"}\",\"featured\":\"0\",\"language\":\"*\",\"note\":\"\"}', 0),
(25, 'com_content.article.11', '', '2025-04-10 13:38:02', 91, 3598, '0b122cbdcf6e2ce8d9d5612213a5dc93c976bb30', '{\"id\":11,\"asset_id\":123,\"title\":\"Products\",\"alias\":\"products\",\"introtext\":\"<section class=\\\"product-classification content-width\\\">\\r\\n<h3>We are always supporting you with best products.<\\/h3>\\r\\n<div class=\\\"am-g\\\">\\r\\n<div class=\\\"am-u-sm-6 am-u-md-3 nodeList\\\"><a href=\\\"\\/products\\/fiber-glass-backing-plate\\\"> <img src=\\\"\\/images\\/site\\/20200717101547_r759ixfwy4.jpg\\\" alt=\\\"Fiber Glass Backing Plate\\\" \\/>\\r\\n<h4 class=\\\"title\\\">Fiber Glass Backing Plate<\\/h4>\\r\\n<\\/a><\\/div>\\r\\n<div class=\\\"am-u-sm-6 am-u-md-3 nodeList\\\"><a href=\\\"\\/products\\/flap-disc\\\"> <img src=\\\"\\/images\\/site\\/20201218163959_tmqb0li9m1.jpg\\\" alt=\\\"Flap Disc\\\" \\/>\\r\\n<h4 class=\\\"title\\\">Flap Disc<\\/h4>\\r\\n<\\/a><\\/div>\\r\\n<div class=\\\"am-u-sm-6 am-u-md-3 nodeList\\\"><a href=\\\"\\/products\\/grinding-disc\\\"> <img src=\\\"\\/images\\/site\\/20200804182513_69wql0ulrw.jpg\\\" alt=\\\"Grinding Disc\\\" \\/>\\r\\n<h4 class=\\\"title\\\">Grinding Disc<\\/h4>\\r\\n<\\/a><\\/div>\\r\\n<div class=\\\"am-u-sm-6 am-u-md-3 nodeList\\\"><a href=\\\"\\/products\\/sanding-belt\\\"> <img src=\\\"\\/images\\/site\\/20200717164105_9evyfv645k.jpg\\\" alt=\\\"Sanding Belt\\\" \\/>\\r\\n<h4 class=\\\"title\\\">Sanding Belt<\\/h4>\\r\\n<\\/a><\\/div>\\r\\n<div class=\\\"am-u-sm-6 am-u-md-3 nodeList\\\"><a href=\\\"\\/products\\/flap-wheel\\\"> <img src=\\\"\\/images\\/site\\/20200717113601_yhx1fsgt7i.jpg\\\" alt=\\\"Flap Wheel\\\" \\/>\\r\\n<h4 class=\\\"title\\\">Flap Wheel<\\/h4>\\r\\n<\\/a><\\/div>\\r\\n<div class=\\\"am-u-sm-6 am-u-md-3 nodeList\\\"><a href=\\\"\\/products\\/cutting-disc\\\"> <img src=\\\"\\/images\\/site\\/20210204152445_d51v228ejp.jpg\\\" alt=\\\"Cutting Disc\\\" \\/>\\r\\n<h4 class=\\\"title\\\">Cutting Disc<\\/h4>\\r\\n<\\/a><\\/div>\\r\\n<div class=\\\"am-u-sm-6 am-u-md-3 nodeList\\\"><a href=\\\"\\/products\\/sanding-paper\\\"> <img src=\\\"\\/images\\/site\\/20230625161727_2xhq6t5s8q.jpg\\\" alt=\\\"Sanding Paper\\\" \\/>\\r\\n<h4 class=\\\"title\\\">Sanding Paper<\\/h4>\\r\\n<\\/a><\\/div>\\r\\n<div class=\\\"am-u-sm-6 am-u-md-3 nodeList\\\"><a href=\\\"\\/products\\/abrasive-machine\\\"> <img src=\\\"\\/images\\/site\\/20200822180813_0gymimc50g.jpg\\\" alt=\\\"Abrasive Machine\\\" \\/>\\r\\n<h4 class=\\\"title\\\">Abrasive Machine<\\/h4>\\r\\n<\\/a><\\/div>\\r\\n<\\/div>\\r\\n<\\/section>\",\"fulltext\":\"\",\"state\":\"1\",\"catid\":8,\"created\":\"2025-04-10 13:38:02\",\"created_by\":91,\"created_by_alias\":\"\",\"modified\":\"2025-04-10 13:38:02\",\"modified_by\":91,\"checked_out\":null,\"checked_out_time\":null,\"publish_up\":\"2025-04-10 13:38:02\",\"publish_down\":null,\"images\":\"{\\\"image_intro\\\":\\\"\\\",\\\"image_intro_alt\\\":\\\"\\\",\\\"float_intro\\\":\\\"\\\",\\\"image_intro_caption\\\":\\\"\\\",\\\"image_fulltext\\\":\\\"\\\",\\\"image_fulltext_alt\\\":\\\"\\\",\\\"float_fulltext\\\":\\\"\\\",\\\"image_fulltext_caption\\\":\\\"\\\"}\",\"urls\":\"{\\\"urla\\\":\\\"\\\",\\\"urlatext\\\":\\\"\\\",\\\"targeta\\\":\\\"\\\",\\\"urlb\\\":\\\"\\\",\\\"urlbtext\\\":\\\"\\\",\\\"targetb\\\":\\\"\\\",\\\"urlc\\\":\\\"\\\",\\\"urlctext\\\":\\\"\\\",\\\"targetc\\\":\\\"\\\"}\",\"attribs\":\"{\\\"article_layout\\\":\\\"\\\",\\\"show_title\\\":\\\"\\\",\\\"link_titles\\\":\\\"\\\",\\\"show_tags\\\":\\\"\\\",\\\"show_intro\\\":\\\"\\\",\\\"info_block_position\\\":\\\"\\\",\\\"info_block_show_title\\\":\\\"\\\",\\\"show_category\\\":\\\"\\\",\\\"link_category\\\":\\\"\\\",\\\"show_parent_category\\\":\\\"\\\",\\\"link_parent_category\\\":\\\"\\\",\\\"show_author\\\":\\\"\\\",\\\"link_author\\\":\\\"\\\",\\\"show_create_date\\\":\\\"\\\",\\\"show_modify_date\\\":\\\"\\\",\\\"show_publish_date\\\":\\\"\\\",\\\"show_item_navigation\\\":\\\"\\\",\\\"show_hits\\\":\\\"\\\",\\\"show_noauth\\\":\\\"\\\",\\\"urls_position\\\":\\\"\\\",\\\"alternative_readmore\\\":\\\"\\\",\\\"article_page_title\\\":\\\"\\\",\\\"show_publishing_options\\\":\\\"\\\",\\\"show_article_options\\\":\\\"\\\",\\\"show_urls_images_backend\\\":\\\"\\\",\\\"show_urls_images_frontend\\\":\\\"\\\"}\",\"version\":1,\"ordering\":null,\"metakey\":\"\",\"metadesc\":\"\",\"access\":1,\"hits\":0,\"metadata\":\"{\\\"robots\\\":\\\"\\\",\\\"author\\\":\\\"\\\",\\\"rights\\\":\\\"\\\"}\",\"featured\":\"0\",\"language\":\"*\",\"note\":\"\"}', 0),
(26, 'com_content.article.7', '', '2025-04-10 14:06:24', 91, 8042, '0b8d6e5f477e02ba3b92b409c8ecf241170949d8', '{\"id\":\"7\",\"asset_id\":112,\"title\":\"Cutting Disc\",\"alias\":\"cutting-disc\",\"introtext\":\"<section class=\\\"product-classification content-width\\\">\\r\\n<h3>We are always supporting you with best products.<\\/h3>\\r\\n<div class=\\\"am-g\\\">\\r\\n<div class=\\\"am-u-sm-12 am-u-md-6\\\">\\r\\n<div class=\\\"classification clearfix\\\">\\r\\n<div class=\\\"am-u-sm-12 am-u-md-5 \\\"><img src=\\\"\\/images\\/site\\/20231013143321_angmyas85e.jpg\\\" alt=\\\"Super Thin Cutting Disc\\\" \\/><\\/div>\\r\\n<div class=\\\"am-u-sm-12 am-u-md-7\\\">\\r\\n<h4 class=\\\"title\\\">Super Thin Cutting Disc<\\/h4>\\r\\n<span class=\\\"introduce\\\"> State-of-the-art abrasive tool designed for precision cutting applications. Engineered with a super-thin profile, this cutting disc excels in tasks requiring high levels of accuracy and minimal material loss. <\\/span> <span class=\\\"elementor-button-text GetAQuote\\\">Get A Quote \\u2014&gt;<\\/span><\\/div>\\r\\n<\\/div>\\r\\n<\\/div>\\r\\n<div class=\\\"am-u-sm-12 am-u-md-6\\\">\\r\\n<div class=\\\"classification clearfix\\\">\\r\\n<div class=\\\"am-u-sm-12 am-u-md-5 \\\"><img src=\\\"\\/images\\/site\\/20231012165002_x3p03dia2x.jpg\\\" alt=\\\"3 Inch Cutting Disc\\\" \\/><\\/div>\\r\\n<div class=\\\"am-u-sm-12 am-u-md-7\\\">\\r\\n<h4 class=\\\"title\\\">3 Inch Cutting Disc<\\/h4>\\r\\n<span class=\\\"introduce\\\"> Compact yet powerful abrasive tool engineered for precision cutting tasks across various materials. Its 3-inch diameter offers the perfect balance between size and performance, making it ideal for both industrial and DIY applications. <\\/span> <span class=\\\"elementor-button-text GetAQuote\\\">Get A Quote \\u2014&gt;<\\/span><\\/div>\\r\\n<\\/div>\\r\\n<\\/div>\\r\\n<div class=\\\"am-u-sm-12 am-u-md-6\\\">\\r\\n<div class=\\\"classification clearfix\\\">\\r\\n<div class=\\\"am-u-sm-12 am-u-md-5 \\\"><img src=\\\"\\/images\\/site\\/20231012162920_peyjdso1su.jpg\\\" alt=\\\"400mm Cutting Wheel\\\" \\/><\\/div>\\r\\n<div class=\\\"am-u-sm-12 am-u-md-7\\\">\\r\\n<h4 class=\\\"title\\\">400mm Cutting Wheel<\\/h4>\\r\\n<span class=\\\"introduce\\\"> Large-diameter abrasive tool engineered for heavy-duty cutting operations. Designed with premium abrasive grains, this cutting wheel is suitable for a range of materials, offering both speed and precision on a large scale. <\\/span> <span class=\\\"elementor-button-text GetAQuote\\\">Get A Quote \\u2014&gt;<\\/span><\\/div>\\r\\n<\\/div>\\r\\n<\\/div>\\r\\n<div class=\\\"am-u-sm-12 am-u-md-6\\\">\\r\\n<div class=\\\"classification clearfix\\\">\\r\\n<div class=\\\"am-u-sm-12 am-u-md-5 \\\"><img src=\\\"\\/images\\/site\\/20250116152626_q7feyms28d.jpg\\\" alt=\\\"Diamond Cutting Saw Blades\\\" \\/><\\/div>\\r\\n<div class=\\\"am-u-sm-12 am-u-md-7\\\">\\r\\n<h4 class=\\\"title\\\">Diamond Cutting Saw Blades<\\/h4>\\r\\n<span class=\\\"introduce\\\"> With diamond coated edge, cuts hard materials. Used across industries, it offers precision, long lasting performance, and high speed cuts for enhanced productivity. <\\/span> <span class=\\\"elementor-button-text GetAQuote\\\">Get A Quote \\u2014&gt;<\\/span><\\/div>\\r\\n<\\/div>\\r\\n<\\/div>\\r\\n<div class=\\\"am-u-sm-12 am-u-md-6\\\">\\r\\n<div class=\\\"classification clearfix\\\">\\r\\n<div class=\\\"am-u-sm-12 am-u-md-5 \\\"><img src=\\\"\\/images\\/site\\/20231012162627_jky2y0mvkq.jpg\\\" alt=\\\"Cut Off Wheel For Stone \\\" \\/><\\/div>\\r\\n<div class=\\\"am-u-sm-12 am-u-md-7\\\">\\r\\n<h4 class=\\\"title\\\">Cut Off Wheel For Stone<\\/h4>\\r\\n<span class=\\\"introduce\\\"> This specialized abrasive tool, crafted with a unique blend of high - quality grains, is meticulously engineered for stone cutting. It ensures efficient, precise cuts on various stones, including granite, marble, and limestone, for top - notch results. <\\/span> <span class=\\\"elementor-button-text GetAQuote\\\">Get A Quote \\u2014&gt;<\\/span><\\/div>\\r\\n<\\/div>\\r\\n<\\/div>\\r\\n<div class=\\\"am-u-sm-12 am-u-md-6\\\">\\r\\n<div class=\\\"classification clearfix\\\">\\r\\n<div class=\\\"am-u-sm-12 am-u-md-5 \\\"><img src=\\\"\\/images\\/site\\/20231012162730_qsbb8mc21i.jpg\\\" alt=\\\"Cut Off Wheel For Metals\\\" \\/><\\/div>\\r\\n<div class=\\\"am-u-sm-12 am-u-md-7\\\">\\r\\n<h4 class=\\\"title\\\">Cut Off Wheel For Metals<\\/h4>\\r\\n<span class=\\\"introduce\\\"> Dedicated abrasive tool designed for efficient and precise cutting of non-ferrous materials like aluminum, copper, and brass. Crafted with specialized abrasive grains, this wheel ensures optimal performance tailored to non-ferrous metal applications. <\\/span> <span class=\\\"elementor-button-text GetAQuote\\\">Get A Quote \\u2014&gt;<\\/span><\\/div>\\r\\n<\\/div>\\r\\n<\\/div>\\r\\n<div class=\\\"am-u-sm-12 am-u-md-6\\\">\\r\\n<div class=\\\"classification clearfix\\\">\\r\\n<div class=\\\"am-u-sm-12 am-u-md-5 \\\"><img src=\\\"\\/images\\/site\\/20231012162835_dejvjqdxcm.jpg\\\" alt=\\\"Stainless Steel Cutting Discs\\\" \\/><\\/div>\\r\\n<div class=\\\"am-u-sm-12 am-u-md-7\\\">\\r\\n<h4 class=\\\"title\\\">Stainless Steel Cutting Discs<\\/h4>\\r\\n<span class=\\\"introduce\\\"> Premium abrasive tool designed specifically for the efficient and precise cutting of stainless steel materials. Formulated with specialized abrasive grains, this cutting disc offers optimal performance tailored to stainless steel applications. <\\/span> <span class=\\\"elementor-button-text GetAQuote\\\">Get A Quote \\u2014&gt;<\\/span><\\/div>\\r\\n<\\/div>\\r\\n<\\/div>\\r\\n<div class=\\\"am-u-sm-12 am-u-md-6\\\">\\r\\n<div class=\\\"classification clearfix\\\">\\r\\n<div class=\\\"am-u-sm-12 am-u-md-5 \\\"><img src=\\\"\\/images\\/site\\/20231012163020_fdo0v1g9h9.jpg\\\" alt=\\\"Cutting Disc With Threaded Arbor\\\" \\/><\\/div>\\r\\n<div class=\\\"am-u-sm-12 am-u-md-7\\\">\\r\\n<h4 class=\\\"title\\\">Cutting Disc With Threaded Arbor<\\/h4>\\r\\n<span class=\\\"introduce\\\"> This innovative abrasive tool is ingeniously designed with a threaded arbor, ensuring fast and secure mounting. It completely eliminates the need for additional hardware, making it an ideal and convenient choice for a wide range of industrial applications. <\\/span> <span class=\\\"elementor-button-text GetAQuote\\\">Get A Quote \\u2014&gt;<\\/span><\\/div>\\r\\n<\\/div>\\r\\n<\\/div>\\r\\n<div class=\\\"am-u-sm-12 am-u-md-6\\\">\\r\\n<div class=\\\"classification clearfix\\\">\\r\\n<div class=\\\"am-u-sm-12 am-u-md-5 \\\"><img src=\\\"\\/images\\/site\\/20231012163114_jgirc0iq7u.jpg\\\" alt=\\\"Depressed Center Cutting Wheel\\\" \\/><\\/div>\\r\\n<div class=\\\"am-u-sm-12 am-u-md-7\\\">\\r\\n<h4 class=\\\"title\\\">Depressed Center Cutting Wheel<\\/h4>\\r\\n<span class=\\\"introduce\\\"> Advanced abrasive tool specifically designed for high-performance cutting applications. The depressed center design enables better alignment and control, making it ideal for various industrial and construction projects. <\\/span> <span class=\\\"elementor-button-text GetAQuote\\\">Get A Quote \\u2014&gt;<\\/span><\\/div>\\r\\n<\\/div>\\r\\n<\\/div>\\r\\n<\\/div>\\r\\n<\\/section>\",\"fulltext\":\"\",\"state\":\"1\",\"catid\":8,\"created\":\"2025-04-10 06:21:09\",\"created_by\":\"91\",\"created_by_alias\":\"\",\"modified\":\"2025-04-10 14:06:24\",\"modified_by\":91,\"checked_out\":91,\"checked_out_time\":\"2025-04-10 14:06:11\",\"publish_up\":\"2025-04-10 06:21:09\",\"publish_down\":null,\"images\":\"{\\\"image_intro\\\":\\\"\\\",\\\"image_intro_alt\\\":\\\"\\\",\\\"float_intro\\\":\\\"\\\",\\\"image_intro_caption\\\":\\\"\\\",\\\"image_fulltext\\\":\\\"\\\",\\\"image_fulltext_alt\\\":\\\"\\\",\\\"float_fulltext\\\":\\\"\\\",\\\"image_fulltext_caption\\\":\\\"\\\"}\",\"urls\":\"{\\\"urla\\\":\\\"\\\",\\\"urlatext\\\":\\\"\\\",\\\"targeta\\\":\\\"\\\",\\\"urlb\\\":\\\"\\\",\\\"urlbtext\\\":\\\"\\\",\\\"targetb\\\":\\\"\\\",\\\"urlc\\\":\\\"\\\",\\\"urlctext\\\":\\\"\\\",\\\"targetc\\\":\\\"\\\"}\",\"attribs\":\"{\\\"article_layout\\\":\\\"\\\",\\\"show_title\\\":\\\"\\\",\\\"link_titles\\\":\\\"\\\",\\\"show_tags\\\":\\\"\\\",\\\"show_intro\\\":\\\"\\\",\\\"info_block_position\\\":\\\"\\\",\\\"info_block_show_title\\\":\\\"\\\",\\\"show_category\\\":\\\"\\\",\\\"link_category\\\":\\\"\\\",\\\"show_parent_category\\\":\\\"\\\",\\\"link_parent_category\\\":\\\"\\\",\\\"show_author\\\":\\\"\\\",\\\"link_author\\\":\\\"\\\",\\\"show_create_date\\\":\\\"\\\",\\\"show_modify_date\\\":\\\"\\\",\\\"show_publish_date\\\":\\\"\\\",\\\"show_item_navigation\\\":\\\"\\\",\\\"show_hits\\\":\\\"\\\",\\\"show_noauth\\\":\\\"\\\",\\\"urls_position\\\":\\\"\\\",\\\"alternative_readmore\\\":\\\"\\\",\\\"article_page_title\\\":\\\"\\\",\\\"show_publishing_options\\\":\\\"\\\",\\\"show_article_options\\\":\\\"\\\",\\\"show_urls_images_backend\\\":\\\"\\\",\\\"show_urls_images_frontend\\\":\\\"\\\"}\",\"version\":3,\"ordering\":3,\"metakey\":\"\",\"metadesc\":\"\",\"access\":1,\"hits\":0,\"metadata\":\"{\\\"robots\\\":\\\"\\\",\\\"author\\\":\\\"\\\",\\\"rights\\\":\\\"\\\"}\",\"featured\":\"0\",\"language\":\"*\",\"note\":\"\"}', 0);
INSERT INTO `joom5_history` (`version_id`, `item_id`, `version_note`, `save_date`, `editor_user_id`, `character_count`, `sha1_hash`, `version_data`, `keep_forever`) VALUES
(27, 'com_content.article.3', '', '2025-04-17 11:26:11', 91, 9297, 'd97a133e8757ce37952f6ec9fc1885c28ff3208d', '{\"id\":\"3\",\"asset_id\":108,\"title\":\"Flap Disc\",\"alias\":\"flap-disc\",\"introtext\":\"<section class=\\\"product-classification content-width\\\">\\r\\n<h3>We are always supporting you with best products.<\\/h3>\\r\\n<div class=\\\"am-g\\\">\\r\\n<div class=\\\"am-u-sm-12 am-u-md-6\\\">\\r\\n<div class=\\\"classification clearfix\\\">\\r\\n<div class=\\\"am-u-sm-12 am-u-md-5 \\\"><img src=\\\"\\/images\\/site\\/20231012142604_egw30jkox8.jpg\\\" alt=\\\"Aluminium Oxide flap disc\\\" \\/><\\/div>\\r\\n<div class=\\\"am-u-sm-12 am-u-md-7\\\">\\r\\n<h4 class=\\\"title\\\">Aluminium Oxide flap disc<\\/h4>\\r\\n<span class=\\\"introduce\\\"> Benefits:<br \\/> High quality Aluminium Oxide cloth<br \\/> Excellent performance and efficiencies on stainless steel<br \\/> Fast stocking removal<br \\/> Durable backing plate<br \\/> Good flexibility <\\/span> <span class=\\\"elementor-button-text GetAQuote\\\">Get A Quote \\u2014&gt;<\\/span><\\/div>\\r\\n<\\/div>\\r\\n<\\/div>\\r\\n<div class=\\\"am-u-sm-12 am-u-md-6\\\">\\r\\n<div class=\\\"classification clearfix\\\">\\r\\n<div class=\\\"am-u-sm-12 am-u-md-5 \\\"><img src=\\\"\\/images\\/site\\/20231012142516_57r7pota96.jpg\\\" alt=\\\"Ceramic Grain flap disc\\\" \\/><\\/div>\\r\\n<div class=\\\"am-u-sm-12 am-u-md-7\\\">\\r\\n<h4 class=\\\"title\\\">Ceramic Grain flap disc<\\/h4>\\r\\n<span class=\\\"introduce\\\"> Benefits:<br \\/> Wear resistance<br \\/> High stock removal<br \\/> Extra-long service life<br \\/> Excellent self-sharpening<br \\/> Good heat dissipation and no damage to the workpiece <\\/span> <span class=\\\"elementor-button-text GetAQuote\\\">Get A Quote \\u2014&gt;<\\/span><\\/div>\\r\\n<\\/div>\\r\\n<\\/div>\\r\\n<div class=\\\"am-u-sm-12 am-u-md-6\\\">\\r\\n<div class=\\\"classification clearfix\\\">\\r\\n<div class=\\\"am-u-sm-12 am-u-md-5 \\\"><img src=\\\"\\/images\\/site\\/20231012142548_a3rikvxu1m.jpg\\\" alt=\\\"Calcined Aluminium Oxide Flap Disc\\\" \\/><\\/div>\\r\\n<div class=\\\"am-u-sm-12 am-u-md-7\\\">\\r\\n<h4 class=\\\"title\\\">Calcined Aluminium Oxide Flap Disc<\\/h4>\\r\\n<span class=\\\"introduce\\\"> Benefits:<br \\/> After calcination, better strength and heat-resistant<br \\/> Long service time<br \\/> Sharper grinding ability<br \\/> Suitable for heavy load grinding<br \\/> Good heat dispersion <\\/span> <span class=\\\"elementor-button-text GetAQuote\\\">Get A Quote \\u2014&gt;<\\/span><\\/div>\\r\\n<\\/div>\\r\\n<\\/div>\\r\\n<div class=\\\"am-u-sm-12 am-u-md-6\\\">\\r\\n<div class=\\\"classification clearfix\\\">\\r\\n<div class=\\\"am-u-sm-12 am-u-md-5 \\\"><img src=\\\"\\/images\\/site\\/20231012142617_ek2yngvp2r.jpg\\\" alt=\\\"Zirconia Aluminium Flap Disc\\\" \\/><\\/div>\\r\\n<div class=\\\"am-u-sm-12 am-u-md-7\\\">\\r\\n<h4 class=\\\"title\\\">Zirconia Aluminium Flap Disc<\\/h4>\\r\\n<span class=\\\"introduce\\\"> Benefits:<br \\/> High-quality Zirconia Alumina cloth<br \\/> Durable backing plate<br \\/> High tensile and bending strength<br \\/> Good grinding effect<br \\/> Low noise and no clogging during grinding<br \\/> <\\/span> <span class=\\\"elementor-button-text GetAQuote\\\">Get A Quote \\u2014&gt;<\\/span><\\/div>\\r\\n<\\/div>\\r\\n<\\/div>\\r\\n<div class=\\\"am-u-sm-12 am-u-md-6\\\">\\r\\n<div class=\\\"classification clearfix\\\">\\r\\n<div class=\\\"am-u-sm-12 am-u-md-5 \\\"><img src=\\\"\\/images\\/site\\/20240313144105_er4e24qx4h.jpg\\\" alt=\\\"Diamond Flap Disc\\\" \\/><\\/div>\\r\\n<div class=\\\"am-u-sm-12 am-u-md-7\\\">\\r\\n<h4 class=\\\"title\\\">Diamond Flap Disc<\\/h4>\\r\\n<span class=\\\"introduce\\\"> Benefits:<br \\/> High hardness and wear resistance<br \\/> Efficient cutting and grinding<br \\/> Good thermal stability<br \\/> Wide range of application<br \\/> <\\/span> <span class=\\\"elementor-button-text GetAQuote\\\">Get A Quote \\u2014&gt;<\\/span><\\/div>\\r\\n<\\/div>\\r\\n<\\/div>\\r\\n<div class=\\\"am-u-sm-12 am-u-md-6\\\">\\r\\n<div class=\\\"classification clearfix\\\">\\r\\n<div class=\\\"am-u-sm-12 am-u-md-5 \\\"><img src=\\\"\\/images\\/site\\/20231012145733_ff51en453r.jpg\\\" alt=\\\"Double Leaves Flap Disc\\\" \\/><\\/div>\\r\\n<div class=\\\"am-u-sm-12 am-u-md-7\\\">\\r\\n<h4 class=\\\"title\\\">Double Leaves Flap Disc<\\/h4>\\r\\n<span class=\\\"introduce\\\"> Benefits:<br \\/> Improve work efficiency<br \\/> Good heat dissipation performance<br \\/> Low noise and vibration<br \\/> High wear resistance and strength<br \\/> <\\/span> <span class=\\\"elementor-button-text GetAQuote\\\">Get A Quote \\u2014&gt;<\\/span><\\/div>\\r\\n<\\/div>\\r\\n<\\/div>\\r\\n<div class=\\\"am-u-sm-12 am-u-md-6\\\">\\r\\n<div class=\\\"classification clearfix\\\">\\r\\n<div class=\\\"am-u-sm-12 am-u-md-5 \\\"><img src=\\\"\\/images\\/site\\/20231012100347_mphyj4p3hn.jpg\\\" alt=\\\"Mini Flap Disc\\\" \\/><\\/div>\\r\\n<div class=\\\"am-u-sm-12 am-u-md-7\\\">\\r\\n<h4 class=\\\"title\\\">Mini Flap Disc<\\/h4>\\r\\n<span class=\\\"introduce\\\"> Benefits:<br \\/> Small and flexible<br \\/> Easy to control<br \\/> Strong adaptability<br \\/> Multiple functions<br \\/> <\\/span> <span class=\\\"elementor-button-text GetAQuote\\\">Get A Quote \\u2014&gt;<\\/span><\\/div>\\r\\n<\\/div>\\r\\n<\\/div>\\r\\n<div class=\\\"am-u-sm-12 am-u-md-6\\\">\\r\\n<div class=\\\"classification clearfix\\\">\\r\\n<div class=\\\"am-u-sm-12 am-u-md-5 \\\"><img src=\\\"\\/images\\/site\\/20231012093308_8hs3y9m1lu.jpg\\\" alt=\\\"Vertical flap disc\\\" \\/><\\/div>\\r\\n<div class=\\\"am-u-sm-12 am-u-md-7\\\">\\r\\n<h4 class=\\\"title\\\">Vertical flap disc<\\/h4>\\r\\n<span class=\\\"introduce\\\"> Benefits:<br \\/> High security<br \\/> High durability and long life<br \\/> Excellent grinding results<br \\/> Easy to install and use<br \\/> <\\/span> <span class=\\\"elementor-button-text GetAQuote\\\">Get A Quote \\u2014&gt;<\\/span><\\/div>\\r\\n<\\/div>\\r\\n<\\/div>\\r\\n<div class=\\\"am-u-sm-12 am-u-md-6\\\">\\r\\n<div class=\\\"classification clearfix\\\">\\r\\n<div class=\\\"am-u-sm-12 am-u-md-5 \\\"><img src=\\\"\\/images\\/site\\/20231012142347_icx3mahax7.jpg\\\" alt=\\\"Felt Disc\\\" \\/><\\/div>\\r\\n<div class=\\\"am-u-sm-12 am-u-md-7\\\">\\r\\n<h4 class=\\\"title\\\">Felt Disc<\\/h4>\\r\\n<span class=\\\"introduce\\\"> Benefits:<br \\/> High safety performance<br \\/> Easy to operate and clean<br \\/> Excellent polishing effect<br \\/> Strong adaptability<br \\/> <\\/span> <span class=\\\"elementor-button-text GetAQuote\\\">Get A Quote \\u2014&gt;<\\/span><\\/div>\\r\\n<\\/div>\\r\\n<\\/div>\\r\\n<div class=\\\"am-u-sm-12 am-u-md-6\\\">\\r\\n<div class=\\\"classification clearfix\\\">\\r\\n<div class=\\\"am-u-sm-12 am-u-md-5 \\\"><img src=\\\"\\/images\\/site\\/20231012142402_e3lpjqxn6t.jpg\\\" alt=\\\"Zirconia Radial Flap Disc\\\" \\/><\\/div>\\r\\n<div class=\\\"am-u-sm-12 am-u-md-7\\\">\\r\\n<h4 class=\\\"title\\\">Zirconia Radial Flap Disc<\\/h4>\\r\\n<span class=\\\"introduce\\\"> Benefits:<br \\/> Long life and stability<br \\/> High efficiency and quality<br \\/> Good heat dissipation performance<br \\/> Wide range of application<br \\/> <\\/span> <span class=\\\"elementor-button-text GetAQuote\\\">Get A Quote \\u2014&gt;<\\/span><\\/div>\\r\\n<\\/div>\\r\\n<\\/div>\\r\\n<div class=\\\"am-u-sm-12 am-u-md-6\\\">\\r\\n<div class=\\\"classification clearfix\\\">\\r\\n<div class=\\\"am-u-sm-12 am-u-md-5 \\\"><img src=\\\"\\/images\\/site\\/20231012142503_5i7b2y8kwt.jpg\\\" alt=\\\"Non Woven Flap Disc\\\" \\/><\\/div>\\r\\n<div class=\\\"am-u-sm-12 am-u-md-7\\\">\\r\\n<h4 class=\\\"title\\\">Non Woven Flap Disc<\\/h4>\\r\\n<span class=\\\"introduce\\\"> Benefits:<br \\/> Low noise and vibration<br \\/> Good wear resistance and durability<br \\/> Excellent surface finish<br \\/> Wide range of applications<br \\/> Easy to install and use<br \\/> <\\/span> <span class=\\\"elementor-button-text GetAQuote\\\">Get A Quote \\u2014&gt;<\\/span><\\/div>\\r\\n<\\/div>\\r\\n<\\/div>\\r\\n<div class=\\\"am-u-sm-12 am-u-md-6\\\">\\r\\n<div class=\\\"classification clearfix\\\">\\r\\n<div class=\\\"am-u-sm-12 am-u-md-5 \\\"><img src=\\\"\\/images\\/site\\/20231012142535_2au64m0b0w.jpg\\\" alt=\\\"Radial Flap Discs\\\" \\/><\\/div>\\r\\n<div class=\\\"am-u-sm-12 am-u-md-7\\\">\\r\\n<h4 class=\\\"title\\\">Radial Flap Discs<\\/h4>\\r\\n<span class=\\\"introduce\\\"> Benefits:<br \\/> Wide range of applications<br \\/> Excellent heat dissipation performance<br \\/> High grinding performance<br \\/> Strong adaptability<br \\/> <\\/span> <span class=\\\"elementor-button-text GetAQuote\\\">Get A Quote \\u2014&gt;<\\/span><\\/div>\\r\\n<\\/div>\\r\\n<\\/div>\\r\\n<\\/div>\\r\\n<\\/section>\",\"fulltext\":\"\",\"state\":\"1\",\"catid\":8,\"created\":\"2025-04-10 06:12:03\",\"created_by\":\"91\",\"created_by_alias\":\"\",\"modified\":\"2025-04-17 11:26:11\",\"modified_by\":91,\"checked_out\":91,\"checked_out_time\":\"2025-04-17 11:25:58\",\"publish_up\":\"2025-04-10 06:12:03\",\"publish_down\":null,\"images\":\"{\\\"image_intro\\\":\\\"\\\",\\\"image_intro_alt\\\":\\\"\\\",\\\"float_intro\\\":\\\"\\\",\\\"image_intro_caption\\\":\\\"\\\",\\\"image_fulltext\\\":\\\"\\\",\\\"image_fulltext_alt\\\":\\\"\\\",\\\"float_fulltext\\\":\\\"\\\",\\\"image_fulltext_caption\\\":\\\"\\\"}\",\"urls\":\"{\\\"urla\\\":\\\"\\\",\\\"urlatext\\\":\\\"\\\",\\\"targeta\\\":\\\"\\\",\\\"urlb\\\":\\\"\\\",\\\"urlbtext\\\":\\\"\\\",\\\"targetb\\\":\\\"\\\",\\\"urlc\\\":\\\"\\\",\\\"urlctext\\\":\\\"\\\",\\\"targetc\\\":\\\"\\\"}\",\"attribs\":\"{\\\"article_layout\\\":\\\"\\\",\\\"show_title\\\":\\\"\\\",\\\"link_titles\\\":\\\"\\\",\\\"show_tags\\\":\\\"\\\",\\\"show_intro\\\":\\\"\\\",\\\"info_block_position\\\":\\\"\\\",\\\"info_block_show_title\\\":\\\"\\\",\\\"show_category\\\":\\\"\\\",\\\"link_category\\\":\\\"\\\",\\\"show_parent_category\\\":\\\"\\\",\\\"link_parent_category\\\":\\\"\\\",\\\"show_author\\\":\\\"\\\",\\\"link_author\\\":\\\"\\\",\\\"show_create_date\\\":\\\"\\\",\\\"show_modify_date\\\":\\\"\\\",\\\"show_publish_date\\\":\\\"\\\",\\\"show_item_navigation\\\":\\\"\\\",\\\"show_hits\\\":\\\"\\\",\\\"show_noauth\\\":\\\"\\\",\\\"urls_position\\\":\\\"\\\",\\\"alternative_readmore\\\":\\\"\\\",\\\"article_page_title\\\":\\\"\\\",\\\"show_publishing_options\\\":\\\"\\\",\\\"show_article_options\\\":\\\"\\\",\\\"show_urls_images_backend\\\":\\\"\\\",\\\"show_urls_images_frontend\\\":\\\"\\\"}\",\"version\":5,\"ordering\":8,\"metakey\":\"\",\"metadesc\":\"\",\"access\":1,\"hits\":0,\"metadata\":\"{\\\"robots\\\":\\\"\\\",\\\"author\\\":\\\"\\\",\\\"rights\\\":\\\"\\\"}\",\"featured\":\"0\",\"language\":\"*\",\"note\":\"\"}', 0),
(28, 'com_content.article.7', '', '2025-04-17 11:29:49', 91, 7406, 'd6e79d076c15add3225b09518a15c4a7328bf06a', '{\"id\":\"7\",\"asset_id\":112,\"title\":\"Cutting Disc\",\"alias\":\"cutting-disc\",\"introtext\":\"<section class=\\\"product-classification content-width\\\">\\r\\n<h3>We are always supporting you with best products.<\\/h3>\\r\\n<div class=\\\"am-g\\\">\\r\\n<div class=\\\"am-u-sm-12 am-u-md-6\\\">\\r\\n<div class=\\\"classification clearfix\\\">\\r\\n<div class=\\\"am-u-sm-12 am-u-md-5 \\\"><img src=\\\"\\/images\\/site\\/20231013143321_angmyas85e.jpg\\\" alt=\\\"Super Thin Cutting Disc\\\" \\/><\\/div>\\r\\n<div class=\\\"am-u-sm-12 am-u-md-7\\\">\\r\\n<h4 class=\\\"title\\\">Super Thin Cutting Disc<\\/h4>\\r\\n<span class=\\\"introduce\\\"> State-of-the-art abrasive tool designed for precision cutting applications. Engineered with a super-thin profile, this cutting disc excels in tasks requiring high levels of accuracy and minimal material loss. <\\/span> <span class=\\\"elementor-button-text GetAQuote\\\">Get A Quote \\u2014&gt;<\\/span><\\/div>\\r\\n<\\/div>\\r\\n<\\/div>\\r\\n<div class=\\\"am-u-sm-12 am-u-md-6\\\">\\r\\n<div class=\\\"classification clearfix\\\">\\r\\n<div class=\\\"am-u-sm-12 am-u-md-5 \\\"><img src=\\\"\\/images\\/site\\/20231012165002_x3p03dia2x.jpg\\\" alt=\\\"3 Inch Cutting Disc\\\" \\/><\\/div>\\r\\n<div class=\\\"am-u-sm-12 am-u-md-7\\\">\\r\\n<h4 class=\\\"title\\\">3 Inch Cutting Disc<\\/h4>\\r\\n<span class=\\\"introduce\\\"> Compact yet powerful abrasive tool engineered for precision cutting tasks across various materials. Its 3-inch diameter offers the perfect balance between size and performance, making it ideal for both industrial and DIY applications. <\\/span> <span class=\\\"elementor-button-text GetAQuote\\\">Get A Quote \\u2014&gt;<\\/span><\\/div>\\r\\n<\\/div>\\r\\n<\\/div>\\r\\n<div class=\\\"am-u-sm-12 am-u-md-6\\\">\\r\\n<div class=\\\"classification clearfix\\\">\\r\\n<div class=\\\"am-u-sm-12 am-u-md-5 \\\"><img src=\\\"\\/images\\/site\\/20231012162920_peyjdso1su.jpg\\\" alt=\\\"400mm Cutting Wheel\\\" \\/><\\/div>\\r\\n<div class=\\\"am-u-sm-12 am-u-md-7\\\">\\r\\n<h4 class=\\\"title\\\">400mm Cutting Wheel<\\/h4>\\r\\n<span class=\\\"introduce\\\"> Large-diameter abrasive tool engineered for heavy-duty cutting operations. Designed with premium abrasive grains, this cutting wheel is suitable for a range of materials, offering both speed and precision on a large scale. <\\/span> <span class=\\\"elementor-button-text GetAQuote\\\">Get A Quote \\u2014&gt;<\\/span><\\/div>\\r\\n<\\/div>\\r\\n<\\/div>\\r\\n<div class=\\\"am-u-sm-12 am-u-md-6\\\">\\r\\n<div class=\\\"classification clearfix\\\">\\r\\n<div class=\\\"am-u-sm-12 am-u-md-5 \\\"><img src=\\\"\\/images\\/site\\/20231012162627_jky2y0mvkq.jpg\\\" alt=\\\"Cut Off Wheel For Stone \\\" \\/><\\/div>\\r\\n<div class=\\\"am-u-sm-12 am-u-md-7\\\">\\r\\n<h4 class=\\\"title\\\">Cut Off Wheel For Stone<\\/h4>\\r\\n<span class=\\\"introduce\\\"> This specialized abrasive tool, crafted with a unique blend of high - quality grains, is meticulously engineered for stone cutting. It ensures efficient, precise cuts on various stones, including granite, marble, and limestone, for top - notch results. <\\/span> <span class=\\\"elementor-button-text GetAQuote\\\">Get A Quote \\u2014&gt;<\\/span><\\/div>\\r\\n<\\/div>\\r\\n<\\/div>\\r\\n<div class=\\\"am-u-sm-12 am-u-md-6\\\">\\r\\n<div class=\\\"classification clearfix\\\">\\r\\n<div class=\\\"am-u-sm-12 am-u-md-5 \\\"><img src=\\\"\\/images\\/site\\/20231012162730_qsbb8mc21i.jpg\\\" alt=\\\"Cut Off Wheel For Metals\\\" \\/><\\/div>\\r\\n<div class=\\\"am-u-sm-12 am-u-md-7\\\">\\r\\n<h4 class=\\\"title\\\">Cut Off Wheel For Metals<\\/h4>\\r\\n<span class=\\\"introduce\\\"> Dedicated abrasive tool designed for efficient and precise cutting of non-ferrous materials like aluminum, copper, and brass. Crafted with specialized abrasive grains, this wheel ensures optimal performance tailored to non-ferrous metal applications. <\\/span> <span class=\\\"elementor-button-text GetAQuote\\\">Get A Quote \\u2014&gt;<\\/span><\\/div>\\r\\n<\\/div>\\r\\n<\\/div>\\r\\n<div class=\\\"am-u-sm-12 am-u-md-6\\\">\\r\\n<div class=\\\"classification clearfix\\\">\\r\\n<div class=\\\"am-u-sm-12 am-u-md-5 \\\"><img src=\\\"\\/images\\/site\\/20231012162835_dejvjqdxcm.jpg\\\" alt=\\\"Stainless Steel Cutting Discs\\\" \\/><\\/div>\\r\\n<div class=\\\"am-u-sm-12 am-u-md-7\\\">\\r\\n<h4 class=\\\"title\\\">Stainless Steel Cutting Discs<\\/h4>\\r\\n<span class=\\\"introduce\\\"> Premium abrasive tool designed specifically for the efficient and precise cutting of stainless steel materials. Formulated with specialized abrasive grains, this cutting disc offers optimal performance tailored to stainless steel applications. <\\/span> <span class=\\\"elementor-button-text GetAQuote\\\">Get A Quote \\u2014&gt;<\\/span><\\/div>\\r\\n<\\/div>\\r\\n<\\/div>\\r\\n<div class=\\\"am-u-sm-12 am-u-md-6\\\">\\r\\n<div class=\\\"classification clearfix\\\">\\r\\n<div class=\\\"am-u-sm-12 am-u-md-5 \\\"><img src=\\\"\\/images\\/site\\/20231012163020_fdo0v1g9h9.jpg\\\" alt=\\\"Cutting Disc With Threaded Arbor\\\" \\/><\\/div>\\r\\n<div class=\\\"am-u-sm-12 am-u-md-7\\\">\\r\\n<h4 class=\\\"title\\\">Cutting Disc With Threaded Arbor<\\/h4>\\r\\n<span class=\\\"introduce\\\"> This innovative abrasive tool is ingeniously designed with a threaded arbor, ensuring fast and secure mounting. It completely eliminates the need for additional hardware, making it an ideal and convenient choice for a wide range of industrial applications. <\\/span> <span class=\\\"elementor-button-text GetAQuote\\\">Get A Quote \\u2014&gt;<\\/span><\\/div>\\r\\n<\\/div>\\r\\n<\\/div>\\r\\n<div class=\\\"am-u-sm-12 am-u-md-6\\\">\\r\\n<div class=\\\"classification clearfix\\\">\\r\\n<div class=\\\"am-u-sm-12 am-u-md-5 \\\"><img src=\\\"\\/images\\/site\\/20231012163114_jgirc0iq7u.jpg\\\" alt=\\\"Depressed Center Cutting Wheel\\\" \\/><\\/div>\\r\\n<div class=\\\"am-u-sm-12 am-u-md-7\\\">\\r\\n<h4 class=\\\"title\\\">Depressed Center Cutting Wheel<\\/h4>\\r\\n<span class=\\\"introduce\\\"> Advanced abrasive tool specifically designed for high-performance cutting applications. The depressed center design enables better alignment and control, making it ideal for various industrial and construction projects. <\\/span> <span class=\\\"elementor-button-text GetAQuote\\\">Get A Quote \\u2014&gt;<\\/span><\\/div>\\r\\n<\\/div>\\r\\n<\\/div>\\r\\n<\\/div>\\r\\n<\\/section>\",\"fulltext\":\"\",\"state\":\"1\",\"catid\":8,\"created\":\"2025-04-10 06:21:09\",\"created_by\":\"91\",\"created_by_alias\":\"\",\"modified\":\"2025-04-17 11:29:49\",\"modified_by\":91,\"checked_out\":91,\"checked_out_time\":\"2025-04-17 11:29:37\",\"publish_up\":\"2025-04-10 06:21:09\",\"publish_down\":null,\"images\":\"{\\\"image_intro\\\":\\\"\\\",\\\"image_intro_alt\\\":\\\"\\\",\\\"float_intro\\\":\\\"\\\",\\\"image_intro_caption\\\":\\\"\\\",\\\"image_fulltext\\\":\\\"\\\",\\\"image_fulltext_alt\\\":\\\"\\\",\\\"float_fulltext\\\":\\\"\\\",\\\"image_fulltext_caption\\\":\\\"\\\"}\",\"urls\":\"{\\\"urla\\\":\\\"\\\",\\\"urlatext\\\":\\\"\\\",\\\"targeta\\\":\\\"\\\",\\\"urlb\\\":\\\"\\\",\\\"urlbtext\\\":\\\"\\\",\\\"targetb\\\":\\\"\\\",\\\"urlc\\\":\\\"\\\",\\\"urlctext\\\":\\\"\\\",\\\"targetc\\\":\\\"\\\"}\",\"attribs\":\"{\\\"article_layout\\\":\\\"\\\",\\\"show_title\\\":\\\"\\\",\\\"link_titles\\\":\\\"\\\",\\\"show_tags\\\":\\\"\\\",\\\"show_intro\\\":\\\"\\\",\\\"info_block_position\\\":\\\"\\\",\\\"info_block_show_title\\\":\\\"\\\",\\\"show_category\\\":\\\"\\\",\\\"link_category\\\":\\\"\\\",\\\"show_parent_category\\\":\\\"\\\",\\\"link_parent_category\\\":\\\"\\\",\\\"show_author\\\":\\\"\\\",\\\"link_author\\\":\\\"\\\",\\\"show_create_date\\\":\\\"\\\",\\\"show_modify_date\\\":\\\"\\\",\\\"show_publish_date\\\":\\\"\\\",\\\"show_item_navigation\\\":\\\"\\\",\\\"show_hits\\\":\\\"\\\",\\\"show_noauth\\\":\\\"\\\",\\\"urls_position\\\":\\\"\\\",\\\"alternative_readmore\\\":\\\"\\\",\\\"article_page_title\\\":\\\"\\\",\\\"show_publishing_options\\\":\\\"\\\",\\\"show_article_options\\\":\\\"\\\",\\\"show_urls_images_backend\\\":\\\"\\\",\\\"show_urls_images_frontend\\\":\\\"\\\"}\",\"version\":4,\"ordering\":3,\"metakey\":\"\",\"metadesc\":\"\",\"access\":1,\"hits\":0,\"metadata\":\"{\\\"robots\\\":\\\"\\\",\\\"author\\\":\\\"\\\",\\\"rights\\\":\\\"\\\"}\",\"featured\":\"0\",\"language\":\"*\",\"note\":\"\"}', 0),
(29, 'com_content.article.3', '', '2025-04-17 11:49:13', 91, 8687, 'a84faacdcb696f831ae9004943341628d47c619c', '{\"id\":\"3\",\"asset_id\":108,\"title\":\"Flap Disc\",\"alias\":\"flap-disc\",\"introtext\":\"<section class=\\\"product-classification content-width\\\">\\r\\n<h3>We are always supporting you with best products.<\\/h3>\\r\\n<div class=\\\"am-g\\\">\\r\\n<div class=\\\"am-u-sm-12 am-u-md-6\\\">\\r\\n<div class=\\\"classification clearfix\\\">\\r\\n<div class=\\\"am-u-sm-12 am-u-md-5 \\\"><img src=\\\"\\/images\\/site\\/20231012142604_egw30jkox8.jpg\\\" alt=\\\"Aluminium Oxide flap disc\\\" \\/><\\/div>\\r\\n<div class=\\\"am-u-sm-12 am-u-md-7\\\">\\r\\n<h4 class=\\\"title\\\">Aluminium Oxide flap disc<\\/h4>\\r\\n<span class=\\\"introduce\\\"> Benefits:<br \\/> High quality Aluminium Oxide cloth<br \\/> Excellent performance and efficiencies on stainless steel<br \\/> Fast stocking removal<br \\/> Durable backing plate<br \\/> Good flexibility <\\/span> <span class=\\\"elementor-button-text GetAQuote\\\">Get A Quote \\u2014&gt;<\\/span><\\/div>\\r\\n<\\/div>\\r\\n<\\/div>\\r\\n<div class=\\\"am-u-sm-12 am-u-md-6\\\">\\r\\n<div class=\\\"classification clearfix\\\">\\r\\n<div class=\\\"am-u-sm-12 am-u-md-5 \\\"><img src=\\\"\\/images\\/site\\/20231012142516_57r7pota96.jpg\\\" alt=\\\"Ceramic Grain flap disc\\\" \\/><\\/div>\\r\\n<div class=\\\"am-u-sm-12 am-u-md-7\\\">\\r\\n<h4 class=\\\"title\\\">Ceramic Grain flap disc<\\/h4>\\r\\n<span class=\\\"introduce\\\"> Benefits:<br \\/> Wear resistance<br \\/> High stock removal<br \\/> Extra-long service life<br \\/> Excellent self-sharpening<br \\/> Good heat dissipation and no damage to the workpiece <\\/span> <span class=\\\"elementor-button-text GetAQuote\\\">Get A Quote \\u2014&gt;<\\/span><\\/div>\\r\\n<\\/div>\\r\\n<\\/div>\\r\\n<div class=\\\"am-u-sm-12 am-u-md-6\\\">\\r\\n<div class=\\\"classification clearfix\\\">\\r\\n<div class=\\\"am-u-sm-12 am-u-md-5 \\\"><img src=\\\"\\/images\\/site\\/20231012142548_a3rikvxu1m.jpg\\\" alt=\\\"Calcined Aluminium Oxide Flap Disc\\\" \\/><\\/div>\\r\\n<div class=\\\"am-u-sm-12 am-u-md-7\\\">\\r\\n<h4 class=\\\"title\\\">Calcined Aluminium Oxide Flap Disc<\\/h4>\\r\\n<span class=\\\"introduce\\\"> Benefits:<br \\/> After calcination, better strength and heat-resistant<br \\/> Long service time<br \\/> Sharper grinding ability<br \\/> Suitable for heavy load grinding<br \\/> Good heat dispersion <\\/span> <span class=\\\"elementor-button-text GetAQuote\\\">Get A Quote \\u2014&gt;<\\/span><\\/div>\\r\\n<\\/div>\\r\\n<\\/div>\\r\\n<div class=\\\"am-u-sm-12 am-u-md-6\\\">\\r\\n<div class=\\\"classification clearfix\\\">\\r\\n<div class=\\\"am-u-sm-12 am-u-md-5 \\\"><img src=\\\"\\/images\\/site\\/20231012142617_ek2yngvp2r.jpg\\\" alt=\\\"Zirconia Aluminium Flap Disc\\\" \\/><\\/div>\\r\\n<div class=\\\"am-u-sm-12 am-u-md-7\\\">\\r\\n<h4 class=\\\"title\\\">Zirconia Aluminium Flap Disc<\\/h4>\\r\\n<span class=\\\"introduce\\\"> Benefits:<br \\/> High-quality Zirconia Alumina cloth<br \\/> Durable backing plate<br \\/> High tensile and bending strength<br \\/> Good grinding effect<br \\/> Low noise and no clogging during grinding<br \\/> <\\/span> <span class=\\\"elementor-button-text GetAQuote\\\">Get A Quote \\u2014&gt;<\\/span><\\/div>\\r\\n<\\/div>\\r\\n<\\/div>\\r\\n<div class=\\\"am-u-sm-12 am-u-md-6\\\">\\r\\n<div class=\\\"classification clearfix\\\">\\r\\n<div class=\\\"am-u-sm-12 am-u-md-5 \\\"><img src=\\\"\\/images\\/site\\/20240313144105_er4e24qx4h.jpg\\\" alt=\\\"Diamond Flap Disc\\\" \\/><\\/div>\\r\\n<div class=\\\"am-u-sm-12 am-u-md-7\\\">\\r\\n<h4 class=\\\"title\\\">Diamond Flap Disc<\\/h4>\\r\\n<span class=\\\"introduce\\\"> Benefits:<br \\/> High hardness and wear resistance<br \\/> Efficient cutting and grinding<br \\/> Good thermal stability<br \\/> Wide range of application<br \\/> <\\/span> <span class=\\\"elementor-button-text GetAQuote\\\">Get A Quote \\u2014&gt;<\\/span><\\/div>\\r\\n<\\/div>\\r\\n<\\/div>\\r\\n<div class=\\\"am-u-sm-12 am-u-md-6\\\">\\r\\n<div class=\\\"classification clearfix\\\">\\r\\n<div class=\\\"am-u-sm-12 am-u-md-5 \\\"><img src=\\\"\\/images\\/site\\/20231012145733_ff51en453r.jpg\\\" alt=\\\"Double Leaves Flap Disc\\\" \\/><\\/div>\\r\\n<div class=\\\"am-u-sm-12 am-u-md-7\\\">\\r\\n<h4 class=\\\"title\\\">Double Leaves Flap Disc<\\/h4>\\r\\n<span class=\\\"introduce\\\"> Benefits:<br \\/> Improve work efficiency<br \\/> Good heat dissipation performance<br \\/> Low noise and vibration<br \\/> High wear resistance and strength<br \\/> <\\/span> <span class=\\\"elementor-button-text GetAQuote\\\">Get A Quote \\u2014&gt;<\\/span><\\/div>\\r\\n<\\/div>\\r\\n<\\/div>\\r\\n<div class=\\\"am-u-sm-12 am-u-md-6\\\">\\r\\n<div class=\\\"classification clearfix\\\">\\r\\n<div class=\\\"am-u-sm-12 am-u-md-5 \\\"><img src=\\\"\\/images\\/site\\/20231012100347_mphyj4p3hn.jpg\\\" alt=\\\"Mini Flap Disc\\\" \\/><\\/div>\\r\\n<div class=\\\"am-u-sm-12 am-u-md-7\\\">\\r\\n<h4 class=\\\"title\\\">Mini Flap Disc<\\/h4>\\r\\n<span class=\\\"introduce\\\"> Benefits:<br \\/> Small and flexible<br \\/> Easy to control<br \\/> Strong adaptability<br \\/> Multiple functions<br \\/> <\\/span> <span class=\\\"elementor-button-text GetAQuote\\\">Get A Quote \\u2014&gt;<\\/span><\\/div>\\r\\n<\\/div>\\r\\n<\\/div>\\r\\n<div class=\\\"am-u-sm-12 am-u-md-6\\\">\\r\\n<div class=\\\"classification clearfix\\\">\\r\\n<div class=\\\"am-u-sm-12 am-u-md-5 \\\"><img src=\\\"\\/images\\/site\\/20231012093308_8hs3y9m1lu.jpg\\\" alt=\\\"Vertical flap disc\\\" \\/><\\/div>\\r\\n<div class=\\\"am-u-sm-12 am-u-md-7\\\">\\r\\n<h4 class=\\\"title\\\">Vertical flap disc<\\/h4>\\r\\n<span class=\\\"introduce\\\"> Benefits:<br \\/> High security<br \\/> High durability and long life<br \\/> Excellent grinding results<br \\/> Easy to install and use<br \\/> <\\/span> <span class=\\\"elementor-button-text GetAQuote\\\">Get A Quote \\u2014&gt;<\\/span><\\/div>\\r\\n<\\/div>\\r\\n<\\/div>\\r\\n<div class=\\\"am-u-sm-12 am-u-md-6\\\">\\r\\n<div class=\\\"classification clearfix\\\">\\r\\n<div class=\\\"am-u-sm-12 am-u-md-5 \\\"><img src=\\\"\\/images\\/site\\/20231012142347_icx3mahax7.jpg\\\" alt=\\\"Felt Disc\\\" \\/><\\/div>\\r\\n<div class=\\\"am-u-sm-12 am-u-md-7\\\">\\r\\n<h4 class=\\\"title\\\">Felt Disc<\\/h4>\\r\\n<span class=\\\"introduce\\\"> Benefits:<br \\/> High safety performance<br \\/> Easy to operate and clean<br \\/> Excellent polishing effect<br \\/> Strong adaptability<br \\/> <\\/span> <span class=\\\"elementor-button-text GetAQuote\\\">Get A Quote \\u2014&gt;<\\/span><\\/div>\\r\\n<\\/div>\\r\\n<\\/div>\\r\\n<div class=\\\"am-u-sm-12 am-u-md-6\\\">\\r\\n<div class=\\\"classification clearfix\\\">\\r\\n<div class=\\\"am-u-sm-12 am-u-md-5 \\\"><img src=\\\"\\/images\\/site\\/20231012142402_e3lpjqxn6t.jpg\\\" alt=\\\"Zirconia Radial Flap Disc\\\" \\/><\\/div>\\r\\n<div class=\\\"am-u-sm-12 am-u-md-7\\\">\\r\\n<h4 class=\\\"title\\\">Zirconia Radial Flap Disc<\\/h4>\\r\\n<span class=\\\"introduce\\\"> Benefits:<br \\/> Long life and stability<br \\/> High efficiency and quality<br \\/> Good heat dissipation performance<br \\/> Wide range of application<br \\/> <\\/span> <span class=\\\"elementor-button-text GetAQuote\\\">Get A Quote \\u2014&gt;<\\/span><\\/div>\\r\\n<\\/div>\\r\\n<\\/div>\\r\\n<div class=\\\"am-u-sm-12 am-u-md-6\\\">\\r\\n<div class=\\\"classification clearfix\\\">\\r\\n<div class=\\\"am-u-sm-12 am-u-md-5 \\\"><img src=\\\"\\/images\\/site\\/20231012142503_5i7b2y8kwt.jpg\\\" alt=\\\"Non Woven Flap Disc\\\" \\/><\\/div>\\r\\n<div class=\\\"am-u-sm-12 am-u-md-7\\\">\\r\\n<h4 class=\\\"title\\\">Non Woven Flap Disc<\\/h4>\\r\\n<span class=\\\"introduce\\\"> Benefits:<br \\/> Low noise and vibration<br \\/> Good wear resistance and durability<br \\/> Excellent surface finish<br \\/> Wide range of applications<br \\/> Easy to install and use<br \\/> <\\/span> <span class=\\\"elementor-button-text GetAQuote\\\">Get A Quote \\u2014&gt;<\\/span><\\/div>\\r\\n<\\/div>\\r\\n<\\/div>\\r\\n<\\/div>\\r\\n<\\/section>\",\"fulltext\":\"\",\"state\":\"1\",\"catid\":8,\"created\":\"2025-04-10 06:12:03\",\"created_by\":\"91\",\"created_by_alias\":\"\",\"modified\":\"2025-04-17 11:49:13\",\"modified_by\":91,\"checked_out\":91,\"checked_out_time\":\"2025-04-17 11:49:01\",\"publish_up\":\"2025-04-10 06:12:03\",\"publish_down\":null,\"images\":\"{\\\"image_intro\\\":\\\"\\\",\\\"image_intro_alt\\\":\\\"\\\",\\\"float_intro\\\":\\\"\\\",\\\"image_intro_caption\\\":\\\"\\\",\\\"image_fulltext\\\":\\\"\\\",\\\"image_fulltext_alt\\\":\\\"\\\",\\\"float_fulltext\\\":\\\"\\\",\\\"image_fulltext_caption\\\":\\\"\\\"}\",\"urls\":\"{\\\"urla\\\":\\\"\\\",\\\"urlatext\\\":\\\"\\\",\\\"targeta\\\":\\\"\\\",\\\"urlb\\\":\\\"\\\",\\\"urlbtext\\\":\\\"\\\",\\\"targetb\\\":\\\"\\\",\\\"urlc\\\":\\\"\\\",\\\"urlctext\\\":\\\"\\\",\\\"targetc\\\":\\\"\\\"}\",\"attribs\":\"{\\\"article_layout\\\":\\\"\\\",\\\"show_title\\\":\\\"\\\",\\\"link_titles\\\":\\\"\\\",\\\"show_tags\\\":\\\"\\\",\\\"show_intro\\\":\\\"\\\",\\\"info_block_position\\\":\\\"\\\",\\\"info_block_show_title\\\":\\\"\\\",\\\"show_category\\\":\\\"\\\",\\\"link_category\\\":\\\"\\\",\\\"show_parent_category\\\":\\\"\\\",\\\"link_parent_category\\\":\\\"\\\",\\\"show_author\\\":\\\"\\\",\\\"link_author\\\":\\\"\\\",\\\"show_create_date\\\":\\\"\\\",\\\"show_modify_date\\\":\\\"\\\",\\\"show_publish_date\\\":\\\"\\\",\\\"show_item_navigation\\\":\\\"\\\",\\\"show_hits\\\":\\\"\\\",\\\"show_noauth\\\":\\\"\\\",\\\"urls_position\\\":\\\"\\\",\\\"alternative_readmore\\\":\\\"\\\",\\\"article_page_title\\\":\\\"\\\",\\\"show_publishing_options\\\":\\\"\\\",\\\"show_article_options\\\":\\\"\\\",\\\"show_urls_images_backend\\\":\\\"\\\",\\\"show_urls_images_frontend\\\":\\\"\\\"}\",\"version\":6,\"ordering\":8,\"metakey\":\"\",\"metadesc\":\"\",\"access\":1,\"hits\":0,\"metadata\":\"{\\\"robots\\\":\\\"\\\",\\\"author\\\":\\\"\\\",\\\"rights\\\":\\\"\\\"}\",\"featured\":\"0\",\"language\":\"*\",\"note\":\"\"}', 0);

-- --------------------------------------------------------

--
-- Структура таблицы `joom5_languages`
--

CREATE TABLE `joom5_languages` (
  `lang_id` int UNSIGNED NOT NULL,
  `asset_id` int UNSIGNED NOT NULL DEFAULT '0',
  `lang_code` char(7) CHARACTER SET utf8mb4 COLLATE utf8mb4_bin NOT NULL,
  `title` varchar(50) CHARACTER SET utf8mb4 COLLATE utf8mb4_unicode_ci NOT NULL,
  `title_native` varchar(50) CHARACTER SET utf8mb4 COLLATE utf8mb4_unicode_ci NOT NULL,
  `sef` varchar(50) CHARACTER SET utf8mb4 COLLATE utf8mb4_unicode_ci NOT NULL,
  `image` varchar(50) CHARACTER SET utf8mb4 COLLATE utf8mb4_unicode_ci NOT NULL,
  `description` varchar(512) CHARACTER SET utf8mb4 COLLATE utf8mb4_unicode_ci NOT NULL,
  `metakey` text CHARACTER SET utf8mb4 COLLATE utf8mb4_unicode_ci,
  `metadesc` text CHARACTER SET utf8mb4 COLLATE utf8mb4_unicode_ci NOT NULL,
  `sitename` varchar(1024) CHARACTER SET utf8mb4 COLLATE utf8mb4_unicode_ci NOT NULL DEFAULT '',
  `published` int NOT NULL DEFAULT '0',
  `access` int UNSIGNED NOT NULL DEFAULT '0',
  `ordering` int NOT NULL DEFAULT '0'
) ENGINE=InnoDB DEFAULT CHARSET=utf8mb4 COLLATE=utf8mb4_unicode_ci;

--
-- Дамп данных таблицы `joom5_languages`
--

INSERT INTO `joom5_languages` (`lang_id`, `asset_id`, `lang_code`, `title`, `title_native`, `sef`, `image`, `description`, `metakey`, `metadesc`, `sitename`, `published`, `access`, `ordering`) VALUES
(1, 0, 'en-GB', 'English (en-GB)', 'English (United Kingdom)', 'en', 'en_gb', '', '', '', '', 1, 1, 2),
(2, 100, 'ru-RU', 'Russian (ru-RU)', 'Русский (Россия)', 'ru', 'ru_ru', '', NULL, '', '', 0, 1, 1);

-- --------------------------------------------------------

--
-- Структура таблицы `joom5_mail_templates`
--

CREATE TABLE `joom5_mail_templates` (
  `template_id` varchar(127) CHARACTER SET utf8mb4 COLLATE utf8mb4_unicode_ci NOT NULL DEFAULT '',
  `extension` varchar(127) CHARACTER SET utf8mb4 COLLATE utf8mb4_unicode_ci NOT NULL DEFAULT '',
  `language` char(7) CHARACTER SET utf8mb4 COLLATE utf8mb4_unicode_ci NOT NULL DEFAULT '',
  `subject` varchar(255) CHARACTER SET utf8mb4 COLLATE utf8mb4_unicode_ci NOT NULL DEFAULT '',
  `body` text CHARACTER SET utf8mb4 COLLATE utf8mb4_unicode_ci NOT NULL,
  `htmlbody` mediumtext CHARACTER SET utf8mb4 COLLATE utf8mb4_unicode_ci NOT NULL,
  `attachments` text CHARACTER SET utf8mb4 COLLATE utf8mb4_unicode_ci NOT NULL,
  `params` text CHARACTER SET utf8mb4 COLLATE utf8mb4_unicode_ci NOT NULL
) ENGINE=InnoDB DEFAULT CHARSET=utf8mb4 COLLATE=utf8mb4_unicode_ci;

--
-- Дамп данных таблицы `joom5_mail_templates`
--

INSERT INTO `joom5_mail_templates` (`template_id`, `extension`, `language`, `subject`, `body`, `htmlbody`, `attachments`, `params`) VALUES
('com_actionlogs.notification', 'com_actionlogs', '', 'COM_ACTIONLOGS_EMAIL_SUBJECT', 'COM_ACTIONLOGS_EMAIL_BODY', 'COM_ACTIONLOGS_EMAIL_HTMLBODY', '', '{\"tags\":[\"messages\",\"message\",\"date\",\"extension\",\"username\"]}'),
('com_config.test_mail', 'com_config', '', 'COM_CONFIG_SENDMAIL_SUBJECT', 'COM_CONFIG_SENDMAIL_BODY', '', '', '{\"tags\":[\"sitename\",\"method\"]}'),
('com_contact.mail', 'com_contact', '', 'COM_CONTACT_ENQUIRY_SUBJECT', 'COM_CONTACT_ENQUIRY_TEXT', '', '', '{\"tags\":[\"sitename\",\"name\",\"email\",\"subject\",\"body\",\"url\",\"customfields\"]}'),
('com_contact.mail.copy', 'com_contact', '', 'COM_CONTACT_COPYSUBJECT_OF', 'COM_CONTACT_COPYTEXT_OF', '', '', '{\"tags\":[\"sitename\",\"name\",\"email\",\"subject\",\"body\",\"url\",\"customfields\",\"contactname\"]}'),
('com_messages.new_message', 'com_messages', '', 'COM_MESSAGES_NEW_MESSAGE', 'COM_MESSAGES_NEW_MESSAGE_BODY', '', '', '{\"tags\":[\"subject\",\"message\",\"fromname\",\"sitename\",\"siteurl\",\"fromemail\",\"toname\",\"toemail\"]}'),
('com_privacy.notification.admin.export', 'com_privacy', '', 'COM_PRIVACY_EMAIL_ADMIN_REQUEST_SUBJECT_EXPORT_REQUEST', 'COM_PRIVACY_EMAIL_ADMIN_REQUEST_BODY_EXPORT_REQUEST', '', '', '{\"tags\":[\"sitename\",\"url\",\"tokenurl\",\"formurl\",\"token\"]}'),
('com_privacy.notification.admin.remove', 'com_privacy', '', 'COM_PRIVACY_EMAIL_ADMIN_REQUEST_SUBJECT_REMOVE_REQUEST', 'COM_PRIVACY_EMAIL_ADMIN_REQUEST_BODY_REMOVE_REQUEST', '', '', '{\"tags\":[\"sitename\",\"url\",\"tokenurl\",\"formurl\",\"token\"]}'),
('com_privacy.notification.export', 'com_privacy', '', 'COM_PRIVACY_EMAIL_REQUEST_SUBJECT_EXPORT_REQUEST', 'COM_PRIVACY_EMAIL_REQUEST_BODY_EXPORT_REQUEST', '', '', '{\"tags\":[\"sitename\",\"url\",\"tokenurl\",\"formurl\",\"token\"]}'),
('com_privacy.notification.remove', 'com_privacy', '', 'COM_PRIVACY_EMAIL_REQUEST_SUBJECT_REMOVE_REQUEST', 'COM_PRIVACY_EMAIL_REQUEST_BODY_REMOVE_REQUEST', '', '', '{\"tags\":[\"sitename\",\"url\",\"tokenurl\",\"formurl\",\"token\"]}'),
('com_privacy.userdataexport', 'com_privacy', '', 'COM_PRIVACY_EMAIL_DATA_EXPORT_COMPLETED_SUBJECT', 'COM_PRIVACY_EMAIL_DATA_EXPORT_COMPLETED_BODY', '', '', '{\"tags\":[\"sitename\",\"url\"]}'),
('com_users.massmail.mail', 'com_users', '', 'COM_USERS_MASSMAIL_MAIL_SUBJECT', 'COM_USERS_MASSMAIL_MAIL_BODY', '', '', '{\"tags\":[\"subject\",\"body\",\"subjectprefix\",\"bodysuffix\"]}'),
('com_users.password_reset', 'com_users', '', 'COM_USERS_EMAIL_PASSWORD_RESET_SUBJECT', 'COM_USERS_EMAIL_PASSWORD_RESET_BODY', '', '', '{\"tags\":[\"name\",\"email\",\"sitename\",\"link_text\",\"link_html\",\"token\"]}'),
('com_users.registration.admin.new_notification', 'com_users', '', 'COM_USERS_EMAIL_ACCOUNT_DETAILS', 'COM_USERS_EMAIL_REGISTERED_NOTIFICATION_TO_ADMIN_BODY', '', '', '{\"tags\":[\"name\",\"sitename\",\"siteurl\",\"username\"]}'),
('com_users.registration.admin.verification_request', 'com_users', '', 'COM_USERS_EMAIL_ACTIVATE_WITH_ADMIN_ACTIVATION_SUBJECT', 'COM_USERS_EMAIL_ACTIVATE_WITH_ADMIN_ACTIVATION_BODY', '', '', '{\"tags\":[\"name\",\"sitename\",\"email\",\"username\",\"activate\"]}'),
('com_users.registration.user.admin_activated', 'com_users', '', 'COM_USERS_EMAIL_ACTIVATED_BY_ADMIN_ACTIVATION_SUBJECT', 'COM_USERS_EMAIL_ACTIVATED_BY_ADMIN_ACTIVATION_BODY', '', '', '{\"tags\":[\"name\",\"sitename\",\"siteurl\",\"username\"]}'),
('com_users.registration.user.admin_activation', 'com_users', '', 'COM_USERS_EMAIL_ACCOUNT_DETAILS', 'COM_USERS_EMAIL_REGISTERED_WITH_ADMIN_ACTIVATION_BODY_NOPW', '', '', '{\"tags\":[\"name\",\"sitename\",\"activate\",\"siteurl\",\"username\"]}'),
('com_users.registration.user.admin_activation_w_pw', 'com_users', '', 'COM_USERS_EMAIL_ACCOUNT_DETAILS', 'COM_USERS_EMAIL_REGISTERED_WITH_ADMIN_ACTIVATION_BODY', '', '', '{\"tags\":[\"name\",\"sitename\",\"activate\",\"siteurl\",\"username\",\"password_clear\"]}'),
('com_users.registration.user.registration_mail', 'com_users', '', 'COM_USERS_EMAIL_ACCOUNT_DETAILS', 'COM_USERS_EMAIL_REGISTERED_BODY_NOPW', '', '', '{\"tags\":[\"name\",\"sitename\",\"siteurl\",\"username\"]}'),
('com_users.registration.user.registration_mail_w_pw', 'com_users', '', 'COM_USERS_EMAIL_ACCOUNT_DETAILS', 'COM_USERS_EMAIL_REGISTERED_BODY', '', '', '{\"tags\":[\"name\",\"sitename\",\"siteurl\",\"username\",\"password_clear\"]}'),
('com_users.registration.user.self_activation', 'com_users', '', 'COM_USERS_EMAIL_ACCOUNT_DETAILS', 'COM_USERS_EMAIL_REGISTERED_WITH_ACTIVATION_BODY_NOPW', '', '', '{\"tags\":[\"name\",\"sitename\",\"activate\",\"siteurl\",\"username\"]}'),
('com_users.registration.user.self_activation_w_pw', 'com_users', '', 'COM_USERS_EMAIL_ACCOUNT_DETAILS', 'COM_USERS_EMAIL_REGISTERED_WITH_ACTIVATION_BODY', '', '', '{\"tags\":[\"name\",\"sitename\",\"activate\",\"siteurl\",\"username\",\"password_clear\"]}'),
('com_users.reminder', 'com_users', '', 'COM_USERS_EMAIL_USERNAME_REMINDER_SUBJECT', 'COM_USERS_EMAIL_USERNAME_REMINDER_BODY', '', '', '{\"tags\":[\"name\",\"username\",\"sitename\",\"email\",\"link_text\",\"link_html\"]}'),
('plg_multifactorauth_email.mail', 'plg_multifactorauth_email', '', 'PLG_MULTIFACTORAUTH_EMAIL_EMAIL_SUBJECT', 'PLG_MULTIFACTORAUTH_EMAIL_EMAIL_BODY', '', '', '{\"tags\":[\"code\",\"sitename\",\"siteurl\",\"username\",\"email\",\"fullname\"]}'),
('plg_system_tasknotification.failure_mail', 'plg_system_tasknotification', '', 'PLG_SYSTEM_TASK_NOTIFICATION_FAILURE_MAIL_SUBJECT', 'PLG_SYSTEM_TASK_NOTIFICATION_FAILURE_MAIL_BODY', '', '', '{\"tags\": [\"task_id\", \"task_title\", \"exit_code\", \"exec_data_time\", \"task_output\"]}'),
('plg_system_tasknotification.fatal_recovery_mail', 'plg_system_tasknotification', '', 'PLG_SYSTEM_TASK_NOTIFICATION_FATAL_MAIL_SUBJECT', 'PLG_SYSTEM_TASK_NOTIFICATION_FATAL_MAIL_BODY', '', '', '{\"tags\": [\"task_id\", \"task_title\"]}'),
('plg_system_tasknotification.orphan_mail', 'plg_system_tasknotification', '', 'PLG_SYSTEM_TASK_NOTIFICATION_ORPHAN_MAIL_SUBJECT', 'PLG_SYSTEM_TASK_NOTIFICATION_ORPHAN_MAIL_BODY', '', '', '{\"tags\": [\"task_id\", \"task_title\"]}'),
('plg_system_tasknotification.success_mail', 'plg_system_tasknotification', '', 'PLG_SYSTEM_TASK_NOTIFICATION_SUCCESS_MAIL_SUBJECT', 'PLG_SYSTEM_TASK_NOTIFICATION_SUCCESS_MAIL_BODY', '', '', '{\"tags\":[\"task_id\", \"task_title\", \"exec_data_time\", \"task_output\"]}'),
('plg_task_privacyconsent.request.reminder', 'plg_task_privacyconsent', '', 'PLG_TASK_PRIVACYCONSENT_EMAIL_REMIND_SUBJECT', 'PLG_TASK_PRIVACYCONSENT_EMAIL_REMIND_BODY', '', '', '{\"tags\":[\"sitename\",\"url\",\"tokenurl\",\"formurl\",\"token\"]}'),
('plg_task_updatenotification.mail', 'plg_task_updatenotification', '', 'PLG_TASK_UPDATENOTIFICATION_EMAIL_SUBJECT', 'PLG_TASK_UPDATENOTIFICATION_EMAIL_BODY', '', '', '{\"tags\":[\"newversion\",\"curversion\",\"sitename\",\"url\",\"link\",\"releasenews\"]}'),
('plg_user_joomla.mail', 'plg_user_joomla', '', 'PLG_USER_JOOMLA_NEW_USER_EMAIL_SUBJECT', 'PLG_USER_JOOMLA_NEW_USER_EMAIL_BODY', '', '', '{\"tags\":[\"name\",\"sitename\",\"url\",\"username\",\"password\",\"email\"]}');

-- --------------------------------------------------------

--
-- Структура таблицы `joom5_menu`
--

CREATE TABLE `joom5_menu` (
  `id` int NOT NULL,
  `menutype` varchar(24) CHARACTER SET utf8mb4 COLLATE utf8mb4_unicode_ci NOT NULL COMMENT 'The type of menu this item belongs to. FK to #__menu_types.menutype',
  `title` varchar(255) CHARACTER SET utf8mb4 COLLATE utf8mb4_unicode_ci NOT NULL COMMENT 'The display title of the menu item.',
  `alias` varchar(400) CHARACTER SET utf8mb4 COLLATE utf8mb4_bin NOT NULL COMMENT 'The SEF alias of the menu item.',
  `note` varchar(255) CHARACTER SET utf8mb4 COLLATE utf8mb4_unicode_ci NOT NULL DEFAULT '',
  `path` varchar(1024) CHARACTER SET utf8mb4 COLLATE utf8mb4_unicode_ci NOT NULL COMMENT 'The computed path of the menu item based on the alias field.',
  `link` varchar(1024) CHARACTER SET utf8mb4 COLLATE utf8mb4_unicode_ci NOT NULL COMMENT 'The actually link the menu item refers to.',
  `type` varchar(16) CHARACTER SET utf8mb4 COLLATE utf8mb4_unicode_ci NOT NULL COMMENT 'The type of link: Component, URL, Alias, Separator',
  `published` tinyint NOT NULL DEFAULT '0' COMMENT 'The published state of the menu link.',
  `parent_id` int UNSIGNED NOT NULL DEFAULT '1' COMMENT 'The parent menu item in the menu tree.',
  `level` int UNSIGNED NOT NULL DEFAULT '0' COMMENT 'The relative level in the tree.',
  `component_id` int UNSIGNED NOT NULL DEFAULT '0' COMMENT 'FK to #__extensions.id',
  `checked_out` int UNSIGNED DEFAULT NULL COMMENT 'FK to #__users.id',
  `checked_out_time` datetime DEFAULT NULL COMMENT 'The time the menu item was checked out.',
  `browserNav` tinyint NOT NULL DEFAULT '0' COMMENT 'The click behaviour of the link.',
  `access` int UNSIGNED NOT NULL DEFAULT '0' COMMENT 'The access level required to view the menu item.',
  `img` varchar(255) CHARACTER SET utf8mb4 COLLATE utf8mb4_unicode_ci NOT NULL COMMENT 'The image of the menu item.',
  `template_style_id` int UNSIGNED NOT NULL DEFAULT '0',
  `params` text CHARACTER SET utf8mb4 COLLATE utf8mb4_unicode_ci NOT NULL COMMENT 'JSON encoded data for the menu item.',
  `lft` int NOT NULL DEFAULT '0' COMMENT 'Nested set lft.',
  `rgt` int NOT NULL DEFAULT '0' COMMENT 'Nested set rgt.',
  `home` tinyint UNSIGNED NOT NULL DEFAULT '0' COMMENT 'Indicates if this menu item is the home or default page.',
  `language` char(7) CHARACTER SET utf8mb4 COLLATE utf8mb4_unicode_ci NOT NULL DEFAULT '',
  `client_id` tinyint NOT NULL DEFAULT '0',
  `publish_up` datetime DEFAULT NULL,
  `publish_down` datetime DEFAULT NULL
) ENGINE=InnoDB DEFAULT CHARSET=utf8mb4 COLLATE=utf8mb4_unicode_ci;

--
-- Дамп данных таблицы `joom5_menu`
--

INSERT INTO `joom5_menu` (`id`, `menutype`, `title`, `alias`, `note`, `path`, `link`, `type`, `published`, `parent_id`, `level`, `component_id`, `checked_out`, `checked_out_time`, `browserNav`, `access`, `img`, `template_style_id`, `params`, `lft`, `rgt`, `home`, `language`, `client_id`, `publish_up`, `publish_down`) VALUES
(1, '', 'Menu_Item_Root', 'root', '', '', '', '', 1, 0, 0, 0, NULL, NULL, 0, 0, '', 0, '', 0, 75, 0, '*', 0, NULL, NULL),
(2, 'main', 'com_banners', 'Banners', '', 'Banners', 'index.php?option=com_banners', 'component', 1, 1, 1, 3, NULL, NULL, 0, 0, 'class:bookmark', 0, '', 1, 10, 0, '*', 1, NULL, NULL),
(3, 'main', 'com_banners', 'Banners', '', 'Banners/Banners', 'index.php?option=com_banners&view=banners', 'component', 1, 2, 2, 3, NULL, NULL, 0, 0, 'class:banners', 0, '', 2, 3, 0, '*', 1, NULL, NULL),
(4, 'main', 'com_banners_categories', 'Categories', '', 'Banners/Categories', 'index.php?option=com_categories&view=categories&extension=com_banners', 'component', 1, 2, 2, 5, NULL, NULL, 0, 0, 'class:banners-cat', 0, '', 4, 5, 0, '*', 1, NULL, NULL),
(5, 'main', 'com_banners_clients', 'Clients', '', 'Banners/Clients', 'index.php?option=com_banners&view=clients', 'component', 1, 2, 2, 3, NULL, NULL, 0, 0, 'class:banners-clients', 0, '', 6, 7, 0, '*', 1, NULL, NULL),
(6, 'main', 'com_banners_tracks', 'Tracks', '', 'Banners/Tracks', 'index.php?option=com_banners&view=tracks', 'component', 1, 2, 2, 3, NULL, NULL, 0, 0, 'class:banners-tracks', 0, '', 8, 9, 0, '*', 1, NULL, NULL),
(7, 'main', 'com_contact', 'Contacts', '', 'Contacts', 'index.php?option=com_contact', 'component', 1, 1, 1, 7, NULL, NULL, 0, 0, 'class:address-book', 0, '', 11, 20, 0, '*', 1, NULL, NULL),
(8, 'main', 'com_contact_contacts', 'Contacts', '', 'Contacts/Contacts', 'index.php?option=com_contact&view=contacts', 'component', 1, 7, 2, 7, NULL, NULL, 0, 0, 'class:contact', 0, '', 12, 13, 0, '*', 1, NULL, NULL),
(9, 'main', 'com_contact_categories', 'Categories', '', 'Contacts/Categories', 'index.php?option=com_categories&view=categories&extension=com_contact', 'component', 1, 7, 2, 5, NULL, NULL, 0, 0, 'class:contact-cat', 0, '', 14, 15, 0, '*', 1, NULL, NULL),
(10, 'main', 'com_newsfeeds', 'News Feeds', '', 'News Feeds', 'index.php?option=com_newsfeeds', 'component', 1, 1, 1, 16, NULL, NULL, 0, 0, 'class:rss', 0, '', 23, 28, 0, '*', 1, NULL, NULL),
(11, 'main', 'com_newsfeeds_feeds', 'Feeds', '', 'News Feeds/Feeds', 'index.php?option=com_newsfeeds&view=newsfeeds', 'component', 1, 10, 2, 16, NULL, NULL, 0, 0, 'class:newsfeeds', 0, '', 24, 25, 0, '*', 1, NULL, NULL),
(12, 'main', 'com_newsfeeds_categories', 'Categories', '', 'News Feeds/Categories', 'index.php?option=com_categories&view=categories&extension=com_newsfeeds', 'component', 1, 10, 2, 5, NULL, NULL, 0, 0, 'class:newsfeeds-cat', 0, '', 26, 27, 0, '*', 1, NULL, NULL),
(13, 'main', 'com_finder', 'Smart Search', '', 'Smart Search', 'index.php?option=com_finder', 'component', 1, 1, 1, 23, NULL, NULL, 0, 0, 'class:search-plus', 0, '', 29, 38, 0, '*', 1, NULL, NULL),
(14, 'main', 'com_tags', 'Tags', '', 'Tags', 'index.php?option=com_tags&view=tags', 'component', 1, 1, 1, 25, NULL, NULL, 0, 1, 'class:tags', 0, '', 39, 40, 0, '', 1, NULL, NULL),
(15, 'main', 'com_associations', 'Multilingual Associations', '', 'Multilingual Associations', 'index.php?option=com_associations&view=associations', 'component', 1, 1, 1, 30, NULL, NULL, 0, 0, 'class:language', 0, '', 21, 22, 0, '*', 1, NULL, NULL),
(16, 'main', 'mod_menu_fields', 'Contact Custom Fields', '', 'contact/Custom Fields', 'index.php?option=com_fields&context=com_contact.contact', 'component', 1, 7, 2, 29, NULL, NULL, 0, 0, 'class:messages-add', 0, '', 16, 17, 0, '*', 1, NULL, NULL),
(17, 'main', 'mod_menu_fields_group', 'Contact Custom Fields Group', '', 'contact/Custom Fields Group', 'index.php?option=com_fields&view=groups&context=com_contact.contact', 'component', 1, 7, 2, 29, NULL, NULL, 0, 0, 'class:messages-add', 0, '', 18, 19, 0, '*', 1, NULL, NULL),
(18, 'main', 'com_finder_index', 'Smart-Search-Index', '', 'Smart Search/Index', 'index.php?option=com_finder&view=index', 'component', 1, 13, 2, 23, NULL, NULL, 0, 0, 'class:finder', 0, '', 30, 31, 0, '*', 1, NULL, NULL),
(19, 'main', 'com_finder_maps', 'Smart-Search-Maps', '', 'Smart Search/Maps', 'index.php?option=com_finder&view=maps', 'component', 1, 13, 2, 23, NULL, NULL, 0, 0, 'class:finder-maps', 0, '', 32, 33, 0, '*', 1, NULL, NULL),
(20, 'main', 'com_finder_filters', 'Smart-Search-Filters', '', 'Smart Search/Filters', 'index.php?option=com_finder&view=filters', 'component', 1, 13, 2, 23, NULL, NULL, 0, 0, 'class:finder-filters', 0, '', 34, 35, 0, '*', 1, NULL, NULL),
(21, 'main', 'com_finder_searches', 'Smart-Search-Searches', '', 'Smart Search/Searches', 'index.php?option=com_finder&view=searches', 'component', 1, 13, 2, 23, NULL, NULL, 0, 0, 'class:finder-searches', 0, '', 36, 37, 0, '*', 1, NULL, NULL),
(101, 'mainmenu', 'Home', 'home', '', 'home', 'index.php?option=com_content&view=featured', 'component', 1, 1, 1, 19, NULL, NULL, 0, 1, ' ', 0, '{\"layout_type\":\"blog\",\"num_leading_articles\":1,\"blog_class_leading\":\"\",\"num_intro_articles\":3,\"blog_class\":\"\",\"num_columns\":\"\",\"multi_column_order\":\"\",\"num_links\":0,\"link_intro_image\":\"\",\"orderby_pri\":\"\",\"orderby_sec\":\"front\",\"order_date\":\"\",\"show_pagination\":\"2\",\"show_pagination_results\":\"1\",\"show_title\":\"\",\"link_titles\":\"\",\"show_intro\":\"\",\"info_block_position\":\"\",\"info_block_show_title\":\"\",\"show_category\":\"\",\"link_category\":\"\",\"show_parent_category\":\"\",\"link_parent_category\":\"\",\"show_author\":\"\",\"link_author\":\"\",\"show_create_date\":\"\",\"show_modify_date\":\"\",\"show_publish_date\":\"\",\"show_item_navigation\":\"\",\"show_readmore\":\"\",\"show_readmore_title\":\"\",\"show_hits\":\"\",\"show_tags\":\"\",\"show_noauth\":\"\",\"show_feed_link\":\"1\",\"feed_summary\":\"\",\"menu-anchor_title\":\"\",\"menu-anchor_css\":\"\",\"menu_icon_css\":\"\",\"menu_image\":\"\",\"menu_image_css\":\"\",\"menu_text\":1,\"menu_show\":1,\"page_title\":\"\",\"show_page_heading\":\"\",\"page_heading\":\"\",\"pageclass_sfx\":\"\",\"menu-meta_description\":\"\",\"robots\":\"\"}', 41, 42, 1, '*', 0, NULL, NULL),
(102, 'main', 'COM_JCE', 'com-jce', '', 'com-jce', 'index.php?option=com_jce&view=cpanel', 'component', 1, 1, 1, 246, NULL, NULL, 0, 1, 'class:component', 0, '{}', 43, 52, 0, '', 1, NULL, NULL),
(103, 'main', 'COM_JCE_MENU_CPANEL', 'com-jce-menu-cpanel', '', 'com-jce/com-jce-menu-cpanel', 'index.php?option=com_jce&view=cpanel', 'component', 1, 102, 2, 246, NULL, NULL, 0, 1, 'class:component', 0, '{}', 44, 45, 0, '', 1, NULL, NULL),
(104, 'main', 'COM_JCE_MENU_CONFIG', 'com-jce-menu-config', '', 'com-jce/com-jce-menu-config', 'index.php?option=com_jce&view=config', 'component', 1, 102, 2, 246, NULL, NULL, 0, 1, 'class:component', 0, '{}', 46, 47, 0, '', 1, NULL, NULL),
(105, 'main', 'COM_JCE_MENU_PROFILES', 'com-jce-menu-profiles', '', 'com-jce/com-jce-menu-profiles', 'index.php?option=com_jce&view=profiles', 'component', 1, 102, 2, 246, NULL, NULL, 0, 1, 'class:component', 0, '{}', 48, 49, 0, '', 1, NULL, NULL),
(106, 'main', 'COM_JCE_MENU_FILEBROWSER', 'com-jce-menu-filebrowser', '', 'com-jce/com-jce-menu-filebrowser', 'index.php?option=com_jce&view=browser', 'component', 1, 102, 2, 246, NULL, NULL, 0, 1, 'class:component', 0, '{}', 50, 51, 0, '', 1, NULL, NULL),
(107, 'mainmenu', 'About us', 'about-us', '', 'about-us', 'index.php?option=com_content&view=article&id=1', 'component', 1, 1, 1, 19, NULL, NULL, 0, 1, ' ', 0, '{\"show_title\":\"\",\"link_titles\":\"\",\"show_intro\":\"\",\"info_block_position\":\"\",\"info_block_show_title\":\"\",\"show_category\":\"\",\"link_category\":\"\",\"show_parent_category\":\"\",\"link_parent_category\":\"\",\"show_author\":\"\",\"link_author\":\"\",\"show_create_date\":\"\",\"show_modify_date\":\"\",\"show_publish_date\":\"\",\"show_item_navigation\":\"\",\"show_hits\":\"\",\"show_tags\":\"\",\"show_noauth\":\"\",\"urls_position\":\"\",\"menu-anchor_title\":\"\",\"menu-anchor_css\":\"\",\"menu_icon_css\":\"\",\"menu_image\":\"\",\"menu_image_css\":\"\",\"menu_text\":1,\"menu_show\":1,\"page_title\":\"\",\"show_page_heading\":\"\",\"page_heading\":\"\",\"pageclass_sfx\":\"\",\"menu-meta_description\":\"\",\"robots\":\"\"}', 53, 54, 0, '*', 0, NULL, NULL),
(108, 'mainmenu', 'Products', 'products', '', 'products', 'index.php?option=com_content&view=article&id=11', 'component', 1, 1, 1, 19, NULL, NULL, 0, 1, ' ', 0, '{\"show_title\":\"\",\"link_titles\":\"\",\"show_intro\":\"\",\"info_block_position\":\"\",\"info_block_show_title\":\"\",\"show_category\":\"\",\"link_category\":\"\",\"show_parent_category\":\"\",\"link_parent_category\":\"\",\"show_author\":\"\",\"link_author\":\"\",\"show_create_date\":\"\",\"show_modify_date\":\"\",\"show_publish_date\":\"\",\"show_item_navigation\":\"\",\"show_hits\":\"\",\"show_tags\":\"\",\"show_noauth\":\"\",\"urls_position\":\"\",\"menu-anchor_title\":\"\",\"menu-anchor_css\":\"\",\"menu_icon_css\":\"\",\"menu_image\":\"\",\"menu_image_css\":\"\",\"menu_text\":1,\"menu_show\":1,\"page_title\":\"\",\"show_page_heading\":\"\",\"page_heading\":\"\",\"pageclass_sfx\":\"\",\"menu-meta_description\":\"\",\"robots\":\"\"}', 55, 72, 0, '*', 0, NULL, NULL),
(109, 'mainmenu', 'Fiber Glass Backing Plate', 'fiber-glass-backing-plate', '', 'products/fiber-glass-backing-plate', 'index.php?option=com_content&view=article&id=2', 'component', 1, 108, 2, 19, NULL, NULL, 0, 1, ' ', 0, '{\"show_title\":\"\",\"link_titles\":\"\",\"show_intro\":\"\",\"info_block_position\":\"\",\"info_block_show_title\":\"\",\"show_category\":\"\",\"link_category\":\"\",\"show_parent_category\":\"\",\"link_parent_category\":\"\",\"show_author\":\"\",\"link_author\":\"\",\"show_create_date\":\"\",\"show_modify_date\":\"\",\"show_publish_date\":\"\",\"show_item_navigation\":\"\",\"show_hits\":\"\",\"show_tags\":\"\",\"show_noauth\":\"\",\"urls_position\":\"\",\"menu-anchor_title\":\"\",\"menu-anchor_css\":\"\",\"menu_icon_css\":\"\",\"menu_image\":\"\",\"menu_image_css\":\"\",\"menu_text\":1,\"menu_show\":1,\"page_title\":\"\",\"show_page_heading\":\"\",\"page_heading\":\"\",\"pageclass_sfx\":\"\",\"menu-meta_description\":\"\",\"robots\":\"\"}', 56, 57, 0, '*', 0, NULL, NULL),
(110, 'mainmenu', 'Flap Disc', 'flap-disc', '', 'products/flap-disc', 'index.php?option=com_content&view=article&id=3', 'component', 1, 108, 2, 19, NULL, NULL, 0, 1, ' ', 0, '{\"show_title\":\"\",\"link_titles\":\"\",\"show_intro\":\"\",\"info_block_position\":\"\",\"info_block_show_title\":\"\",\"show_category\":\"\",\"link_category\":\"\",\"show_parent_category\":\"\",\"link_parent_category\":\"\",\"show_author\":\"\",\"link_author\":\"\",\"show_create_date\":\"\",\"show_modify_date\":\"\",\"show_publish_date\":\"\",\"show_item_navigation\":\"\",\"show_hits\":\"\",\"show_tags\":\"\",\"show_noauth\":\"\",\"urls_position\":\"\",\"menu-anchor_title\":\"\",\"menu-anchor_css\":\"\",\"menu_icon_css\":\"\",\"menu_image\":\"\",\"menu_image_css\":\"\",\"menu_text\":1,\"menu_show\":1,\"page_title\":\"\",\"show_page_heading\":\"\",\"page_heading\":\"\",\"pageclass_sfx\":\"\",\"menu-meta_description\":\"\",\"robots\":\"\"}', 58, 59, 0, '*', 0, NULL, NULL),
(111, 'mainmenu', 'Grinding Disc', 'grinding-disc', '', 'products/grinding-disc', 'index.php?option=com_content&view=article&id=4', 'component', 1, 108, 2, 19, NULL, NULL, 0, 1, ' ', 0, '{\"show_title\":\"\",\"link_titles\":\"\",\"show_intro\":\"\",\"info_block_position\":\"\",\"info_block_show_title\":\"\",\"show_category\":\"\",\"link_category\":\"\",\"show_parent_category\":\"\",\"link_parent_category\":\"\",\"show_author\":\"\",\"link_author\":\"\",\"show_create_date\":\"\",\"show_modify_date\":\"\",\"show_publish_date\":\"\",\"show_item_navigation\":\"\",\"show_hits\":\"\",\"show_tags\":\"\",\"show_noauth\":\"\",\"urls_position\":\"\",\"menu-anchor_title\":\"\",\"menu-anchor_css\":\"\",\"menu_icon_css\":\"\",\"menu_image\":\"\",\"menu_image_css\":\"\",\"menu_text\":1,\"menu_show\":1,\"page_title\":\"\",\"show_page_heading\":\"\",\"page_heading\":\"\",\"pageclass_sfx\":\"\",\"menu-meta_description\":\"\",\"robots\":\"\"}', 60, 61, 0, '*', 0, NULL, NULL),
(112, 'mainmenu', 'Sanding Belt', 'sanding-belt', '', 'products/sanding-belt', 'index.php?option=com_content&view=article&id=5', 'component', 1, 108, 2, 19, NULL, NULL, 0, 1, ' ', 0, '{\"show_title\":\"\",\"link_titles\":\"\",\"show_intro\":\"\",\"info_block_position\":\"\",\"info_block_show_title\":\"\",\"show_category\":\"\",\"link_category\":\"\",\"show_parent_category\":\"\",\"link_parent_category\":\"\",\"show_author\":\"\",\"link_author\":\"\",\"show_create_date\":\"\",\"show_modify_date\":\"\",\"show_publish_date\":\"\",\"show_item_navigation\":\"\",\"show_hits\":\"\",\"show_tags\":\"\",\"show_noauth\":\"\",\"urls_position\":\"\",\"menu-anchor_title\":\"\",\"menu-anchor_css\":\"\",\"menu_icon_css\":\"\",\"menu_image\":\"\",\"menu_image_css\":\"\",\"menu_text\":1,\"menu_show\":1,\"page_title\":\"\",\"show_page_heading\":\"\",\"page_heading\":\"\",\"pageclass_sfx\":\"\",\"menu-meta_description\":\"\",\"robots\":\"\"}', 62, 63, 0, '*', 0, NULL, NULL),
(113, 'mainmenu', 'Flap Wheel', 'flap-wheel', '', 'products/flap-wheel', 'index.php?option=com_content&view=article&id=6', 'component', 1, 108, 2, 19, NULL, NULL, 0, 1, ' ', 0, '{\"show_title\":\"\",\"link_titles\":\"\",\"show_intro\":\"\",\"info_block_position\":\"\",\"info_block_show_title\":\"\",\"show_category\":\"\",\"link_category\":\"\",\"show_parent_category\":\"\",\"link_parent_category\":\"\",\"show_author\":\"\",\"link_author\":\"\",\"show_create_date\":\"\",\"show_modify_date\":\"\",\"show_publish_date\":\"\",\"show_item_navigation\":\"\",\"show_hits\":\"\",\"show_tags\":\"\",\"show_noauth\":\"\",\"urls_position\":\"\",\"menu-anchor_title\":\"\",\"menu-anchor_css\":\"\",\"menu_icon_css\":\"\",\"menu_image\":\"\",\"menu_image_css\":\"\",\"menu_text\":1,\"menu_show\":1,\"page_title\":\"\",\"show_page_heading\":\"\",\"page_heading\":\"\",\"pageclass_sfx\":\"\",\"menu-meta_description\":\"\",\"robots\":\"\"}', 64, 65, 0, '*', 0, NULL, NULL),
(114, 'mainmenu', 'Cutting Disc', 'cutting-disc', '', 'products/cutting-disc', 'index.php?option=com_content&view=article&id=7', 'component', 1, 108, 2, 19, NULL, NULL, 0, 1, ' ', 0, '{\"show_title\":\"\",\"link_titles\":\"\",\"show_intro\":\"\",\"info_block_position\":\"\",\"info_block_show_title\":\"\",\"show_category\":\"\",\"link_category\":\"\",\"show_parent_category\":\"\",\"link_parent_category\":\"\",\"show_author\":\"\",\"link_author\":\"\",\"show_create_date\":\"\",\"show_modify_date\":\"\",\"show_publish_date\":\"\",\"show_item_navigation\":\"\",\"show_hits\":\"\",\"show_tags\":\"\",\"show_noauth\":\"\",\"urls_position\":\"\",\"menu-anchor_title\":\"\",\"menu-anchor_css\":\"\",\"menu_icon_css\":\"\",\"menu_image\":\"\",\"menu_image_css\":\"\",\"menu_text\":1,\"menu_show\":1,\"page_title\":\"\",\"show_page_heading\":\"\",\"page_heading\":\"\",\"pageclass_sfx\":\"\",\"menu-meta_description\":\"\",\"robots\":\"\"}', 66, 67, 0, '*', 0, NULL, NULL),
(115, 'mainmenu', 'Sanding Paper', 'sanding-paper', '', 'products/sanding-paper', 'index.php?option=com_content&view=article&id=8', 'component', 1, 108, 2, 19, NULL, NULL, 0, 1, ' ', 0, '{\"show_title\":\"\",\"link_titles\":\"\",\"show_intro\":\"\",\"info_block_position\":\"\",\"info_block_show_title\":\"\",\"show_category\":\"\",\"link_category\":\"\",\"show_parent_category\":\"\",\"link_parent_category\":\"\",\"show_author\":\"\",\"link_author\":\"\",\"show_create_date\":\"\",\"show_modify_date\":\"\",\"show_publish_date\":\"\",\"show_item_navigation\":\"\",\"show_hits\":\"\",\"show_tags\":\"\",\"show_noauth\":\"\",\"urls_position\":\"\",\"menu-anchor_title\":\"\",\"menu-anchor_css\":\"\",\"menu_icon_css\":\"\",\"menu_image\":\"\",\"menu_image_css\":\"\",\"menu_text\":1,\"menu_show\":1,\"page_title\":\"\",\"show_page_heading\":\"\",\"page_heading\":\"\",\"pageclass_sfx\":\"\",\"menu-meta_description\":\"\",\"robots\":\"\"}', 68, 69, 0, '*', 0, NULL, NULL),
(116, 'mainmenu', 'Abrasive Machine', 'abrasive-machine', '', 'products/abrasive-machine', 'index.php?option=com_content&view=article&id=9', 'component', 1, 108, 2, 19, NULL, NULL, 0, 1, ' ', 0, '{\"show_title\":\"0\",\"link_titles\":\"0\",\"show_intro\":\"\",\"info_block_position\":\"\",\"info_block_show_title\":\"0\",\"show_category\":\"0\",\"link_category\":\"\",\"show_parent_category\":\"\",\"link_parent_category\":\"\",\"show_author\":\"0\",\"link_author\":\"\",\"show_create_date\":\"\",\"show_modify_date\":\"\",\"show_publish_date\":\"0\",\"show_item_navigation\":\"0\",\"show_hits\":\"0\",\"show_tags\":\"0\",\"show_noauth\":\"\",\"urls_position\":\"\",\"menu-anchor_title\":\"\",\"menu-anchor_css\":\"\",\"menu_icon_css\":\"\",\"menu_image\":\"\",\"menu_image_css\":\"\",\"menu_text\":1,\"menu_show\":1,\"page_title\":\"\",\"show_page_heading\":\"\",\"page_heading\":\"\",\"pageclass_sfx\":\"\",\"menu-meta_description\":\"\",\"robots\":\"\"}', 70, 71, 0, '*', 0, NULL, NULL),
(117, 'mainmenu', 'Contact us', 'contact-us', '', 'contact-us', 'index.php?option=com_content&view=article&id=10', 'component', 1, 1, 1, 19, NULL, NULL, 0, 1, ' ', 0, '{\"show_title\":\"\",\"link_titles\":\"\",\"show_intro\":\"\",\"info_block_position\":\"\",\"info_block_show_title\":\"\",\"show_category\":\"\",\"link_category\":\"\",\"show_parent_category\":\"\",\"link_parent_category\":\"\",\"show_author\":\"\",\"link_author\":\"\",\"show_create_date\":\"\",\"show_modify_date\":\"\",\"show_publish_date\":\"\",\"show_item_navigation\":\"\",\"show_hits\":\"\",\"show_tags\":\"\",\"show_noauth\":\"\",\"urls_position\":\"\",\"menu-anchor_title\":\"\",\"menu-anchor_css\":\"\",\"menu_icon_css\":\"\",\"menu_image\":\"\",\"menu_image_css\":\"\",\"menu_text\":1,\"menu_show\":1,\"page_title\":\"\",\"show_page_heading\":\"\",\"page_heading\":\"\",\"pageclass_sfx\":\"\",\"menu-meta_description\":\"\",\"robots\":\"\"}', 73, 74, 0, '*', 0, NULL, NULL);

-- --------------------------------------------------------

--
-- Структура таблицы `joom5_menu_types`
--

CREATE TABLE `joom5_menu_types` (
  `id` int UNSIGNED NOT NULL,
  `asset_id` int UNSIGNED NOT NULL DEFAULT '0',
  `menutype` varchar(24) CHARACTER SET utf8mb4 COLLATE utf8mb4_unicode_ci NOT NULL,
  `title` varchar(48) CHARACTER SET utf8mb4 COLLATE utf8mb4_unicode_ci NOT NULL,
  `description` varchar(255) CHARACTER SET utf8mb4 COLLATE utf8mb4_unicode_ci NOT NULL DEFAULT '',
  `client_id` int NOT NULL DEFAULT '0',
  `ordering` int NOT NULL DEFAULT '0'
) ENGINE=InnoDB DEFAULT CHARSET=utf8mb4 COLLATE=utf8mb4_unicode_ci;

--
-- Дамп данных таблицы `joom5_menu_types`
--

INSERT INTO `joom5_menu_types` (`id`, `asset_id`, `menutype`, `title`, `description`, `client_id`, `ordering`) VALUES
(1, 0, 'mainmenu', 'Main Menu', 'The main menu for the site', 0, 1);

-- --------------------------------------------------------

--
-- Структура таблицы `joom5_messages`
--

CREATE TABLE `joom5_messages` (
  `message_id` int UNSIGNED NOT NULL,
  `user_id_from` int UNSIGNED NOT NULL DEFAULT '0',
  `user_id_to` int UNSIGNED NOT NULL DEFAULT '0',
  `folder_id` tinyint UNSIGNED NOT NULL DEFAULT '0',
  `date_time` datetime NOT NULL,
  `state` tinyint NOT NULL DEFAULT '0',
  `priority` tinyint UNSIGNED NOT NULL DEFAULT '0',
  `subject` varchar(255) CHARACTER SET utf8mb4 COLLATE utf8mb4_unicode_ci NOT NULL DEFAULT '',
  `message` text CHARACTER SET utf8mb4 COLLATE utf8mb4_unicode_ci NOT NULL
) ENGINE=InnoDB DEFAULT CHARSET=utf8mb4 COLLATE=utf8mb4_unicode_ci;

-- --------------------------------------------------------

--
-- Структура таблицы `joom5_messages_cfg`
--

CREATE TABLE `joom5_messages_cfg` (
  `user_id` int UNSIGNED NOT NULL DEFAULT '0',
  `cfg_name` varchar(100) CHARACTER SET utf8mb4 COLLATE utf8mb4_unicode_ci NOT NULL DEFAULT '',
  `cfg_value` varchar(255) CHARACTER SET utf8mb4 COLLATE utf8mb4_unicode_ci NOT NULL DEFAULT ''
) ENGINE=InnoDB DEFAULT CHARSET=utf8mb4 COLLATE=utf8mb4_unicode_ci;

-- --------------------------------------------------------

--
-- Структура таблицы `joom5_modules`
--

CREATE TABLE `joom5_modules` (
  `id` int NOT NULL,
  `asset_id` int UNSIGNED NOT NULL DEFAULT '0' COMMENT 'FK to the #__assets table.',
  `title` varchar(100) CHARACTER SET utf8mb4 COLLATE utf8mb4_unicode_ci NOT NULL DEFAULT '',
  `note` varchar(255) CHARACTER SET utf8mb4 COLLATE utf8mb4_unicode_ci NOT NULL DEFAULT '',
  `content` text CHARACTER SET utf8mb4 COLLATE utf8mb4_unicode_ci,
  `ordering` int NOT NULL DEFAULT '0',
  `position` varchar(50) CHARACTER SET utf8mb4 COLLATE utf8mb4_unicode_ci NOT NULL DEFAULT '',
  `checked_out` int UNSIGNED DEFAULT NULL,
  `checked_out_time` datetime DEFAULT NULL,
  `publish_up` datetime DEFAULT NULL,
  `publish_down` datetime DEFAULT NULL,
  `published` tinyint NOT NULL DEFAULT '0',
  `module` varchar(50) CHARACTER SET utf8mb4 COLLATE utf8mb4_unicode_ci DEFAULT NULL,
  `access` int UNSIGNED NOT NULL DEFAULT '0',
  `showtitle` tinyint UNSIGNED NOT NULL DEFAULT '1',
  `params` text CHARACTER SET utf8mb4 COLLATE utf8mb4_unicode_ci NOT NULL,
  `client_id` tinyint NOT NULL DEFAULT '0',
  `language` char(7) CHARACTER SET utf8mb4 COLLATE utf8mb4_unicode_ci NOT NULL
) ENGINE=InnoDB DEFAULT CHARSET=utf8mb4 COLLATE=utf8mb4_unicode_ci;

--
-- Дамп данных таблицы `joom5_modules`
--

INSERT INTO `joom5_modules` (`id`, `asset_id`, `title`, `note`, `content`, `ordering`, `position`, `checked_out`, `checked_out_time`, `publish_up`, `publish_down`, `published`, `module`, `access`, `showtitle`, `params`, `client_id`, `language`) VALUES
(1, 39, 'Main Menu', 'Везде', '', 1, 'header_menu', NULL, NULL, '2025-04-10 06:04:26', NULL, 1, 'mod_menu', 1, 0, '{\"menutype\":\"mainmenu\",\"base\":\"\",\"startLevel\":1,\"endLevel\":0,\"showAllChildren\":1,\"tag_id\":\"\",\"class_sfx\":\"\",\"window_open\":\"\",\"layout\":\"_:default\",\"moduleclass_sfx\":\"\",\"cache\":1,\"cache_time\":900,\"cachemode\":\"itemid\",\"module_tag\":\"div\",\"bootstrap_size\":\"0\",\"header_tag\":\"h3\",\"header_class\":\"\",\"style\":\"0\"}', 0, '*'),
(2, 40, 'Login', '', '', 1, 'login', NULL, NULL, NULL, NULL, 1, 'mod_login', 1, 1, '', 1, '*'),
(3, 41, 'Popular Articles', '', '', 6, 'cpanel', NULL, NULL, NULL, NULL, 1, 'mod_popular', 3, 1, '{\"count\":\"5\",\"catid\":\"\",\"user_id\":\"0\",\"layout\":\"_:default\",\"moduleclass_sfx\":\"\",\"cache\":\"0\", \"bootstrap_size\": \"12\",\"header_tag\":\"h2\"}', 1, '*'),
(4, 42, 'Recently Added Articles', '', '', 4, 'cpanel', NULL, NULL, NULL, NULL, 1, 'mod_latest', 3, 1, '{\"count\":\"5\",\"ordering\":\"c_dsc\",\"catid\":\"\",\"user_id\":\"0\",\"layout\":\"_:default\",\"moduleclass_sfx\":\"\",\"cache\":\"0\", \"bootstrap_size\": \"12\",\"header_tag\":\"h2\"}', 1, '*'),
(8, 43, 'Toolbar', '', '', 1, 'toolbar', NULL, NULL, NULL, NULL, 1, 'mod_toolbar', 3, 1, '', 1, '*'),
(9, 44, 'Notifications', '', '', 3, 'icon', NULL, NULL, NULL, NULL, 1, 'mod_quickicon', 3, 1, '{\"context\":\"update_quickicon\",\"header_icon\":\"icon-sync\",\"show_jupdate\":\"1\",\"show_eupdate\":\"1\",\"show_oupdate\":\"1\",\"show_privacy\":\"1\",\"layout\":\"_:default\",\"moduleclass_sfx\":\"\",\"cache\":1,\"cache_time\":900,\"style\":\"0\",\"module_tag\":\"div\",\"bootstrap_size\":\"12\",\"header_tag\":\"h2\",\"header_class\":\"\"}', 1, '*'),
(10, 45, 'Logged-in Users', '', '', 2, 'cpanel', NULL, NULL, NULL, NULL, 1, 'mod_logged', 3, 1, '{\"count\":\"5\",\"name\":\"1\",\"layout\":\"_:default\",\"moduleclass_sfx\":\"\",\"cache\":\"0\", \"bootstrap_size\": \"12\",\"header_tag\":\"h2\"}', 1, '*'),
(12, 46, 'Admin Menu', '', '', 1, 'menu', NULL, NULL, NULL, NULL, 1, 'mod_menu', 3, 1, '{\"layout\":\"\",\"moduleclass_sfx\":\"\",\"shownew\":\"1\",\"showhelp\":\"1\",\"cache\":\"0\"}', 1, '*'),
(15, 49, 'Title', '', '', 1, 'title', NULL, NULL, NULL, NULL, 1, 'mod_title', 3, 1, '', 1, '*'),
(16, 50, 'Login Form', '', '', 7, 'sidebar-right', NULL, NULL, NULL, NULL, 0, 'mod_login', 1, 1, '{\"greeting\":\"1\",\"name\":\"0\"}', 0, '*'),
(17, 51, 'Breadcrumbs', '', '', 1, 'breadcrumbs', NULL, NULL, NULL, NULL, 0, 'mod_breadcrumbs', 1, 1, '{\"moduleclass_sfx\":\"\",\"showHome\":\"1\",\"homeText\":\"\",\"showComponent\":\"1\",\"separator\":\"\",\"cache\":\"0\",\"cache_time\":\"0\",\"cachemode\":\"itemid\"}', 0, '*'),
(79, 52, 'Multilanguage status', '', '', 2, 'status', NULL, NULL, NULL, NULL, 1, 'mod_multilangstatus', 3, 1, '{\"layout\":\"_:default\",\"moduleclass_sfx\":\"\",\"cache\":\"0\"}', 1, '*'),
(86, 53, 'Joomla Version', '', '', 1, 'status', NULL, NULL, NULL, NULL, 1, 'mod_version', 3, 1, '{\"layout\":\"_:default\",\"moduleclass_sfx\":\"\",\"cache\":\"0\"}', 1, '*'),
(87, 55, 'Sample Data', '', '', 1, 'cpanel', NULL, NULL, NULL, NULL, 1, 'mod_sampledata', 6, 1, '{\"bootstrap_size\": \"12\",\"header_tag\":\"h2\"}', 1, '*'),
(88, 67, 'Latest Actions', '', '', 3, 'cpanel', NULL, NULL, NULL, NULL, 1, 'mod_latestactions', 6, 1, '{\"bootstrap_size\": \"12\",\"header_tag\":\"h2\"}', 1, '*'),
(89, 68, 'Privacy Dashboard', '', '', 5, 'cpanel', NULL, NULL, NULL, NULL, 1, 'mod_privacy_dashboard', 6, 1, '{\"bootstrap_size\": \"12\",\"header_tag\":\"h2\"}', 1, '*'),
(90, 89, 'Login Support', '', '', 1, 'sidebar', NULL, NULL, NULL, NULL, 1, 'mod_loginsupport', 1, 1, '{\"forum_url\":\"https://forum.joomla.org/\",\"documentation_url\":\"https://docs.joomla.org/\",\"news_url\":\"https://www.joomla.org/announcements.html\",\"automatic_title\":1,\"prepare_content\":1,\"layout\":\"_:default\",\"moduleclass_sfx\":\"\",\"cache\":1,\"cache_time\":900,\"module_tag\":\"div\",\"bootstrap_size\":\"0\",\"header_tag\":\"h3\",\"header_class\":\"\",\"style\":\"0\"}', 1, '*'),
(91, 72, 'System Dashboard', '', '', 1, 'cpanel-system', NULL, NULL, NULL, NULL, 1, 'mod_submenu', 1, 0, '{\"menutype\":\"*\",\"preset\":\"system\",\"layout\":\"_:default\",\"moduleclass_sfx\":\"\",\"module_tag\":\"div\",\"bootstrap_size\":\"12\",\"header_tag\":\"h2\",\"header_class\":\"\",\"style\":\"System-none\"}', 1, '*'),
(92, 73, 'Content Dashboard', '', '', 1, 'cpanel-content', NULL, NULL, NULL, NULL, 1, 'mod_submenu', 1, 0, '{\"menutype\":\"*\",\"preset\":\"content\",\"layout\":\"_:default\",\"moduleclass_sfx\":\"\",\"module_tag\":\"div\",\"bootstrap_size\":\"12\",\"header_tag\":\"h2\",\"header_class\":\"\",\"style\":\"System-none\"}', 1, '*'),
(93, 74, 'Menus Dashboard', '', '', 1, 'cpanel-menus', NULL, NULL, NULL, NULL, 1, 'mod_submenu', 1, 0, '{\"menutype\":\"*\",\"preset\":\"menus\",\"layout\":\"_:default\",\"moduleclass_sfx\":\"\",\"module_tag\":\"div\",\"bootstrap_size\":\"12\",\"header_tag\":\"h2\",\"header_class\":\"\",\"style\":\"System-none\"}', 1, '*'),
(94, 75, 'Components Dashboard', '', '', 1, 'cpanel-components', NULL, NULL, NULL, NULL, 1, 'mod_submenu', 1, 0, '{\"menutype\":\"*\",\"preset\":\"components\",\"layout\":\"_:default\",\"moduleclass_sfx\":\"\",\"module_tag\":\"div\",\"bootstrap_size\":\"12\",\"header_tag\":\"h2\",\"header_class\":\"\",\"style\":\"System-none\"}', 1, '*'),
(95, 76, 'Users Dashboard', '', '', 1, 'cpanel-users', NULL, NULL, NULL, NULL, 1, 'mod_submenu', 1, 0, '{\"menutype\":\"*\",\"preset\":\"users\",\"layout\":\"_:default\",\"moduleclass_sfx\":\"\",\"module_tag\":\"div\",\"bootstrap_size\":\"12\",\"header_tag\":\"h2\",\"header_class\":\"\",\"style\":\"System-none\"}', 1, '*'),
(96, 86, 'Popular Articles', '', '', 3, 'cpanel-content', NULL, NULL, NULL, NULL, 1, 'mod_popular', 3, 1, '{\"count\":\"5\",\"catid\":\"\",\"user_id\":\"0\",\"layout\":\"_:default\",\"moduleclass_sfx\":\"\",\"cache\":\"0\", \"bootstrap_size\": \"12\",\"header_tag\":\"h2\"}', 1, '*'),
(97, 87, 'Recently Added Articles', '', '', 4, 'cpanel-content', NULL, NULL, NULL, NULL, 1, 'mod_latest', 3, 1, '{\"count\":\"5\",\"ordering\":\"c_dsc\",\"catid\":\"\",\"user_id\":\"0\",\"layout\":\"_:default\",\"moduleclass_sfx\":\"\",\"cache\":\"0\", \"bootstrap_size\": \"12\",\"header_tag\":\"h2\"}', 1, '*'),
(98, 88, 'Logged-in Users', '', '', 2, 'cpanel-users', NULL, NULL, NULL, NULL, 1, 'mod_logged', 3, 1, '{\"count\":\"5\",\"name\":\"1\",\"layout\":\"_:default\",\"moduleclass_sfx\":\"\",\"cache\":\"0\", \"bootstrap_size\": \"12\",\"header_tag\":\"h2\"}', 1, '*'),
(99, 77, 'Frontend Link', '', '', 5, 'status', NULL, NULL, NULL, NULL, 1, 'mod_frontend', 1, 1, '', 1, '*'),
(100, 78, 'Messages', '', '', 4, 'status', NULL, NULL, NULL, NULL, 1, 'mod_messages', 3, 1, '', 1, '*'),
(101, 79, 'Post Install Messages', '', '', 3, 'status', NULL, NULL, NULL, NULL, 1, 'mod_post_installation_messages', 3, 1, '', 1, '*'),
(102, 80, 'User Status', '', '', 6, 'status', NULL, NULL, NULL, NULL, 1, 'mod_user', 3, 1, '', 1, '*'),
(103, 70, 'Site', '', '', 1, 'icon', NULL, NULL, NULL, NULL, 1, 'mod_quickicon', 1, 1, '{\"context\":\"site_quickicon\",\"header_icon\":\"icon-desktop\",\"show_global\":\"0\",\"show_checkin\":\"0\",\"show_cache\":\"0\",\"show_users\":\"1\",\"show_articles\":\"1\",\"show_featured\":\"0\",\"show_menuitems\":\"0\",\"show_workflow\":\"0\",\"show_banners\":\"0\",\"show_finder\":\"0\",\"show_newsfeeds\":\"0\",\"show_tags\":\"0\",\"show_redirect\":\"0\",\"show_associations\":\"0\",\"show_languages\":\"0\",\"show_modules\":\"1\",\"show_contact\":\"0\",\"show_categories\":\"1\",\"show_media\":\"1\",\"show_plugins\":\"1\",\"show_template_styles\":\"1\",\"show_template_code\":\"1\",\"layout\":\"_:default\",\"moduleclass_sfx\":\"\",\"cache\":1,\"cache_time\":900,\"module_tag\":\"div\",\"bootstrap_size\":\"12\",\"header_tag\":\"h2\",\"header_class\":\"\",\"style\":\"0\"}', 1, '*'),
(104, 71, 'System', '', '', 2, 'icon', NULL, NULL, NULL, NULL, 1, 'mod_quickicon', 1, 1, '{\"context\":\"system_quickicon\",\"header_icon\":\"icon-wrench\",\"show_global\":\"1\",\"show_checkin\":\"1\",\"show_cache\":\"1\",\"layout\":\"_:default\",\"moduleclass_sfx\":\"\",\"cache\":1,\"cache_time\":900,\"style\":\"0\",\"module_tag\":\"div\",\"bootstrap_size\":\"12\",\"header_tag\":\"h2\",\"header_class\":\"\"}', 1, '*'),
(105, 82, '3rd Party', '', '', 4, 'icon', NULL, NULL, NULL, NULL, 1, 'mod_quickicon', 1, 1, '{\"context\":\"mod_quickicon\",\"header_icon\":\"icon-boxes\",\"load_plugins\":\"1\",\"layout\":\"_:default\",\"moduleclass_sfx\":\"\",\"cache\":1,\"cache_time\":900,\"style\":\"0\",\"module_tag\":\"div\",\"bootstrap_size\":\"12\",\"header_tag\":\"h2\",\"header_class\":\"\"}', 1, '*'),
(106, 83, 'Help Dashboard', '', '', 1, 'cpanel-help', NULL, NULL, NULL, NULL, 1, 'mod_submenu', 1, 0, '{\"menutype\":\"*\",\"preset\":\"help\",\"layout\":\"_:default\",\"moduleclass_sfx\":\"\",\"style\":\"System-none\",\"module_tag\":\"div\",\"bootstrap_size\":\"12\",\"header_tag\":\"h2\",\"header_class\":\"\"}', 1, '*'),
(107, 84, 'Privacy Requests', '', '', 1, 'cpanel-privacy', NULL, NULL, NULL, NULL, 1, 'mod_privacy_dashboard', 1, 1, '{\"layout\":\"_:default\",\"moduleclass_sfx\":\"\",\"cache\":1,\"cache_time\":900,\"cachemode\":\"static\",\"style\":\"0\",\"module_tag\":\"div\",\"bootstrap_size\":\"12\",\"header_tag\":\"h2\",\"header_class\":\"\"}', 1, '*'),
(108, 85, 'Privacy Status', '', '', 1, 'cpanel-privacy', NULL, NULL, NULL, NULL, 1, 'mod_privacy_status', 1, 1, '{\"layout\":\"_:default\",\"moduleclass_sfx\":\"\",\"cache\":1,\"cache_time\":900,\"cachemode\":\"static\",\"style\":\"0\",\"module_tag\":\"div\",\"bootstrap_size\":\"12\",\"header_tag\":\"h2\",\"header_class\":\"\"}', 1, '*'),
(109, 96, 'Guided Tours', '', '', 1, 'status', NULL, NULL, NULL, NULL, 1, 'mod_guidedtours', 1, 1, '', 1, '*'),
(110, 102, 'script fancybox', '', '<a href=\"big_1.jpg\" data-fancybox=\"gallery\"><img src=\"small_1.jpg\" alt=\"\" /></a> <a href=\"big_2.jpg\" data-fancybox=\"gallery\"><img src=\"small_2.jpg\" alt=\"\" /></a>\r\n<div id=\"hidden-content\" style=\"display: none;\">\r\n<h2>Hello</h2>\r\n<p>You are awesome.</p>\r\n</div>\r\n<a href=\"javascript:;\" data-fancybox data-src=\"#hidden-content\"> Trigger the fancybox </a>', 1, 'banner', NULL, NULL, NULL, NULL, 0, 'mod_custom', 1, 0, '{\"prepare_content\":0,\"backgroundimage\":\"\",\"layout\":\"_:default\",\"moduleclass_sfx\":\"\",\"cache\":1,\"cache_time\":900,\"cachemode\":\"static\",\"module_tag\":\"div\",\"bootstrap_size\":\"0\",\"header_tag\":\"h3\",\"header_class\":\"\",\"style\":\"0\"}', 0, '*'),
(111, 103, 'script', 'Везде', '', 1, 'debug', NULL, NULL, NULL, NULL, 1, 'mod_flexi_customcode', 1, 0, '{\"code_area\":\"<script>\\r\\n$(\'.fa-bars\').click(function() {     \\r\\n\\t$(\'.fa-bars\').css({\\\"display\\\" : \\\"none\\\"});  \\r\\n\\t$(\'.fa-xmark, .header_menu\').fadeIn();\\r\\n});\\r\\n$(\'.fa-xmark\').click(function() {     \\r\\n\\t$(\'.fa-xmark, .header_menu\').css({\\\"display\\\" : \\\"none\\\"});  \\r\\n\\t$(\'.fa-bars\').fadeIn();\\r\\n});\\r\\n\\r\\n$(\'.GetAQuote\').on(\'click\', function(){\\r\\n  let posY = $(\'#message_form\').offset().top;\\r\\n  $(\'html,body\').scrollTop(posY);\\r\\n});\\r\\n\\r\\n$(\'.owl-carousel\').owlCarousel({\\r\\n\\t\\tloop: true,\\r\\n\\t\\tmargin: 10,\\r\\n\\t\\tnav: true,\\r\\n\\t\\tresponsive: {\\r\\n\\t\\t\\t0: {\\r\\n\\t\\t\\t\\titems: 1\\r\\n\\t\\t\\t},\\r\\n\\t\\t\\t600: {\\r\\n\\t\\t\\t\\titems: 1\\r\\n\\t\\t\\t},\\r\\n\\t\\t\\t1000: {\\r\\n\\t\\t\\t\\titems: 2\\r\\n\\t\\t\\t}\\r\\n\\t\\t}\\r\\n\\t})\\r\\n<\\/script>\",\"use_php\":\"1\",\"userlevel\":\"1\",\"clean_js\":\"1\",\"clean_css\":\"1\",\"clean_all\":\"1\",\"load_plugincontent\":\"0\",\"layout\":\"_:default\",\"moduleclass_sfx\":\"\",\"cache\":\"1\",\"cache_time\":\"900\",\"cachemode\":\"static\",\"module_tag\":\"div\",\"bootstrap_size\":\"0\",\"header_tag\":\"h3\",\"header_class\":\"\",\"style\":\"0\"}', 0, '*'),
(112, 104, 'script fancybox slide', '', NULL, 1, '', NULL, NULL, NULL, NULL, 0, 'mod_flexi_customcode', 1, 0, '{\"code_area\":\"<div id=\\\"hidden-content\\\" style=\\\"display: none;\\\">\\r\\n\\t<h2>Hello<\\/h2>\\r\\n\\t<p>You are awesome.<\\/p>\\r\\n<\\/div>\\r\\n<div><a href=\\\"javascript:;\\\" data-fancybox data-src=\\\"#hidden-content\\\"> Trigger the fancybox <\\/a><\\/div>\\r\\n<div class=\\\"owl-carousel owl-theme\\\">\\r\\n\\t<div class=\\\"item\\\">\\r\\n\\t\\t<h4>1<\\/h4>\\r\\n\\t<\\/div>\\r\\n\\t<div class=\\\"item\\\">\\r\\n\\t\\t<h4>2<\\/h4>\\r\\n\\t<\\/div>\\r\\n\\t<div class=\\\"item\\\">\\r\\n\\t\\t<h4>3<\\/h4>\\r\\n\\t<\\/div>\\r\\n\\t<div class=\\\"item\\\">\\r\\n\\t\\t<h4>4<\\/h4>\\r\\n\\t<\\/div>\\r\\n\\t<div class=\\\"item\\\">\\r\\n\\t\\t<h4>5<\\/h4>\\r\\n\\t<\\/div>\\r\\n\\t<div class=\\\"item\\\">\\r\\n\\t\\t<h4>6<\\/h4>\\r\\n\\t<\\/div>\\r\\n\\t<div class=\\\"item\\\">\\r\\n\\t\\t<h4>7<\\/h4>\\r\\n\\t<\\/div>\\r\\n\\t<div class=\\\"item\\\">\\r\\n\\t\\t<h4>8<\\/h4>\\r\\n\\t<\\/div>\\r\\n\\t<div class=\\\"item\\\">\\r\\n\\t\\t<h4>9<\\/h4>\\r\\n\\t<\\/div>\\r\\n\\t<div class=\\\"item\\\">\\r\\n\\t\\t<h4>10<\\/h4>\\r\\n\\t<\\/div>\\r\\n\\t<div class=\\\"item\\\">\\r\\n\\t\\t<h4>11<\\/h4>\\r\\n\\t<\\/div>\\r\\n\\t<div class=\\\"item\\\">\\r\\n\\t\\t<h4>12<\\/h4>\\r\\n\\t<\\/div>\\r\\n<\\/div>\\r\\n<script type=\\\"text\\/javascript\\\">\\r\\n\\t$(\'.owl-carousel\').owlCarousel({\\r\\n\\t\\tloop: true,\\r\\n\\t\\tmargin: 10,\\r\\n\\t\\tnav: true,\\r\\n\\t\\tresponsive: {\\r\\n\\t\\t\\t0: {\\r\\n\\t\\t\\t\\titems: 1\\r\\n\\t\\t\\t},\\r\\n\\t\\t\\t600: {\\r\\n\\t\\t\\t\\titems: 3\\r\\n\\t\\t\\t},\\r\\n\\t\\t\\t1000: {\\r\\n\\t\\t\\t\\titems: 5\\r\\n\\t\\t\\t}\\r\\n\\t\\t}\\r\\n\\t})\\r\\n<\\/script>\",\"use_php\":\"1\",\"userlevel\":\"1\",\"clean_js\":\"1\",\"clean_css\":\"1\",\"clean_all\":\"1\",\"load_plugincontent\":\"0\",\"layout\":\"_:default\",\"moduleclass_sfx\":\"\",\"cache\":\"1\",\"cache_time\":\"900\",\"cachemode\":\"static\",\"module_tag\":\"div\",\"bootstrap_size\":\"0\",\"header_tag\":\"h3\",\"header_class\":\"\",\"style\":\"0\"}', 0, '*'),
(113, 116, 'Текст сверху', 'Везде', '<div class=\"header_top_text\">The shipping costs are changing, contact us for a real-time quote</div>', 1, 'header_top', NULL, NULL, NULL, NULL, 1, 'mod_custom', 1, 0, '{\"prepare_content\":0,\"backgroundimage\":\"\",\"layout\":\"_:default\",\"moduleclass_sfx\":\" header_top_text_mod\",\"cache\":1,\"cache_time\":900,\"cachemode\":\"static\",\"module_tag\":\"div\",\"bootstrap_size\":\"0\",\"header_tag\":\"h3\",\"header_class\":\"\",\"style\":\"0\"}', 0, '*'),
(114, 117, 'Логотип', 'Везде', '<div><a href=\"/index.php\"><img src=\"/images/logo.png\" alt=\"HENAN YIHONG\" /></a></div>', 1, 'header_logo', NULL, NULL, NULL, NULL, 1, 'mod_custom', 1, 0, '{\"prepare_content\":0,\"backgroundimage\":\"\",\"layout\":\"_:default\",\"moduleclass_sfx\":\"\",\"cache\":1,\"cache_time\":900,\"cachemode\":\"static\",\"module_tag\":\"div\",\"bootstrap_size\":\"0\",\"header_tag\":\"h3\",\"header_class\":\"\",\"style\":\"0\"}', 0, '*'),
(115, 118, 'Баннер Home', 'Home', '<img src=\"/images/site/20231024183055_d6arigcakc.jpg\" alt=\"banner\" class=\"d6arigcakc\" style=\"width: 100%;\" /> <img src=\"/images/site/20231024183055_d6arigcakc_mob.jpg\" alt=\"banner\" class=\"d6arigcakc_mob\" style=\"width: 100%;\" />', 1, 'banner', NULL, NULL, NULL, NULL, 1, 'mod_custom', 1, 0, '{\"prepare_content\":0,\"backgroundimage\":\"\",\"layout\":\"_:default\",\"moduleclass_sfx\":\"\",\"cache\":1,\"cache_time\":900,\"cachemode\":\"static\",\"module_tag\":\"div\",\"bootstrap_size\":\"0\",\"header_tag\":\"h3\",\"header_class\":\"\",\"style\":\"0\"}', 0, '*'),
(116, 119, 'Форма внизу', 'Везде', NULL, 1, 'content_bottom_form', NULL, NULL, NULL, NULL, 1, 'mod_flexi_customcode', 1, 0, '{\"code_area\":\"<div id=\\\"message_form\\\" class=\\\"am-g content-width message\\\">\\r\\n    <img src=\\\"\\/images\\/site\\/1695868748516.png\\\">\\r\\n\\r\\n    <div class=\\\"describeMessage\\\" id=\\\"print\\\">\\r\\n        <h3>Free Quote<\\/h3>\\r\\n        <span>Ask us for a free consultation now. Find the best solution!<\\/span>\\r\\n    <\\/div>\\r\\n\\r\\n    <div class=\\\"am-u-sm-12 am-u-md-12\\\">\\r\\n\\r\\n        <form action=\\\"\\\" method=\\\"post\\\" id=\\\"msgForm\\\" name=\\\"msgForm\\\">\\r\\n            <div class=\\\"input_style\\\"><input type=\\\"text\\\" name=\\\"subj\\\" class=\\\"inputbox_mz_modal\\\"><\\/div>\\r\\n            <div class=\\\"user-info_wrap\\\">\\r\\n                <div class=\\\"am-u-sm-12 am-u-md-4\\\">\\r\\n                    <div class=\\\"user-info\\\">\\r\\n                        <label class=\\\"gape3 gape fonts\\\" for=\\\"company\\\">COMPANY:<\\/label>\\r\\n                        <input type=\\\"text\\\" name=\\\"company\\\" id=\\\"company\\\" maxlength=\\\"80\\\" class=\\\"ctipt\\\" placeholder=\\\"Your company name\\\">\\r\\n                    <\\/div>\\r\\n                <\\/div>\\r\\n                <div class=\\\"am-u-sm-12 am-u-md-4\\\">\\r\\n                    <div class=\\\"user-info\\\">\\r\\n                        <label class=\\\"gape2 gape fonts\\\" for=\\\"username\\\">NAME:<\\/label>\\r\\n                        <input type=\\\"text\\\" name=\\\"username\\\" id=\\\"username\\\" maxlength=\\\"80\\\" class=\\\"ctipt\\\" placeholder=\\\"Your name \\\">\\r\\n                    <\\/div>\\r\\n                <\\/div>\\r\\n\\r\\n                <div class=\\\"am-u-sm-12 am-u-md-4\\\">\\r\\n                    <div class=\\\"user-info\\\">\\r\\n                        <label class=\\\"gape fonts\\\" for=\\\"email\\\">E-MAIL:<\\/label>\\r\\n                        <input type=\\\"text\\\" name=\\\"email\\\" id=\\\"email\\\" maxlength=\\\"200\\\" class=\\\"ctipt\\\" placeholder=\\\"Your E-mail address\\\" required>\\r\\n                        <i>*<\\/i>\\r\\n                    <\\/div>\\r\\n                <\\/div>\\r\\n                <div class=\\\"am-u-sm-12 am-u-md-4\\\">\\r\\n                    <div class=\\\"user-info\\\">\\r\\n                        <label class=\\\"gape gape2 gape4 fonts\\\" for=\\\"phone\\\">TEL:<\\/label>\\r\\n                        <input type=\\\"text\\\" name=\\\"phone\\\" id=\\\"phone\\\" class=\\\"ctipt\\\" placeholder=\\\"Your telephone number\\\" >\\r\\n                    <\\/div>\\r\\n                <\\/div>\\r\\n\\r\\n\\r\\n                <div class=\\\"am-u-sm-12 am-u-md-4\\\">\\r\\n                    <div class=\\\"user-info\\\">\\r\\n                        <label class=\\\"fonts gape\\\" for=\\\"text\\\">INQUIRY:<\\/label>\\r\\n                        <textarea name=\\\"textarea\\\" id=\\\"text\\\" class=\\\"cttxt\\\" placeholder=\\\"Please leave your message\\\" required><\\/textarea>\\r\\n                        <i>*<\\/i>\\r\\n                    <\\/div>\\r\\n                <\\/div>\\r\\n\\r\\n                <div class=\\\"am-u-sm-12 am-u-md-4\\\">\\r\\n                    <div class=\\\"user-info submitBtn\\\">\\r\\n                        <input type=\\\"submit\\\" value=\\\"SUBMIT\\\" name=\\\"SUBMIT\\\" class=\\\"iqbtn\\\">\\r\\n                    <\\/div>\\r\\n                <\\/div>\\r\\n            <\\/div>\\r\\n        <\\/form>\\r\\n    <\\/div>\\r\\n<\\/div>\\r\\n<script>\\r\\nsetTimeout(function () {\\r\\n    $(\\\"#link\\\").fadeOut(\\\"fast\\\")\\r\\n}, 3000); \\/\\/ 3 \\u0441\\u0435\\u043a\\r\\n<\\/script>\\t\\r\\n<?php \\r\\n$to =  \'kiryushin-av@yandex.ru\';\\r\\n$no_reply =  \'no-reply@mswww.ru\';\\r\\n$url_link = ((!empty($_SERVER[\'HTTPS\'])) ? \'https\' : \'http\') . \':\\/\\/\' . $_SERVER[\'HTTP_HOST\'] . $_SERVER[\'REQUEST_URI\'];\\r\\n$remote_ip = $_SERVER[\\\"REMOTE_ADDR\\\"];\\r\\n$headers  = \'MIME-Version: 1.0\' . \\\"\\\\r\\\\n\\\";\\r\\n$headers .= \'Content-type: text\\/html; charset=utf-8\' . \\\"\\\\r\\\\n\\\";\\r\\n$headers .= \'To: <\'.$to.\'>\' . \\\"\\\\r\\\\n\\\";\\r\\n$headers .= \'From: zapros KP <\'.$no_reply.\'>\' . \\\"\\\\r\\\\n\\\";\\r\\n\\r\\nif($_POST[\\\"subj\\\"]){}else{\\r\\nif(isset($_POST[\\\"SUBMIT\\\"]) || isset($_POST[\\\"username\\\"]) || isset($_POST[\\\"email\\\"]) || isset($_POST[\\\"textarea\\\"]))\\r\\n{\\r\\n$subject = $_POST[\'username\'].\\\" \\u0437\\u0430\\u043f\\u0440\\u043e\\u0441\\u0438\\u043b \\u041a\\u041f\\\"; \\/\\/\\u0422\\u0435\\u043c\\u0430 \\u043f\\u0438\\u0441\\u044c\\u043c\\u0430\\r\\n$message = \\\"\\u0418\\u043c\\u044f: \\\".$_POST[\'username\'].\\\"<br> \\r\\n\\u041a\\u043e\\u043c\\u043f\\u0430\\u043d\\u0438\\u044f: \\\".$_POST[\'company\'].\\\"<br>\\r\\n\\u0422\\u0435\\u043b\\u0435\\u0444\\u043e\\u043d: \\\".$_POST[\'phone\'].\\\"<br>\\r\\nE-mail: \\\".$_POST[\'email\'].\\\"<br>\\r\\n\\u0422\\u0435\\u043a\\u0441\\u0442 \\u043e\\u0431\\u0440\\u0430\\u0449\\u0435\\u043d\\u0438\\u044f: \\\".$_POST[\'textarea\'].\\\"<br>\\r\\n\\u0421\\u0442\\u0440\\u0430\\u043d\\u0438\\u0446\\u0430: <a href=\\\".$url_link.\\\" target=\'_blank\'>\\u043f\\u0435\\u0440\\u0435\\u0439\\u0442\\u0438<\\/a><br>\\r\\n\\u041e\\u0442\\u043f\\u0440\\u0430\\u0432\\u043b\\u0435\\u043d\\u043e \\u0441 IP: <a href=\'https:\\/\\/ipwhois.app\\/line\\/\\\".$remote_ip.\\\"\'>\\\".$remote_ip.\\\"<\\/a> \\u043b\\u0438\\u0431\\u043e \\u043f\\u0435\\u0440\\u0435\\u0439\\u0442\\u0438 \\u043f\\u043e <a href=\'https:\\/\\/2ip.ru\\/whois\\/\'>\\u0441\\u0441\\u044b\\u043b\\u043a\\u0435<\\/a><br>\\\";\\r\\n\\/* \\u041e\\u0442\\u043f\\u0440\\u0430\\u0432\\u043b\\u044f\\u0435\\u043c email *\\/\\r\\nmail($to,$subject,$message,$headers);\\r\\necho \'<div id=\\\"link\\\" class=\\\"cbred_block\\\"><div class=\\\"cbred_text\\\">Thank you for your request!<br>We will contact you soon.<\\/div><\\/div>\';\\r\\n}\\r\\n}\\r\\n?>\",\"use_php\":\"1\",\"userlevel\":\"1\",\"clean_js\":\"1\",\"clean_css\":\"1\",\"clean_all\":\"1\",\"load_plugincontent\":\"0\",\"layout\":\"_:default\",\"moduleclass_sfx\":\"\",\"cache\":\"1\",\"cache_time\":\"900\",\"cachemode\":\"static\",\"module_tag\":\"div\",\"bootstrap_size\":\"0\",\"header_tag\":\"h3\",\"header_class\":\"\",\"style\":\"0\"}', 0, '*'),
(117, 120, 'OEM', 'Home', '<div class=\"am-g content-width advantage\">\r\n<div class=\"am-u-sm-12 am-u-md-4\">\r\n<h4 class=\"index-page-title\">OEM</h4>\r\n<p class=\"index-page-des\">With our commitment to quality and cost-effective pricing, we provide tailored OEM services for brands aiming to make their mark in the abrasive tool sector</p>\r\n<!--        <span>—></span>--></div>\r\n<div class=\"am-u-sm-12 am-u-md-4\">\r\n<h4 class=\"index-page-title\">MOQ</h4>\r\n<p class=\"index-page-des\">Our commitment isn\'t just to quality and design, but also to ensuring businesses of all scales can collaborate with us.Only 10 pcs Started</p>\r\n<!--        <span>—></span>--> <a href=\"#message_form\"> <b class=\"button\"> Free Quote </b> </a></div>\r\n<div class=\"am-u-sm-12 am-u-md-4\">\r\n<h4 class=\"index-page-title\">ODM</h4>\r\n<p class=\"index-page-des\">Combining top-quality with competitive pricing, we offer comprehensive ODM services for businesses seeking standout abrasive tool products</p>\r\n<!--        <span>—></span>--></div>\r\n</div>', 1, 'content_top_a', NULL, NULL, NULL, NULL, 1, 'mod_custom', 1, 0, '{\"prepare_content\":0,\"backgroundimage\":\"\",\"layout\":\"_:default\",\"moduleclass_sfx\":\"\",\"cache\":1,\"cache_time\":900,\"cachemode\":\"static\",\"module_tag\":\"div\",\"bootstrap_size\":\"0\",\"header_tag\":\"h3\",\"header_class\":\"\",\"style\":\"0\"}', 0, '*'),
(118, 121, 'Flap disc & Cutting Disc', 'Home', '<div class=\"am-g content-width productIndex\">\r\n<div class=\"am-u-sm-12 am-u-md-4 left\">\r\n<h3>Flap disc <b style=\"color: #eb242b;\">&amp;</b> Cutting Disc</h3>\r\n<div class=\"describe\">STRONER products are crafted from premium materials, undergoing rigorous selection processes. We ensure that every disc we deliver is of the utmost quality and meets the stringent demands of professionals.</div>\r\n<span> <i class=\"fa-solid fa-circle-xmark\"></i>Precision Engineered</span> <span> <i class=\"fa-solid fa-circle-xmark\"></i>Sustainable Production</span> <span> <i class=\"fa-solid fa-circle-xmark\"></i>Additional Accessories</span> <span> <i class=\"fa-solid fa-circle-xmark\"></i>Bulk Orders Facilitated</span> <span> <i class=\"fa-solid fa-circle-xmark\"></i>Assured Quality</span></div>\r\n<div class=\"am-u-sm-12 am-u-md-8 right\">\r\n<div class=\"productAttr\"><a href=\"/products/cutting-disc\"> <img src=\"/images/site/20231013143321_angmyas85e.jpg\" alt=\"Super Thin Cutting Disc\" />\r\n<h4>Super Thin Cutting...</h4>\r\n</a></div>\r\n<div class=\"productAttr\"><a href=\"/products/flap-disc\"> <img src=\"/images/site/20231012142604_egw30jkox8.jpg\" alt=\"Aluminium Oxide flap disc\" />\r\n<h4>Aluminium Oxide fl...</h4>\r\n</a></div>\r\n<div class=\"productAttr\"><a href=\"/products/flap-disc\"> <img src=\"/images/site/20231012142516_57r7pota96.jpg\" alt=\"Ceramic Grain flap disc\" />\r\n<h4>Ceramic Grain flap...</h4>\r\n</a></div>\r\n<div class=\"productAttr\"><a href=\"/products/flap-disc\"> <img src=\"/images/site/20231012142548_a3rikvxu1m.jpg\" alt=\"Calcined Aluminium Oxide Flap Disc\" />\r\n<h4>Calcined Aluminium...</h4>\r\n</a></div>\r\n<div class=\"productAttr\"><a href=\"/products/flap-disc\"> <img src=\"/images/site/20231012142617_ek2yngvp2r.jpg\" alt=\"Zirconia Aluminium Flap Disc\" />\r\n<h4>Zirconia Aluminium...</h4>\r\n</a></div>\r\n<div class=\"productAttr\"><a href=\"/products/flap-disc\"> <img src=\"/images/site/20231012142347_icx3mahax7.jpg\" alt=\"Felt Disc\" />\r\n<h4>Felt Disc</h4>\r\n</a></div>\r\n<div class=\"productAttr\"><a href=\"/products/flap-disc\"> <img src=\"/images/site/20231012142420_sarj61430m.jpg\" alt=\"Flower Flap Discs\" />\r\n<h4>Flower Flap Discs</h4>\r\n</a></div>\r\n<div class=\"productAttr\"><a href=\"/products/flap-disc\"> <img src=\"/images/site/20231012142503_5i7b2y8kwt.jpg\" alt=\"Non Woven Flap Disc\" />\r\n<h4>Non Woven Flap Disc</h4>\r\n</a></div>\r\n</div>\r\n</div>', 1, 'content_top_b', NULL, NULL, NULL, NULL, 1, 'mod_custom', 1, 0, '{\"prepare_content\":0,\"backgroundimage\":\"\",\"layout\":\"_:default\",\"moduleclass_sfx\":\"\",\"cache\":1,\"cache_time\":900,\"cachemode\":\"static\",\"module_tag\":\"div\",\"bootstrap_size\":\"0\",\"header_tag\":\"h3\",\"header_class\":\"\",\"style\":\"0\"}', 0, '*'),
(119, 122, 'Others', 'Home', '<div class=\"am-g content-width productIndex\">\r\n<div class=\"am-u-sm-12 am-u-md-4 left\">\r\n<h3>Others</h3>\r\n<div class=\"describe\">Our products are a testament to our dedication to quality. We take pride in ensuring that every tool we offer is of the highest caliber, catering to the exacting standards of industry professionals.</div>\r\n<span><i class=\"fa-solid fa-circle-xmark\"></i>Meticulously Crafted</span> <span><i class=\"fa-solid fa-circle-xmark\"></i>Eco-Friendly Manufacturing</span> <span><i class=\"fa-solid fa-circle-xmark\"></i>Versatility at Its Best</span> <span><i class=\"fa-solid fa-circle-xmark\"></i>Ready for All Scales of Demand</span> <span><i class=\"fa-solid fa-circle-xmark\"></i>Quality That Speaks</span></div>\r\n<div class=\"am-u-sm-12 am-u-md-8 right\">\r\n<div class=\"productAttr\"><a href=\"/products/sanding-paper\"> <img src=\"/images/site/20231012111908_hg89v5ayrd.jpg\" alt=\"Waterproof Sandpaper\" />\r\n<h4>Waterproof Sandpaper</h4>\r\n</a></div>\r\n<div class=\"productAttr\"><a href=\"/products/sanding-belt\"> <img src=\"/images/site/20231012111335_iu1q02x7g9.jpg\" alt=\"Alumina Oxide Abrasive Belt\" />\r\n<h4>Alumina Oxide Abra...</h4>\r\n</a></div>\r\n<div class=\"productAttr\"><a href=\"/products/sanding-belt\"> <img src=\"/images/site/20231012151539_98k3jvfnp8.jpg\" alt=\"Ceramic Grain Abrasive Belt\" />\r\n<h4>Ceramic Grain Abra...</h4>\r\n</a></div>\r\n<div class=\"productAttr\"><a href=\"/products/sanding-belt\"> <img src=\"/images/site/20231012151713_iidkgglii2.jpg\" alt=\"Silicon Carbide Abrasive Belt\" />\r\n<h4>Silicon Carbide Ab...</h4>\r\n</a></div>\r\n<div class=\"productAttr\"><a href=\"/products/sanding-belt\"> <img src=\"/images/site/20231012151851_ly6d47m8bx.jpg\" alt=\"Non-woven Abrasive Belt\" />\r\n<h4>Non-woven Abrasive...</h4>\r\n</a></div>\r\n<div class=\"productAttr\"><a href=\"/products/grinding-disc\"> <img src=\"/images/site/20231012150834_w26l7re422.jpg\" alt=\"Flexible Grinding Wheel\" />\r\n<h4>Flexible Grinding ...</h4>\r\n</a></div>\r\n<div class=\"productAttr\"><a href=\"/products/grinding-disc\"> <img src=\"/images/site/20231012150955_ef9jrc05h4.jpg\" alt=\"Grinding Disc\" />\r\n<h4>Grinding Disc</h4>\r\n</a></div>\r\n<div class=\"productAttr\"><a href=\"/products/grinding-disc\"> <img src=\"/images/site/20231012110328_d01k0c8ydl.jpg\" alt=\"Depressed Center Grinding Wheel\" />\r\n<h4>Depressed Center G...</h4>\r\n</a></div>\r\n</div>\r\n</div>', 1, 'content_top_c', NULL, NULL, NULL, NULL, 1, 'mod_custom', 1, 0, '{\"prepare_content\":0,\"backgroundimage\":\"\",\"layout\":\"_:default\",\"moduleclass_sfx\":\"\",\"cache\":1,\"cache_time\":900,\"cachemode\":\"static\",\"module_tag\":\"div\",\"bootstrap_size\":\"0\",\"header_tag\":\"h3\",\"header_class\":\"\",\"style\":\"0\"}', 0, '*'),
(120, 124, 'Баннер Products', 'Products', '<div><img src=\"/images/products.jpg\" alt=\"banner\" class=\"products\" style=\"width: 100%;\" /><img src=\"/images/products_mob.jpg\" alt=\"banner\" class=\"products_mob\" style=\"width: 100%;\" /></div>', 1, 'banner', NULL, NULL, NULL, NULL, 1, 'mod_custom', 1, 0, '{\"prepare_content\":0,\"backgroundimage\":\"\",\"layout\":\"_:default\",\"moduleclass_sfx\":\"\",\"cache\":1,\"cache_time\":900,\"cachemode\":\"static\",\"module_tag\":\"div\",\"bootstrap_size\":\"0\",\"header_tag\":\"h3\",\"header_class\":\"\",\"style\":\"0\"}', 0, '*'),
(121, 125, 'Cooperation Brands', 'Home', '<div class=\"am-g content-width cooperate\">\r\n<h3 class=\"title\">Cooperation Brands</h3>\r\n<div class=\"am-u-sm-6 am-u-md-3\"><img src=\"/images/site/20230914001.jpg\" alt=\"product\" /></div>\r\n<div class=\"am-u-sm-6 am-u-md-3\"><img src=\"/images/site/20230914002.jpg\" alt=\"product\" /></div>\r\n<div class=\"am-u-sm-6 am-u-md-3\"><img src=\"/images/site/20230914003.jpg\" alt=\"product\" /></div>\r\n<div class=\"am-u-sm-6 am-u-md-3\"><img src=\"/images/site/20230914004.jpg\" alt=\"product\" /></div>\r\n</div>', 1, 'content_bottom_a', NULL, NULL, NULL, NULL, 1, 'mod_custom', 1, 0, '{\"prepare_content\":0,\"backgroundimage\":\"\",\"layout\":\"_:default\",\"moduleclass_sfx\":\"\",\"cache\":1,\"cache_time\":900,\"cachemode\":\"static\",\"module_tag\":\"div\",\"bootstrap_size\":\"0\",\"header_tag\":\"h3\",\"header_class\":\"\",\"style\":\"0\"}', 0, '*'),
(122, 126, 'Factory Show', 'Home', '<div class=\"am-g content-width video\">\r\n<h3 class=\"title\">Factory Show</h3>\r\n<div class=\"am-u-sm-12 am-u-md-7 left\"><a href=\"https://www.youtube.com/watch?v=qKohdJ3-Uf8\" target=\"_blank\" rel=\"noopener\"> <img src=\"/images/site/20230919.jpg\" alt=\"youtube\" /> </a></div>\r\n<div class=\"am-u-sm-12 am-u-md-5 right\">\r\n<h3>Benefits of working with STRONER</h3>\r\n<span><i class=\"fa-solid fa-circle\"></i>Guaranteed safety and quality of product</span> <span><i class=\"fa-solid fa-circle\"></i>An individual approach to your market</span> <span><i class=\"fa-solid fa-circle\"></i>Suppliers fortune 500 companies</span> <span><i class=\"fa-solid fa-circle\"></i>OEM ODM services available</span> <span><i class=\"fa-solid fa-circle\"></i>Good MOQ just for 10</span> <span><i class=\"fa-solid fa-circle\"></i>Factory wholesale price</span> <span><i class=\"fa-solid fa-circle\"></i>Long-term and mutually beneficial partnership</span> <span><i class=\"fa-solid fa-circle\"></i>Advanced production technology, two own factories</span></div>\r\n</div>', 1, 'content_bottom_b', NULL, NULL, NULL, NULL, 1, 'mod_custom', 1, 0, '{\"prepare_content\":0,\"backgroundimage\":\"\",\"layout\":\"_:default\",\"moduleclass_sfx\":\"\",\"cache\":1,\"cache_time\":900,\"cachemode\":\"static\",\"module_tag\":\"div\",\"bootstrap_size\":\"0\",\"header_tag\":\"h3\",\"header_class\":\"\",\"style\":\"0\"}', 0, '*'),
(123, 127, 'Product Certification', 'Home, About us', '<div class=\"am-g content-width evaluate\">\r\n<h3 class=\"title\">Product Certification</h3>\r\n<div class=\"am-u-sm-6 am-u-md-3\"><img src=\"/images/site/certificate01.jpg\" alt=\"\" /></div>\r\n<div class=\"am-u-sm-6 am-u-md-3\"><img src=\"/images/site/certificate02.jpg\" alt=\"\" /></div>\r\n<div class=\"am-u-sm-6 am-u-md-3\"><img src=\"/images/site/certificate03.jpg\" alt=\"\" /></div>\r\n<div class=\"am-u-sm-6 am-u-md-3\"><img src=\"/images/site/certificate04.jpg\" alt=\"\" /></div>\r\n</div>', 1, 'content_bottom_c', NULL, NULL, NULL, NULL, 1, 'mod_custom', 1, 0, '{\"prepare_content\":0,\"backgroundimage\":\"\",\"layout\":\"_:default\",\"moduleclass_sfx\":\"\",\"cache\":1,\"cache_time\":900,\"cachemode\":\"static\",\"module_tag\":\"div\",\"bootstrap_size\":\"0\",\"header_tag\":\"h3\",\"header_class\":\"\",\"style\":\"0\"}', 0, '*'),
(124, 128, 'FAQS', 'Home', '<div class=\"am-g content-width faq\">\r\n<h3>FAQS</h3>\r\n<div class=\"am-u-sm-12 am-u-md-4\">\r\n<h4>What materials are used in your abrasive products?</h4>\r\n<span> Our products are crafted from premium materials, sourced both domestically and internationally. This ensures consistent quality and performance. </span></div>\r\n<div class=\"am-u-sm-12 am-u-md-4\">\r\n<h4>How do you ensure the quality of your products?</h4>\r\n<span> Each of our products undergoes a rigorous selection process and quality assurance checks. We are dedicated to ensuring that every product meets the stringent demands of professionals. </span></div>\r\n<div class=\"am-u-sm-12 am-u-md-4\">\r\n<h4>Do you offer eco-friendly products?</h4>\r\n<span> Yes, sustainable production is at the heart of our operations. We believe in responsible manufacturing and always strive to minimize our environmental impact. </span></div>\r\n<div class=\"am-u-sm-12 am-u-md-4\">\r\n<h4>Can I request additional tools or attachments with my order?</h4>\r\n<span> Absolutely! We provide related tools and attachments upon request to enhance your work experience. Let us know your requirements, and we\'ll do our best to accommodate them. </span></div>\r\n<div class=\"am-u-sm-12 am-u-md-4\">\r\n<h4>Do you handle bulk orders?</h4>\r\n<span> Yes, we cater to large-scale requirements and ensure timely delivery without compromising on quality. Contact our sales team for more details on bulk order discounts and logistics. </span></div>\r\n<div class=\"am-u-sm-12 am-u-md-4\">\r\n<h4>Can I have a product customized for my brand?</h4>\r\n<span> Certainly. We offer customization options to align with your brand ethos and requirements. Whether you\'re a distributor or looking to establish a brand name, we can assist. </span></div>\r\n<div class=\"am-u-sm-12 am-u-md-4\">\r\n<h4>How do I place an order?</h4>\r\n<span> You can place an order through our website or contact our sales team directly. We also accept orders via email and phone. </span></div>\r\n<div class=\"am-u-sm-12 am-u-md-4\">\r\n<h4>What payment methods do you accept?</h4>\r\n<span> We accept various payment methods, including bank transfers, credit cards, and more. Please contact our finance department for detailed information. </span></div>\r\n<div class=\"am-u-sm-12 am-u-md-4\">\r\n<h4>How can I get in touch for further queries?</h4>\r\n<span> You can reach out to our customer service team through the contact form on our website, email, or phone. We\'re here to assist you! </span></div>\r\n</div>', 1, 'content_bottom_f', NULL, NULL, NULL, NULL, 1, 'mod_custom', 1, 0, '{\"prepare_content\":0,\"backgroundimage\":\"\",\"layout\":\"_:default\",\"moduleclass_sfx\":\"\",\"cache\":1,\"cache_time\":900,\"cachemode\":\"static\",\"module_tag\":\"div\",\"bootstrap_size\":\"0\",\"header_tag\":\"h3\",\"header_class\":\"\",\"style\":\"0\"}', 0, '*'),
(125, 129, 'Customer Evaluation', 'Home', '<div class=\"am-g content-width ping\">\r\n<h2>Customer Evaluation</h2>\r\n<div class=\"owl-carousel owl-theme\">\r\n<div class=\"item\">\r\n<div class=\"item_bl\">\r\n<div>\"We\'ve sourced abrasive products from various suppliers over the years, but the quality and consistency of STRONER flap discs and cutting discs are unparalleled. They\'ve become a staple in our product line.\"</div>\r\n<div><img src=\"/images/site/2023082201.jpg\" alt=\"\" />\r\n<h4>Distributor from the USA</h4>\r\n</div>\r\n</div>\r\n</div>\r\n<div class=\"item\">\r\n<div class=\"item_bl\">\r\n<div>\"As someone who values quality above all, I\'m consistently impressed by STRONER products. Their cutting discs deliver precise cuts every time, and their flap discs have significantly improved our grinding efficiency.\"</div>\r\n<div><img src=\"/images/site/2023082202.jpg\" alt=\"\" />\r\n<h4>CEO of a Small Business in Mexico</h4>\r\n</div>\r\n</div>\r\n</div>\r\n<div class=\"item\">\r\n<div class=\"item_bl\">\r\n<div>\"STRONER abrasive products are a game-changer. The efficiency and longevity of their flap discs have significantly enhanced our production lines. Truly top-tier quality.\"</div>\r\n<div><img src=\"/images/site/2023082203.jpg\" alt=\"\" />\r\n<h4>Manufacturing Firm in Germany</h4>\r\n</div>\r\n</div>\r\n</div>\r\n<div class=\"item\">\r\n<div class=\"item_bl\">\r\n<div>\"We often deal with a variety of materials, and STRONER cutting discs have been indispensable. Their products offer precision and durability that\'s hard to find elsewhere.\"</div>\r\n<div><img src=\"/images/site/2023082204.jpg\" alt=\"\" />\r\n<h4>Construction Company in Australia</h4>\r\n</div>\r\n</div>\r\n</div>\r\n<div class=\"item\">\r\n<div class=\"item_bl\">\r\n<div>\"As a workshop that handles bulk orders, the consistency and reliability of the products we use are crucial. STRONER flap discs have proven to be an excellent investment, providing consistent results with each use.\"</div>\r\n<div><img src=\"/images/site/2023082205.jpg\" alt=\"\" />\r\n<h4>Metal Fabrication Workshop in India</h4>\r\n</div>\r\n</div>\r\n</div>\r\n<div class=\"item\">\r\n<div class=\"item_bl\">\r\n<div>\"Efficiency is key in our line of work, and STRONER cutting discs have drastically reduced our repair times. The clean cuts and durability they offer are truly commendable.\"</div>\r\n<div><img src=\"/images/site/2023082206.jpg\" alt=\"\" />\r\n<h4>Automotive Repair Shop in the UK</h4>\r\n</div>\r\n</div>\r\n</div>\r\n</div>\r\n</div>', 1, 'content_bottom_e', NULL, NULL, NULL, NULL, 1, 'mod_custom', 1, 0, '{\"prepare_content\":0,\"backgroundimage\":\"\",\"layout\":\"_:default\",\"moduleclass_sfx\":\" carousel_block\",\"cache\":1,\"cache_time\":900,\"cachemode\":\"static\",\"module_tag\":\"div\",\"bootstrap_size\":\"0\",\"header_tag\":\"h3\",\"header_class\":\"\",\"style\":\"0\"}', 0, '*'),
(126, 130, 'Футер', 'Везде', '<div id=\"footer_block\">\r\n<div class=\"footer_block\">\r\n<div class=\"footer_block_niz\">\r\n<p class=\"footer-menu_niz-title\">MAIN MENU</p>\r\n<div class=\"footer-mune-list\">\r\n<div class=\"menu_niz-product-menu-container\">\r\n<ul class=\"menu_niz\">\r\n<li class=\"menu-item_niz\"><a href=\"/index.php\">Home</a></li>\r\n<li class=\"menu-item_niz\"><a href=\"/about-us\">About us</a></li>\r\n<li class=\"menu-item_niz\"><a href=\"/products\">Products</a></li>\r\n<li class=\"menu-item_niz\"><a href=\"/contact-us\">Contact us</a></li>\r\n</ul>\r\n</div>\r\n</div>\r\n</div>\r\n<div class=\"footer_block_niz\">\r\n<p class=\"footer-menu_niz-title\">PRODUCT</p>\r\n<div class=\"footer-mune-list\">\r\n<div class=\"menu_niz-product-menu-container\">\r\n<ul class=\"menu_niz\">\r\n<li class=\"menu-item_niz\"><a href=\"/products/fiber-glass-backing-plate\">Fiber Glass Backing Plate</a></li>\r\n<li class=\"menu-item_niz\"><a href=\"/products/flap-disc\">Flap Disc</a></li>\r\n<li class=\"menu-item_niz\"><a href=\"/products/grinding-disc\">Grinding Disc</a></li>\r\n<li class=\"menu-item_niz\"><a href=\"/products/sanding-belt\">Sanding Belt</a></li>\r\n</ul>\r\n</div>\r\n</div>\r\n</div>\r\n<div class=\"footer_block_niz\">\r\n<p class=\"footer-menu_niz-title mob\">PRODUCT</p>\r\n<div class=\"footer-mune-list\">\r\n<div class=\"menu_niz-product-menu-container\">\r\n<ul class=\"menu_niz\">\r\n<li class=\"menu-item_niz\"><a href=\"/products/flap-wheel\">Flap Wheel</a></li>\r\n<li class=\"menu-item_niz\"><a href=\"/products/cutting-disc\">Cutting Disc</a></li>\r\n<li class=\"menu-item_niz\"><a href=\"/products/sanding-paper\">Sanding Paper</a></li>\r\n<li class=\"menu-item_niz\"><a href=\"/products/abrasive-machine\">Abrasive Machine</a></li>\r\n</ul>\r\n</div>\r\n</div>\r\n</div>\r\n</div>\r\n</div>', 1, 'footer', NULL, NULL, NULL, NULL, 1, 'mod_custom', 1, 0, '{\"prepare_content\":0,\"backgroundimage\":\"\",\"layout\":\"_:default\",\"moduleclass_sfx\":\"\",\"cache\":1,\"cache_time\":900,\"cachemode\":\"static\",\"module_tag\":\"div\",\"bootstrap_size\":\"0\",\"header_tag\":\"h3\",\"header_class\":\"\",\"style\":\"0\"}', 0, '*'),
(127, 131, 'Contact us ', 'Contact us', '<div class=\"Contact_us\">Contact us</div>', 1, 'banner', NULL, NULL, NULL, NULL, 1, 'mod_custom', 1, 0, '{\"prepare_content\":0,\"backgroundimage\":\"\",\"layout\":\"_:default\",\"moduleclass_sfx\":\"\",\"cache\":1,\"cache_time\":900,\"cachemode\":\"static\",\"module_tag\":\"div\",\"bootstrap_size\":\"0\",\"header_tag\":\"h3\",\"header_class\":\"\",\"style\":\"0\"}', 0, '*'),
(128, 132, 'Why Choose Us', 'About us', '<div class=\"am-g content-width faq\">\r\n<h3>Why Choose Us</h3>\r\n<div class=\"am-u-sm-12 am-u-md-4\">\r\n<h4>Unmatched Quality</h4>\r\n<span> We are committed to delivering products that meet the highest industry standards. Our raw materials are imported and of top-tier quality, ensuring that our abrasive tools perform exceptionally well even in the most demanding conditions </span></div>\r\n<div class=\"am-u-sm-12 am-u-md-4\">\r\n<h4>Competitive Pricing</h4>\r\n<span> Quality doesn\'t have to break the bank. With us, you get the best of both worlds—superior quality products at prices that are highly competitive. This gives you the edge to be competitive in your market as well </span></div>\r\n<div class=\"am-u-sm-12 am-u-md-4\">\r\n<h4>Expertise</h4>\r\n<span> Our team comprises professionals with years of experience in the abrasive tools industry. Our expertise enables us to understand your specific needs and tailor our products and services to meet them </span></div>\r\n<div class=\"am-u-sm-12 am-u-md-4\">\r\n<h4>Scalability</h4>\r\n<span> As a large factory, we have the capacity to handle orders of any size. Whether you are a distributor looking for a sizable quantity or a brand wanting to build your product line, we\'ve got you covered </span></div>\r\n<div class=\"am-u-sm-12 am-u-md-4\">\r\n<h4>Customization</h4>\r\n<span> We understand that every business is unique. That\'s why we offer customization options to meet your specific requirements. From product specifications to packaging, we\'ve got you covered </span></div>\r\n<div class=\"am-u-sm-12 am-u-md-4\">\r\n<h4>Reliable Supply Chain</h4>\r\n<span> Our robust supply chain ensures that your orders are delivered on time, every time. We have a proven track record of fulfilling orders to the USA and Mexico, among other destinations </span></div>\r\n<div class=\"am-u-sm-12 am-u-md-4\">\r\n<h4>Easy Payment Terms</h4>\r\n<span> We offer flexible payment options to make it convenient for you to do business with us. Our aim is to provide you with a hassle-free experience from order placement to payment and delivery </span></div>\r\n<div class=\"am-u-sm-12 am-u-md-4\">\r\n<h4>Global Reach</h4>\r\n<span> Our products are exported to various countries, and we are open to expanding our market. Our existing clients range from local distributors to international companies, affirming our capability to serve diverse market needs </span></div>\r\n<div class=\"am-u-sm-12 am-u-md-4\">\r\n<h4>Google Verified</h4>\r\n<span> Find us easily through Google, where we consistently rank high for our industry keywords. Our strong online presence is a testament to our reliability and quality </span></div>\r\n</div>', 1, 'content_bottom_f', NULL, NULL, NULL, NULL, 1, 'mod_custom', 1, 0, '{\"prepare_content\":0,\"backgroundimage\":\"\",\"layout\":\"_:default\",\"moduleclass_sfx\":\"\",\"cache\":1,\"cache_time\":900,\"cachemode\":\"static\",\"module_tag\":\"div\",\"bootstrap_size\":\"0\",\"header_tag\":\"h3\",\"header_class\":\"\",\"style\":\"0\"}', 0, '*'),
(129, 133, 'Factory and shipping photo', 'About us', '<div class=\"am-g content-width factoryDrawing evaluate\">\r\n<h3 class=\"title\">Factory and shipping photo</h3>\r\n<div class=\"am-u-sm-6 am-u-md-4\"><img src=\"/images/site/01.jpg\" alt=\"\" /></div>\r\n<div class=\"am-u-sm-6 am-u-md-4\"><img src=\"/images/site/02.jpg\" alt=\"\" /></div>\r\n<div class=\"am-u-sm-6 am-u-md-4\"><img src=\"/images/site/06.jpg\" alt=\"\" /></div>\r\n</div>', 1, 'content_bottom_b', NULL, NULL, NULL, NULL, 1, 'mod_custom', 1, 0, '{\"prepare_content\":0,\"backgroundimage\":\"\",\"layout\":\"_:default\",\"moduleclass_sfx\":\"\",\"cache\":1,\"cache_time\":900,\"cachemode\":\"static\",\"module_tag\":\"div\",\"bootstrap_size\":\"0\",\"header_tag\":\"h3\",\"header_class\":\"\",\"style\":\"0\"}', 0, '*'),
(130, 134, 'Factory show and production video', 'About us', '<div class=\"am-g content-width video evaluate\">\r\n<h3 class=\"title\">Factory show and production video</h3>\r\n<div class=\"am-u-sm-6 am-u-md-6\">\r\n<video controls=\"controls\" style=\"max-width: 100%;\"> <source src=\"/images/video/video-left.mp4\" type=\"video/mp4\" /> 您的浏览器不支持视频(Video)标签。 </video>\r\n</div>\r\n<div class=\"am-u-sm-6 am-u-md-6\">\r\n<video controls=\"controls\" style=\"max-width: 100%;\"> <source src=\"/images/video/video-right.mp4\" type=\"video/mp4\" /> 您的浏览器不支持视频(Video)标签。 </video>\r\n</div>\r\n</div>', 1, 'content_bottom_a', NULL, NULL, NULL, NULL, 1, 'mod_custom', 1, 0, '{\"prepare_content\":0,\"backgroundimage\":\"\",\"layout\":\"_:default\",\"moduleclass_sfx\":\"\",\"cache\":1,\"cache_time\":900,\"cachemode\":\"static\",\"module_tag\":\"div\",\"bootstrap_size\":\"0\",\"header_tag\":\"h3\",\"header_class\":\"\",\"style\":\"0\"}', 0, '*'),
(131, 135, 'Numbers we are proud of', 'About us', '<div class=\"am-g content-width strength evaluate\">\r\n<h3 class=\"title\">Numbers we are proud of</h3>\r\n<div class=\"am-u-sm-6 am-u-md-2\"><b>100+</b> <span>Happy clients</span></div>\r\n<div class=\"am-u-sm-6 am-u-md-2\"><b>30+</b> <span>From countries</span></div>\r\n<div class=\"am-u-sm-6 am-u-md-2\"><b>200+</b> <span>Employees</span></div>\r\n<div class=\"am-u-sm-6 am-u-md-2\"><b>12+</b> <span>Years old</span></div>\r\n<div class=\"am-u-sm-6 am-u-md-2\"><b>150+</b> <span>Successful project</span></div>\r\n<div class=\"am-u-sm-6 am-u-md-2\"><b>10,000+</b> <span>Factory size</span></div>\r\n</div>', 1, 'content_top_c', NULL, NULL, NULL, NULL, 1, 'mod_custom', 1, 0, '{\"prepare_content\":0,\"backgroundimage\":\"\",\"layout\":\"_:default\",\"moduleclass_sfx\":\"\",\"cache\":1,\"cache_time\":900,\"cachemode\":\"static\",\"module_tag\":\"div\",\"bootstrap_size\":\"0\",\"header_tag\":\"h3\",\"header_class\":\"\",\"style\":\"0\"}', 0, '*'),
(132, 136, 'Company Profile', 'About us', '<div class=\"am-g content-width factory staff\">\r\n<div class=\"am-u-sm-12 am-u-md-6\"><img src=\"/images/site/factory.jpg\" alt=\"\" /></div>\r\n<div class=\"am-u-sm-12 am-u-md-6\">\r\n<h4>Company Profile</h4>\r\n<span> We are a professional manufacturer of abrasives and grinding machines.We have two private brands STRONER and SANDERS. Our products include flap discs, flap wheels, petal discs, mounting wheels, steel wire flap wheels, abrasive cloth and fiberglass backing plates. We have developed from a small workshop to an industry leader with two large factories now, realizing the large-scale production of abrasive tools </span></div>\r\n</div>\r\n<div class=\"am-g content-width staff\">\r\n<div class=\"am-u-sm-12 am-u-md-6\">\r\n<h4>Our Mission</h4>\r\n<span> Our company adheres to the spirit of striving for excellence and going all out and the values of growing together and creating together and sharing together to provide safe and efficient abrasive products for the society, and to build a platform for the employees, create value for the customers and make contribution to the society under the core ideas of honesty, sharing, innovation, positivity, teamwork and execution </span></div>\r\n<div class=\"am-u-sm-12 am-u-md-6 img_Company_Profile\"><img src=\"/images/site/staff.jpg\" alt=\"\" /></div>\r\n</div>', 1, 'content_top_b', NULL, NULL, NULL, NULL, 1, 'mod_custom', 1, 0, '{\"prepare_content\":0,\"backgroundimage\":\"\",\"layout\":\"_:default\",\"moduleclass_sfx\":\"\",\"cache\":1,\"cache_time\":900,\"cachemode\":\"static\",\"module_tag\":\"div\",\"bootstrap_size\":\"0\",\"header_tag\":\"h3\",\"header_class\":\"\",\"style\":\"0\"}', 0, '*'),
(133, 137, 'Кнопки для мобильной версии', 'Везде', '<div class=\"btn_mob\">\r\n<div id=\"btn_mob\"><i class=\"fa-solid fa-bars\"></i><i class=\"fa-solid fa-xmark\"></i></div>\r\n</div>', 1, 'header_search', NULL, NULL, NULL, NULL, 1, 'mod_custom', 1, 0, '{\"prepare_content\":0,\"backgroundimage\":\"\",\"layout\":\"_:default\",\"moduleclass_sfx\":\" button_mob\",\"cache\":1,\"cache_time\":900,\"cachemode\":\"static\",\"module_tag\":\"div\",\"bootstrap_size\":\"0\",\"header_tag\":\"h3\",\"header_class\":\"\",\"style\":\"0\"}', 0, '*');

-- --------------------------------------------------------

--
-- Структура таблицы `joom5_modules_menu`
--

CREATE TABLE `joom5_modules_menu` (
  `moduleid` int NOT NULL DEFAULT '0',
  `menuid` int NOT NULL DEFAULT '0'
) ENGINE=InnoDB DEFAULT CHARSET=utf8mb4 COLLATE=utf8mb4_unicode_ci;

--
-- Дамп данных таблицы `joom5_modules_menu`
--

INSERT INTO `joom5_modules_menu` (`moduleid`, `menuid`) VALUES
(1, 0),
(2, 0),
(3, 0),
(4, 0),
(6, 0),
(7, 0),
(8, 0),
(9, 0),
(10, 0),
(12, 0),
(14, 0),
(15, 0),
(16, 0),
(17, 0),
(79, 0),
(86, 0),
(87, 0),
(88, 0),
(89, 0),
(90, 0),
(91, 0),
(92, 0),
(93, 0),
(94, 0),
(95, 0),
(96, 0),
(97, 0),
(98, 0),
(99, 0),
(100, 0),
(101, 0),
(102, 0),
(103, 0),
(104, 0),
(105, 0),
(106, 0),
(107, 0),
(108, 0),
(109, 0),
(110, 0),
(111, 0),
(112, 0),
(113, 0),
(114, 0),
(115, 101),
(116, 0),
(117, 101),
(118, 101),
(119, 101),
(120, 108),
(120, 109),
(120, 110),
(120, 111),
(120, 112),
(120, 113),
(120, 114),
(120, 115),
(120, 116),
(121, 101),
(122, 101),
(123, 101),
(123, 107),
(124, 101),
(125, 101),
(126, 0),
(127, 117),
(128, 107),
(129, 107),
(130, 107),
(131, 107),
(132, 107),
(133, 0);

-- --------------------------------------------------------

--
-- Структура таблицы `joom5_newsfeeds`
--

CREATE TABLE `joom5_newsfeeds` (
  `catid` int NOT NULL DEFAULT '0',
  `id` int UNSIGNED NOT NULL,
  `name` varchar(100) CHARACTER SET utf8mb4 COLLATE utf8mb4_unicode_ci NOT NULL DEFAULT '',
  `alias` varchar(400) CHARACTER SET utf8mb4 COLLATE utf8mb4_bin NOT NULL DEFAULT '',
  `link` varchar(2048) CHARACTER SET utf8mb4 COLLATE utf8mb4_unicode_ci NOT NULL DEFAULT '',
  `published` tinyint NOT NULL DEFAULT '0',
  `numarticles` int UNSIGNED NOT NULL DEFAULT '1',
  `cache_time` int UNSIGNED NOT NULL DEFAULT '3600',
  `checked_out` int UNSIGNED DEFAULT NULL,
  `checked_out_time` datetime DEFAULT NULL,
  `ordering` int NOT NULL DEFAULT '0',
  `rtl` tinyint NOT NULL DEFAULT '0',
  `access` int UNSIGNED NOT NULL DEFAULT '0',
  `language` char(7) CHARACTER SET utf8mb4 COLLATE utf8mb4_unicode_ci NOT NULL DEFAULT '',
  `params` text CHARACTER SET utf8mb4 COLLATE utf8mb4_unicode_ci NOT NULL,
  `created` datetime NOT NULL,
  `created_by` int UNSIGNED NOT NULL DEFAULT '0',
  `created_by_alias` varchar(255) CHARACTER SET utf8mb4 COLLATE utf8mb4_unicode_ci NOT NULL DEFAULT '',
  `modified` datetime NOT NULL,
  `modified_by` int UNSIGNED NOT NULL DEFAULT '0',
  `metakey` text CHARACTER SET utf8mb4 COLLATE utf8mb4_unicode_ci,
  `metadesc` text CHARACTER SET utf8mb4 COLLATE utf8mb4_unicode_ci NOT NULL,
  `metadata` text CHARACTER SET utf8mb4 COLLATE utf8mb4_unicode_ci NOT NULL,
  `publish_up` datetime DEFAULT NULL,
  `publish_down` datetime DEFAULT NULL,
  `description` text CHARACTER SET utf8mb4 COLLATE utf8mb4_unicode_ci NOT NULL,
  `version` int UNSIGNED NOT NULL DEFAULT '1',
  `hits` int UNSIGNED NOT NULL DEFAULT '0',
  `images` text CHARACTER SET utf8mb4 COLLATE utf8mb4_unicode_ci NOT NULL
) ENGINE=InnoDB DEFAULT CHARSET=utf8mb4 COLLATE=utf8mb4_unicode_ci;

-- --------------------------------------------------------

--
-- Структура таблицы `joom5_overrider`
--

CREATE TABLE `joom5_overrider` (
  `id` int NOT NULL COMMENT 'Primary Key',
  `constant` varchar(255) CHARACTER SET utf8mb4 COLLATE utf8mb4_unicode_ci NOT NULL,
  `string` text CHARACTER SET utf8mb4 COLLATE utf8mb4_unicode_ci NOT NULL,
  `file` varchar(255) CHARACTER SET utf8mb4 COLLATE utf8mb4_unicode_ci NOT NULL
) ENGINE=InnoDB DEFAULT CHARSET=utf8mb4 COLLATE=utf8mb4_unicode_ci;

-- --------------------------------------------------------

--
-- Структура таблицы `joom5_postinstall_messages`
--

CREATE TABLE `joom5_postinstall_messages` (
  `postinstall_message_id` bigint UNSIGNED NOT NULL,
  `extension_id` bigint NOT NULL DEFAULT '700' COMMENT 'FK to #__extensions',
  `title_key` varchar(255) CHARACTER SET utf8mb4 COLLATE utf8mb4_unicode_ci NOT NULL DEFAULT '' COMMENT 'Lang key for the title',
  `description_key` varchar(255) CHARACTER SET utf8mb4 COLLATE utf8mb4_unicode_ci NOT NULL DEFAULT '' COMMENT 'Lang key for description',
  `action_key` varchar(255) CHARACTER SET utf8mb4 COLLATE utf8mb4_unicode_ci NOT NULL DEFAULT '',
  `language_extension` varchar(255) CHARACTER SET utf8mb4 COLLATE utf8mb4_unicode_ci NOT NULL DEFAULT 'com_postinstall' COMMENT 'Extension holding lang keys',
  `language_client_id` tinyint NOT NULL DEFAULT '1',
  `type` varchar(10) CHARACTER SET utf8mb4 COLLATE utf8mb4_unicode_ci NOT NULL DEFAULT 'link' COMMENT 'Message type - message, link, action',
  `action_file` varchar(255) CHARACTER SET utf8mb4 COLLATE utf8mb4_unicode_ci DEFAULT '' COMMENT 'RAD URI to the PHP file containing action method',
  `action` varchar(255) CHARACTER SET utf8mb4 COLLATE utf8mb4_unicode_ci DEFAULT '' COMMENT 'Action method name or URL',
  `condition_file` varchar(255) CHARACTER SET utf8mb4 COLLATE utf8mb4_unicode_ci DEFAULT NULL COMMENT 'RAD URI to file holding display condition method',
  `condition_method` varchar(255) CHARACTER SET utf8mb4 COLLATE utf8mb4_unicode_ci DEFAULT NULL COMMENT 'Display condition method, must return boolean',
  `version_introduced` varchar(50) CHARACTER SET utf8mb4 COLLATE utf8mb4_unicode_ci NOT NULL DEFAULT '3.2.0' COMMENT 'Version when this message was introduced',
  `enabled` tinyint NOT NULL DEFAULT '1'
) ENGINE=InnoDB DEFAULT CHARSET=utf8mb4 COLLATE=utf8mb4_unicode_ci;

--
-- Дамп данных таблицы `joom5_postinstall_messages`
--

INSERT INTO `joom5_postinstall_messages` (`postinstall_message_id`, `extension_id`, `title_key`, `description_key`, `action_key`, `language_extension`, `language_client_id`, `type`, `action_file`, `action`, `condition_file`, `condition_method`, `version_introduced`, `enabled`) VALUES
(1, 237, 'COM_CPANEL_WELCOME_BEGINNERS_TITLE', 'COM_CPANEL_WELCOME_BEGINNERS_MESSAGE', '', 'com_cpanel', 1, 'message', '', '', '', '', '3.2.0', 0),
(2, 237, 'COM_CPANEL_MSG_STATS_COLLECTION_TITLE', 'COM_CPANEL_MSG_STATS_COLLECTION_BODY', '', 'com_cpanel', 1, 'message', '', '', 'admin://components/com_admin/postinstall/statscollection.php', 'admin_postinstall_statscollection_condition', '3.5.0', 0),
(3, 237, 'PLG_SYSTEM_HTTPHEADERS_POSTINSTALL_INTRODUCTION_TITLE', 'PLG_SYSTEM_HTTPHEADERS_POSTINSTALL_INTRODUCTION_BODY', 'PLG_SYSTEM_HTTPHEADERS_POSTINSTALL_INTRODUCTION_ACTION', 'plg_system_httpheaders', 1, 'action', 'site://plugins/system/httpheaders/postinstall/introduction.php', 'httpheaders_postinstall_action', 'site://plugins/system/httpheaders/postinstall/introduction.php', 'httpheaders_postinstall_condition', '4.0.0', 0),
(4, 237, 'COM_USERS_POSTINSTALL_MULTIFACTORAUTH_TITLE', 'COM_USERS_POSTINSTALL_MULTIFACTORAUTH_BODY', 'COM_USERS_POSTINSTALL_MULTIFACTORAUTH_ACTION', 'com_users', 1, 'action', 'admin://components/com_users/postinstall/multifactorauth.php', 'com_users_postinstall_mfa_action', 'admin://components/com_users/postinstall/multifactorauth.php', 'com_users_postinstall_mfa_condition', '4.2.0', 0),
(5, 237, 'COM_ADMIN_POSTINSTALL_MSG_HTACCESS_BROTLI_TITLE', 'COM_ADMIN_POSTINSTALL_MSG_HTACCESS_BROTLI_DESCRIPTION', '', 'com_admin', 1, 'message', '', '', 'admin://components/com_admin/postinstall/htaccessbrotli.php', 'admin_postinstall_htaccessbrotli_condition', '5.1.0', 0);

-- --------------------------------------------------------

--
-- Структура таблицы `joom5_privacy_consents`
--

CREATE TABLE `joom5_privacy_consents` (
  `id` int UNSIGNED NOT NULL,
  `user_id` int UNSIGNED NOT NULL DEFAULT '0',
  `state` int NOT NULL DEFAULT '1',
  `created` datetime NOT NULL,
  `subject` varchar(255) CHARACTER SET utf8mb4 COLLATE utf8mb4_unicode_ci NOT NULL DEFAULT '',
  `body` text CHARACTER SET utf8mb4 COLLATE utf8mb4_unicode_ci NOT NULL,
  `remind` tinyint NOT NULL DEFAULT '0',
  `token` varchar(100) CHARACTER SET utf8mb4 COLLATE utf8mb4_unicode_ci NOT NULL DEFAULT ''
) ENGINE=InnoDB DEFAULT CHARSET=utf8mb4 COLLATE=utf8mb4_unicode_ci;

-- --------------------------------------------------------

--
-- Структура таблицы `joom5_privacy_requests`
--

CREATE TABLE `joom5_privacy_requests` (
  `id` int UNSIGNED NOT NULL,
  `email` varchar(100) CHARACTER SET utf8mb4 COLLATE utf8mb4_unicode_ci NOT NULL DEFAULT '',
  `requested_at` datetime NOT NULL,
  `status` tinyint NOT NULL DEFAULT '0',
  `request_type` varchar(25) CHARACTER SET utf8mb4 COLLATE utf8mb4_unicode_ci NOT NULL DEFAULT '',
  `confirm_token` varchar(100) CHARACTER SET utf8mb4 COLLATE utf8mb4_unicode_ci NOT NULL DEFAULT '',
  `confirm_token_created_at` datetime DEFAULT NULL
) ENGINE=InnoDB DEFAULT CHARSET=utf8mb4 COLLATE=utf8mb4_unicode_ci;

-- --------------------------------------------------------

--
-- Структура таблицы `joom5_redirect_links`
--

CREATE TABLE `joom5_redirect_links` (
  `id` int UNSIGNED NOT NULL,
  `old_url` varchar(2048) CHARACTER SET utf8mb4 COLLATE utf8mb4_unicode_ci NOT NULL,
  `new_url` varchar(2048) CHARACTER SET utf8mb4 COLLATE utf8mb4_unicode_ci DEFAULT NULL,
  `referer` varchar(2048) CHARACTER SET utf8mb4 COLLATE utf8mb4_unicode_ci NOT NULL,
  `comment` varchar(255) CHARACTER SET utf8mb4 COLLATE utf8mb4_unicode_ci NOT NULL DEFAULT '',
  `hits` int UNSIGNED NOT NULL DEFAULT '0',
  `published` tinyint NOT NULL,
  `created_date` datetime NOT NULL,
  `modified_date` datetime NOT NULL,
  `header` smallint NOT NULL DEFAULT '301'
) ENGINE=InnoDB DEFAULT CHARSET=utf8mb4 COLLATE=utf8mb4_unicode_ci;

-- --------------------------------------------------------

--
-- Структура таблицы `joom5_scheduler_tasks`
--

CREATE TABLE `joom5_scheduler_tasks` (
  `id` int UNSIGNED NOT NULL,
  `asset_id` int UNSIGNED NOT NULL DEFAULT '0' COMMENT 'FK to the #__assets table.',
  `title` varchar(255) CHARACTER SET utf8mb4 COLLATE utf8mb4_unicode_ci NOT NULL DEFAULT '',
  `type` varchar(128) CHARACTER SET utf8mb4 COLLATE utf8mb4_unicode_ci NOT NULL COMMENT 'unique identifier for job defined by plugin',
  `execution_rules` text CHARACTER SET utf8mb4 COLLATE utf8mb4_unicode_ci COMMENT 'Execution Rules, Unprocessed',
  `cron_rules` text CHARACTER SET utf8mb4 COLLATE utf8mb4_unicode_ci COMMENT 'Processed execution rules, crontab-like JSON form',
  `state` tinyint NOT NULL DEFAULT '0',
  `last_exit_code` int NOT NULL DEFAULT '0' COMMENT 'Exit code when job was last run',
  `last_execution` datetime DEFAULT NULL COMMENT 'Timestamp of last run',
  `next_execution` datetime DEFAULT NULL COMMENT 'Timestamp of next (planned) run, referred for execution on trigger',
  `times_executed` int DEFAULT '0' COMMENT 'Count of successful triggers',
  `times_failed` int DEFAULT '0' COMMENT 'Count of failures',
  `locked` datetime DEFAULT NULL,
  `priority` smallint NOT NULL DEFAULT '0',
  `ordering` int NOT NULL DEFAULT '0' COMMENT 'Configurable list ordering',
  `cli_exclusive` smallint NOT NULL DEFAULT '0' COMMENT 'If 1, the task is only accessible via CLI',
  `params` text CHARACTER SET utf8mb4 COLLATE utf8mb4_unicode_ci NOT NULL,
  `note` text CHARACTER SET utf8mb4 COLLATE utf8mb4_unicode_ci,
  `created` datetime NOT NULL,
  `created_by` int UNSIGNED NOT NULL DEFAULT '0',
  `checked_out` int UNSIGNED DEFAULT NULL,
  `checked_out_time` datetime DEFAULT NULL
) ENGINE=InnoDB DEFAULT CHARSET=utf8mb4 COLLATE=utf8mb4_unicode_ci;

--
-- Дамп данных таблицы `joom5_scheduler_tasks`
--

INSERT INTO `joom5_scheduler_tasks` (`id`, `asset_id`, `title`, `type`, `execution_rules`, `cron_rules`, `state`, `last_exit_code`, `last_execution`, `next_execution`, `times_executed`, `times_failed`, `locked`, `priority`, `ordering`, `cli_exclusive`, `params`, `note`, `created`, `created_by`, `checked_out`, `checked_out_time`) VALUES
(1, 97, 'Rotate Logs', 'rotation.logs', '{\"rule-type\":\"interval-days\",\"interval-days\":\"30\",\"exec-day\":\"9\",\"exec-time\":\"06:00\"}', '{\"type\":\"interval\",\"exp\":\"P30D\"}', 1, 0, '2025-04-10 05:35:56', '2025-05-10 05:35:56', 2, 0, NULL, 0, 0, 0, '{\"individual_log\":false,\"log_file\":\"\",\"notifications\":{\"success_mail\":\"0\",\"failure_mail\":\"1\",\"fatal_failure_mail\":\"1\",\"orphan_mail\":\"1\"},\"logstokeep\":1}', NULL, '2023-11-09 06:21:23', 91, NULL, NULL),
(2, 98, 'Session GC', 'session.gc', '{\"rule-type\":\"interval-hours\",\"interval-hours\":\"24\",\"exec-day\":\"01\",\"exec-time\":\"06:00\"}', '{\"type\":\"interval\",\"exp\":\"PT24H\"}', 1, 0, '2025-04-24 04:27:22', '2025-04-25 04:27:22', 13, 0, NULL, 0, 0, 0, '{\"individual_log\":false,\"log_file\":\"\",\"notifications\":{\"success_mail\":\"0\",\"failure_mail\":\"1\",\"fatal_failure_mail\":\"1\",\"orphan_mail\":\"1\"},\"enable_session_gc\":1,\"enable_session_metadata_gc\":1}', NULL, '2023-11-09 06:21:23', 91, NULL, NULL),
(3, 99, 'Update Notification', 'update.notification', '{\"rule-type\":\"interval-hours\",\"interval-hours\":\"24\",\"exec-day\":\"01\",\"exec-time\":\"06:00\"}', '{\"type\":\"interval\",\"exp\":\"PT24H\"}', 1, 0, '2025-04-23 06:10:32', '2025-04-24 06:10:32', 13, 0, NULL, 0, 0, 0, '{\"individual_log\":false,\"log_file\":\"\",\"notifications\":{\"success_mail\":\"0\",\"failure_mail\":\"1\",\"fatal_failure_mail\":\"1\",\"orphan_mail\":\"1\"},\"email\":\"\",\"language_override\":\"\"}', NULL, '2023-11-09 06:21:23', 91, NULL, NULL);

-- --------------------------------------------------------

--
-- Структура таблицы `joom5_schemaorg`
--

CREATE TABLE `joom5_schemaorg` (
  `id` int UNSIGNED NOT NULL,
  `itemId` int UNSIGNED DEFAULT NULL,
  `context` varchar(100) CHARACTER SET utf8mb4 COLLATE utf8mb4_unicode_ci DEFAULT NULL,
  `schemaType` varchar(100) CHARACTER SET utf8mb4 COLLATE utf8mb4_unicode_ci DEFAULT NULL,
  `schema` text CHARACTER SET utf8mb4 COLLATE utf8mb4_unicode_ci
) ENGINE=InnoDB DEFAULT CHARSET=utf8mb4 COLLATE=utf8mb4_unicode_ci;

-- --------------------------------------------------------

--
-- Структура таблицы `joom5_schemas`
--

CREATE TABLE `joom5_schemas` (
  `extension_id` int NOT NULL,
  `version_id` varchar(20) CHARACTER SET utf8mb4 COLLATE utf8mb4_unicode_ci NOT NULL
) ENGINE=InnoDB DEFAULT CHARSET=utf8mb4 COLLATE=utf8mb4_unicode_ci;

--
-- Дамп данных таблицы `joom5_schemas`
--

INSERT INTO `joom5_schemas` (`extension_id`, `version_id`) VALUES
(237, '5.2.3-2025-01-09');

-- --------------------------------------------------------

--
-- Структура таблицы `joom5_session`
--

CREATE TABLE `joom5_session` (
  `session_id` varbinary(192) NOT NULL,
  `client_id` tinyint UNSIGNED DEFAULT NULL,
  `guest` tinyint UNSIGNED DEFAULT '1',
  `time` int NOT NULL DEFAULT '0',
  `data` mediumtext CHARACTER SET utf8mb4 COLLATE utf8mb4_unicode_ci,
  `userid` int DEFAULT '0',
  `username` varchar(150) CHARACTER SET utf8mb4 COLLATE utf8mb4_unicode_ci DEFAULT ''
) ENGINE=InnoDB DEFAULT CHARSET=utf8mb4 COLLATE=utf8mb4_unicode_ci;

--
-- Дамп данных таблицы `joom5_session`
--

INSERT INTO `joom5_session` (`session_id`, `client_id`, `guest`, `time`, `data`, `userid`, `username`) VALUES
(0x3938633664373931356432383937623763316334653330383764393638383662, 1, 0, 1745468957, 'joomla|s:1032:\"TzoyNDoiSm9vbWxhXFJlZ2lzdHJ5XFJlZ2lzdHJ5IjozOntzOjc6IgAqAGRhdGEiO086ODoic3RkQ2xhc3MiOjY6e3M6Nzoic2Vzc2lvbiI7Tzo4OiJzdGRDbGFzcyI6Mzp7czo3OiJjb3VudGVyIjtpOjk7czo1OiJ0aW1lciI7Tzo4OiJzdGRDbGFzcyI6Mzp7czo1OiJzdGFydCI7aToxNzQ1NDY4ODQzO3M6NDoibGFzdCI7aToxNzQ1NDY4OTU3O3M6Mzoibm93IjtpOjE3NDU0Njg5NTc7fXM6NToidG9rZW4iO3M6MzI6IjgxM2FlZWFjNWE5MDlkNjUxZjM3ODZhNTllNDk4ZTUzIjt9czo4OiJyZWdpc3RyeSI7TzoyNDoiSm9vbWxhXFJlZ2lzdHJ5XFJlZ2lzdHJ5IjozOntzOjc6IgAqAGRhdGEiO086ODoic3RkQ2xhc3MiOjE6e3M6OToiY29tX3VzZXJzIjtPOjg6InN0ZENsYXNzIjoxOntzOjQ6ImVkaXQiO086ODoic3RkQ2xhc3MiOjE6e3M6NDoidXNlciI7Tzo4OiJzdGRDbGFzcyI6MTp7czo0OiJkYXRhIjtOO319fX1zOjE0OiIAKgBpbml0aWFsaXplZCI7YjowO3M6MTI6IgAqAHNlcGFyYXRvciI7czoxOiIuIjt9czo0OiJ1c2VyIjtPOjIwOiJKb29tbGFcQ01TXFVzZXJcVXNlciI6MTp7czoyOiJpZCI7aTo5MTt9czo5OiJjb21fdXNlcnMiO086ODoic3RkQ2xhc3MiOjE6e3M6MTE6Im1mYV9jaGVja2VkIjtpOjE7fXM6NToiYmxvY2siO3M6NzoidW5ibG9jayI7czoxMToiYXBwbGljYXRpb24iO086ODoic3RkQ2xhc3MiOjE6e3M6NToicXVldWUiO2E6MDp7fX19czoxNDoiACoAaW5pdGlhbGl6ZWQiO2I6MDtzOjEyOiIAKgBzZXBhcmF0b3IiO3M6MToiLiI7fQ==\";', 91, 'master-saita'),
(0x6164643137386533616539353730626632333439646564643938386562323266, 0, 1, 1745468866, 'joomla|s:700:\"TzoyNDoiSm9vbWxhXFJlZ2lzdHJ5XFJlZ2lzdHJ5IjozOntzOjc6IgAqAGRhdGEiO086ODoic3RkQ2xhc3MiOjM6e3M6Nzoic2Vzc2lvbiI7Tzo4OiJzdGRDbGFzcyI6Mzp7czo3OiJjb3VudGVyIjtpOjM7czo1OiJ0aW1lciI7Tzo4OiJzdGRDbGFzcyI6Mzp7czo1OiJzdGFydCI7aToxNzQ1NDY4ODQxO3M6NDoibGFzdCI7aToxNzQ1NDY4ODQyO3M6Mzoibm93IjtpOjE3NDU0Njg4NjY7fXM6NToidG9rZW4iO3M6MzI6ImZhNTAxNjAxODJkNDFjMzIxMTM0OGEyZjc3NmQ5NjUzIjt9czo4OiJyZWdpc3RyeSI7TzoyNDoiSm9vbWxhXFJlZ2lzdHJ5XFJlZ2lzdHJ5IjozOntzOjc6IgAqAGRhdGEiO086ODoic3RkQ2xhc3MiOjA6e31zOjE0OiIAKgBpbml0aWFsaXplZCI7YjowO3M6MTI6IgAqAHNlcGFyYXRvciI7czoxOiIuIjt9czo0OiJ1c2VyIjtPOjIwOiJKb29tbGFcQ01TXFVzZXJcVXNlciI6MTp7czoyOiJpZCI7aTowO319czoxNDoiACoAaW5pdGlhbGl6ZWQiO2I6MDtzOjEyOiIAKgBzZXBhcmF0b3IiO3M6MToiLiI7fQ==\";', 0, '');

-- --------------------------------------------------------

--
-- Структура таблицы `joom5_tags`
--

CREATE TABLE `joom5_tags` (
  `id` int UNSIGNED NOT NULL,
  `parent_id` int UNSIGNED NOT NULL DEFAULT '0',
  `lft` int NOT NULL DEFAULT '0',
  `rgt` int NOT NULL DEFAULT '0',
  `level` int UNSIGNED NOT NULL DEFAULT '0',
  `path` varchar(400) CHARACTER SET utf8mb4 COLLATE utf8mb4_unicode_ci NOT NULL DEFAULT '',
  `title` varchar(255) CHARACTER SET utf8mb4 COLLATE utf8mb4_unicode_ci NOT NULL,
  `alias` varchar(400) CHARACTER SET utf8mb4 COLLATE utf8mb4_bin NOT NULL DEFAULT '',
  `note` varchar(255) CHARACTER SET utf8mb4 COLLATE utf8mb4_unicode_ci NOT NULL DEFAULT '',
  `description` mediumtext CHARACTER SET utf8mb4 COLLATE utf8mb4_unicode_ci NOT NULL,
  `published` tinyint NOT NULL DEFAULT '0',
  `checked_out` int UNSIGNED DEFAULT NULL,
  `checked_out_time` datetime DEFAULT NULL,
  `access` int UNSIGNED NOT NULL DEFAULT '0',
  `params` text CHARACTER SET utf8mb4 COLLATE utf8mb4_unicode_ci NOT NULL,
  `metadesc` varchar(1024) CHARACTER SET utf8mb4 COLLATE utf8mb4_unicode_ci NOT NULL COMMENT 'The meta description for the page.',
  `metakey` varchar(1024) CHARACTER SET utf8mb4 COLLATE utf8mb4_unicode_ci NOT NULL DEFAULT '' COMMENT 'The keywords for the page.',
  `metadata` varchar(2048) CHARACTER SET utf8mb4 COLLATE utf8mb4_unicode_ci NOT NULL COMMENT 'JSON encoded metadata properties.',
  `created_user_id` int UNSIGNED NOT NULL DEFAULT '0',
  `created_time` datetime NOT NULL,
  `created_by_alias` varchar(255) CHARACTER SET utf8mb4 COLLATE utf8mb4_unicode_ci NOT NULL DEFAULT '',
  `modified_user_id` int UNSIGNED NOT NULL DEFAULT '0',
  `modified_time` datetime NOT NULL,
  `images` text CHARACTER SET utf8mb4 COLLATE utf8mb4_unicode_ci NOT NULL,
  `urls` text CHARACTER SET utf8mb4 COLLATE utf8mb4_unicode_ci NOT NULL,
  `hits` int UNSIGNED NOT NULL DEFAULT '0',
  `language` char(7) CHARACTER SET utf8mb4 COLLATE utf8mb4_unicode_ci NOT NULL,
  `version` int UNSIGNED NOT NULL DEFAULT '1',
  `publish_up` datetime DEFAULT NULL,
  `publish_down` datetime DEFAULT NULL
) ENGINE=InnoDB DEFAULT CHARSET=utf8mb4 COLLATE=utf8mb4_unicode_ci;

--
-- Дамп данных таблицы `joom5_tags`
--

INSERT INTO `joom5_tags` (`id`, `parent_id`, `lft`, `rgt`, `level`, `path`, `title`, `alias`, `note`, `description`, `published`, `checked_out`, `checked_out_time`, `access`, `params`, `metadesc`, `metakey`, `metadata`, `created_user_id`, `created_time`, `created_by_alias`, `modified_user_id`, `modified_time`, `images`, `urls`, `hits`, `language`, `version`, `publish_up`, `publish_down`) VALUES
(1, 0, 0, 1, 0, '', 'ROOT', 'root', '', '', 1, NULL, NULL, 1, '', '', '', '', 91, '2023-11-09 06:21:23', '', 91, '2023-11-09 06:21:23', '', '', 0, '*', 1, NULL, NULL);

-- --------------------------------------------------------

--
-- Структура таблицы `joom5_template_overrides`
--

CREATE TABLE `joom5_template_overrides` (
  `id` int UNSIGNED NOT NULL,
  `template` varchar(50) CHARACTER SET utf8mb4 COLLATE utf8mb4_unicode_ci NOT NULL DEFAULT '',
  `hash_id` varchar(255) CHARACTER SET utf8mb4 COLLATE utf8mb4_unicode_ci NOT NULL DEFAULT '',
  `extension_id` int DEFAULT '0',
  `state` tinyint NOT NULL DEFAULT '0',
  `action` varchar(50) CHARACTER SET utf8mb4 COLLATE utf8mb4_unicode_ci NOT NULL DEFAULT '',
  `client_id` tinyint UNSIGNED NOT NULL DEFAULT '0',
  `created_date` datetime NOT NULL,
  `modified_date` datetime DEFAULT NULL
) ENGINE=InnoDB DEFAULT CHARSET=utf8mb4 COLLATE=utf8mb4_unicode_ci;

-- --------------------------------------------------------

--
-- Структура таблицы `joom5_template_styles`
--

CREATE TABLE `joom5_template_styles` (
  `id` int UNSIGNED NOT NULL,
  `template` varchar(50) CHARACTER SET utf8mb4 COLLATE utf8mb4_unicode_ci NOT NULL DEFAULT '',
  `client_id` tinyint UNSIGNED NOT NULL DEFAULT '0',
  `home` char(7) CHARACTER SET utf8mb4 COLLATE utf8mb4_unicode_ci NOT NULL DEFAULT '0',
  `title` varchar(255) CHARACTER SET utf8mb4 COLLATE utf8mb4_unicode_ci NOT NULL DEFAULT '',
  `inheritable` tinyint NOT NULL DEFAULT '0',
  `parent` varchar(50) CHARACTER SET utf8mb4 COLLATE utf8mb4_unicode_ci DEFAULT '',
  `params` text CHARACTER SET utf8mb4 COLLATE utf8mb4_unicode_ci NOT NULL
) ENGINE=InnoDB DEFAULT CHARSET=utf8mb4 COLLATE=utf8mb4_unicode_ci;

--
-- Дамп данных таблицы `joom5_template_styles`
--

INSERT INTO `joom5_template_styles` (`id`, `template`, `client_id`, `home`, `title`, `inheritable`, `parent`, `params`) VALUES
(10, 'atum', 1, '1', 'Atum - Default', 1, '', '{\"hue\": \"hsl(214, 63%, 20%)\", \"bg-light\": \"#f0f4fb\", \"loginLogo\": \"\", \"text-dark\": \"#495057\", \"link-color\": \"#2a69b8\", \"monochrome\": \"0\", \"text-light\": \"#ffffff\", \"colorScheme\": \"os\", \"loginLogoAlt\": \"\", \"special-color\": \"#001b4c\", \"logoBrandLarge\": \"\", \"logoBrandSmall\": \"\", \"logoBrandLargeAlt\": \"\", \"logoBrandSmallAlt\": \"\"}'),
(11, 'cassiopeia', 0, '1', 'Cassiopeia - Default', 1, '', '{\"brand\":\"0\",\"logoFile\":\"\",\"siteTitle\":\"\",\"siteDescription\":\"\",\"useFontScheme\":\"0\",\"systemFontBody\":\"\",\"systemFontHeading\":\"\",\"colorName\":\"colors_standard\",\"fluidContainer\":\"0\",\"stickyHeader\":0,\"backTop\":0}');

-- --------------------------------------------------------

--
-- Структура таблицы `joom5_tuf_metadata`
--

CREATE TABLE `joom5_tuf_metadata` (
  `id` int NOT NULL,
  `update_site_id` int DEFAULT '0',
  `root` text CHARACTER SET utf8mb4 COLLATE utf8mb4_unicode_ci,
  `targets` text CHARACTER SET utf8mb4 COLLATE utf8mb4_unicode_ci,
  `snapshot` text CHARACTER SET utf8mb4 COLLATE utf8mb4_unicode_ci,
  `timestamp` text CHARACTER SET utf8mb4 COLLATE utf8mb4_unicode_ci,
  `mirrors` text CHARACTER SET utf8mb4 COLLATE utf8mb4_unicode_ci
) ENGINE=InnoDB DEFAULT CHARSET=utf8mb4 COLLATE=utf8mb4_unicode_ci COMMENT='Secure TUF Updates';

--
-- Дамп данных таблицы `joom5_tuf_metadata`
--

INSERT INTO `joom5_tuf_metadata` (`id`, `update_site_id`, `root`, `targets`, `snapshot`, `timestamp`, `mirrors`) VALUES
(1, 1, '{\"signed\":{\"_type\":\"root\",\"spec_version\":\"1.0\",\"version\":6,\"expires\":\"2026-01-04T10:59:13Z\",\"keys\":{\"07eb082f367c034a95878687f6648aa76d93652b6ee73e58817053d89af6c44f\":{\"keytype\":\"ed25519\",\"scheme\":\"ed25519\",\"keyid_hash_algorithms\":[\"sha256\",\"sha512\"],\"keyval\":{\"public\":\"9b2af2d9b9727227735253d795bd27ea8f0e294a5f3603e822dc5052b44802b9\"}},\"1b1b1dd55b2c1c7258714cf1c1ae06f23e4607b28c762d016a9d81c48ffe5669\":{\"keytype\":\"ed25519\",\"scheme\":\"ed25519\",\"keyid_hash_algorithms\":[\"sha256\",\"sha512\"],\"keyval\":{\"public\":\"a18e5ebabc19d5d5984b601a292ece61ba3662ab2d071dc520da5bd4f8948799\"}},\"2dcaf3d0e552f150792f7c636d45429246dcfa34ac35b46a44f5c87cd17d457e\":{\"keytype\":\"ed25519\",\"scheme\":\"ed25519\",\"keyid_hash_algorithms\":[\"sha256\",\"sha512\"],\"keyval\":{\"public\":\"cb0a7a131961a20edea051d6dc2b091fb650bd399bd8514adb67b3c60db9f8f9\"}},\"31dd7c7290d664c9b88c0dead2697175293ea7df81b7f24153a37370fd3901c3\":{\"keytype\":\"ed25519\",\"scheme\":\"ed25519\",\"keyid_hash_algorithms\":[\"sha256\",\"sha512\"],\"keyval\":{\"public\":\"589d029a68b470deff1ca16dbf3eea6b5b3fcba0ae7bb52c468abc7fb058b2a2\"}},\"9e41a9d62d94c6a1c8a304f62c5bd72d84a9f286f27e8327cedeacb09e5156cc\":{\"keytype\":\"ed25519\",\"scheme\":\"ed25519\",\"keyid_hash_algorithms\":[\"sha256\",\"sha512\"],\"keyval\":{\"public\":\"6043c8bacc76ac5c9750f45454dd865c6ca1fc57d69e14cc192cfd420f6a66a9\"}},\"9eabc37383b243cd236375c66693db385911914b52556e1ec05fc70ed45e1bfe\":{\"keytype\":\"ed25519\",\"scheme\":\"ed25519\",\"keyid_hash_algorithms\":[\"sha256\",\"sha512\"],\"keyval\":{\"public\":\"a4b8509488f1c29ab0b1f610e7452fbec78b4f33f1fba5a418d6ff087c567429\"}},\"bfee044dd4574a281c9b7c0b6829913ef292c66c0512d1091a298cfca8493da9\":{\"keytype\":\"ed25519\",\"scheme\":\"ed25519\",\"keyid_hash_algorithms\":[\"sha256\",\"sha512\"],\"keyval\":{\"public\":\"6eb44460e5914e8e0df726ddb90bd1f3771b8ce5af19b40fb01ac5a85b023a6f\"}},\"e2229942b0fc1e6d7f82adf258e5bdadac10046d1470b7ec459c9eb4e076026b\":{\"keytype\":\"ed25519\",\"scheme\":\"ed25519\",\"keyid_hash_algorithms\":[\"sha256\",\"sha512\"],\"keyval\":{\"public\":\"ad1950e117b29ebe7a38635a2e574123e07571e4f9a011783e053b5f15d2562a\"}},\"ecc851a051c8d6439331ff0a37c7727321fc39896a34f950f73638b8a7cb472e\":{\"keytype\":\"ed25519\",\"scheme\":\"ed25519\",\"keyid_hash_algorithms\":[\"sha256\",\"sha512\"],\"keyval\":{\"public\":\"5d451915bc2b93a0e4e4745bc6a8b292d58996d50e0fb66c78c7827152a65879\"}}},\"roles\":{\"root\":{\"keyids\":[\"1b1b1dd55b2c1c7258714cf1c1ae06f23e4607b28c762d016a9d81c48ffe5669\",\"2dcaf3d0e552f150792f7c636d45429246dcfa34ac35b46a44f5c87cd17d457e\"],\"threshold\":1},\"snapshot\":{\"keyids\":[\"07eb082f367c034a95878687f6648aa76d93652b6ee73e58817053d89af6c44f\",\"2dcaf3d0e552f150792f7c636d45429246dcfa34ac35b46a44f5c87cd17d457e\",\"ecc851a051c8d6439331ff0a37c7727321fc39896a34f950f73638b8a7cb472e\",\"e2229942b0fc1e6d7f82adf258e5bdadac10046d1470b7ec459c9eb4e076026b\",\"bfee044dd4574a281c9b7c0b6829913ef292c66c0512d1091a298cfca8493da9\",\"9eabc37383b243cd236375c66693db385911914b52556e1ec05fc70ed45e1bfe\"],\"threshold\":1},\"targets\":{\"keyids\":[\"31dd7c7290d664c9b88c0dead2697175293ea7df81b7f24153a37370fd3901c3\",\"ecc851a051c8d6439331ff0a37c7727321fc39896a34f950f73638b8a7cb472e\",\"e2229942b0fc1e6d7f82adf258e5bdadac10046d1470b7ec459c9eb4e076026b\",\"bfee044dd4574a281c9b7c0b6829913ef292c66c0512d1091a298cfca8493da9\",\"9eabc37383b243cd236375c66693db385911914b52556e1ec05fc70ed45e1bfe\"],\"threshold\":1},\"timestamp\":{\"keyids\":[\"9e41a9d62d94c6a1c8a304f62c5bd72d84a9f286f27e8327cedeacb09e5156cc\"],\"threshold\":1}},\"consistent_snapshot\":true},\"signatures\":[{\"keyid\":\"1b1b1dd55b2c1c7258714cf1c1ae06f23e4607b28c762d016a9d81c48ffe5669\",\"sig\":\"ba9fc6e7ff7a8b85d8c60eb0319e6be7a501aba26898ed1ad64db6726b5315f3f426fcf29e632f2cbdb83a888324a1a0963d3145e0a0b34803be4c6e20732d0d\"}]}', '{\"signed\":{\"_type\":\"targets\",\"spec_version\":\"1.0\",\"version\":45,\"expires\":\"2025-07-15T15:52:29Z\",\"targets\":{\"Joomla_5.1.2-Stable-Upgrade_Package.zip\":{\"length\":28134889,\"hashes\":{\"sha512\":\"d6b46cdedb9b31d01a607fe4c2f3a830a3265ed6ae5c0cb7b0f836b1b016ee7c639bd8948df00baf1b61a87f2fc71368a80b39e67ef9ec2b8842ee0ab09a620f\"},\"custom\":{\"client\":\"site\",\"description\":\"Joomla! 5.1.2 Release\",\"downloads\":[{\"url\":\"https://downloads.joomla.org/cms/joomla5/5-1-2/Joomla_5.1.2-Stable-Update_Package.zip\",\"format\":\"zip\",\"type\":\"full\"},{\"url\":\"https://github.com/joomla/joomla-cms/releases/download/5.1.2/Joomla_5.1.2-Stable-Update_Package.zip\",\"format\":\"zip\",\"type\":\"full\"},{\"url\":\"https://update.joomla.org/releases/5.1.2/Joomla_5.1.2-Stable-Update_Package.zip\",\"format\":\"zip\",\"type\":\"full\"}],\"element\":\"joomla\",\"infourl\":{\"url\":\"https://www.joomla.org/announcements/release-news/5909-joomla-5-1-2-and-joomla-4-4-6-security-and-bug-fix-release.html\",\"title\":\"Joomla! 5.1.2 Release\"},\"maintainer\":\"Joomla! Production Department\",\"maintainerurl\":\"https://www.joomla.org\",\"name\":\"Joomla! 5.1.2\",\"php_minimum\":\"8.1.0\",\"channel\":\"6.x\",\"stability\":\"Stable\",\"supported_databases\":{\"mariadb\":\"10.4\",\"mysql\":\"8.0.13\",\"postgresql\":\"11.0\"},\"targetplatform\":{\"name\":\"joomla\",\"version\":\"(5\\\\.[0-4])|^(4\\\\.4)\"},\"type\":\"file\",\"version\":\"5.1.2\"}},\"Joomla_5.2.6-Stable-Update_Package.zip\":{\"length\":28858320,\"hashes\":{\"sha512\":\"6a3d43d074e52d700c9c979f48707ac1cbcffb4a10a93b5b719250b131a0951a2202db6cc47875b702012a63db6a7df71d358b49d034b0bb28954ebdb009145c\"},\"custom\":{\"client\":\"site\",\"description\":\"Joomla! 5.2.6 Release\",\"downloads\":[{\"url\":\"https://downloads.joomla.org/cms/joomla5/5-2-6/Joomla_5.2.6-Stable-Update_Package.zip\",\"format\":\"zip\",\"type\":\"full\"},{\"url\":\"https://github.com/joomla/joomla-cms/releases/download/5.2.6/Joomla_5.2.6-Stable-Update_Package.zip\",\"format\":\"zip\",\"type\":\"full\"},{\"url\":\"https://update.joomla.org/releases/5.2.6/Joomla_5.2.6-Stable-Update_Package.zip\",\"format\":\"zip\",\"type\":\"full\"}],\"element\":\"joomla\",\"infourl\":{\"url\":\"https://www.joomla.org/announcements/release-news/5925-joomla-5-2-6-security-release.html\",\"title\":\"Joomla! 5.2.6 Release\"},\"maintainer\":\"Joomla! Production Department\",\"maintainerurl\":\"https://www.joomla.org\",\"name\":\"Joomla! 5.2.6\",\"php_minimum\":\"8.1.0\",\"channel\":\"5.x\",\"stability\":\"Stable\",\"supported_databases\":{\"mariadb\":\"10.4\",\"mysql\":\"8.0.13\",\"postgresql\":\"11.0\"},\"targetplatform\":{\"name\":\"joomla\",\"version\":\"(5\\\\.[0-4])|^(4\\\\.4)\"},\"type\":\"file\",\"version\":\"5.2.6\"}},\"Joomla_5.3.0-Stable-Update_Package.zip\":{\"length\":29094600,\"hashes\":{\"sha512\":\"6c97969b1d4c18cd64db20f49d82e4a5b8a32c563422a2b5608a5707d5425d1b7d9d3a344b2dc15f3b505e3bf198fabbbb1137cc93ced74c1de632139384efb0\"},\"custom\":{\"client\":\"site\",\"description\":\"Joomla! 5.3.0 Release\",\"downloads\":[{\"url\":\"https://downloads.joomla.org/cms/joomla5/5-3-0/Joomla_5.3.0-Stable-Update_Package.zip\",\"format\":\"zip\",\"type\":\"full\"},{\"url\":\"https://github.com/joomla/joomla-cms/releases/download/5.3.0/Joomla_5.3.0-Stable-Update_Package.zip\",\"format\":\"zip\",\"type\":\"full\"},{\"url\":\"https://update.joomla.org/releases/5.3.0/Joomla_5.3.0-Stable-Update_Package.zip\",\"format\":\"zip\",\"type\":\"full\"}],\"element\":\"joomla\",\"infourl\":{\"url\":\"https://www.joomla.org/announcements/release-news/5927-joomla-5-3-is-here.html\",\"title\":\"Joomla! 5.3.0 Release\"},\"maintainer\":\"Joomla! Production Department\",\"maintainerurl\":\"https://www.joomla.org\",\"name\":\"Joomla! 5.3.0\",\"php_minimum\":\"8.1.0\",\"channel\":\"5.x\",\"stability\":\"Stable\",\"supported_databases\":{\"mariadb\":\"10.4\",\"mysql\":\"8.0.13\",\"postgresql\":\"11.0\"},\"targetplatform\":{\"name\":\"joomla\",\"version\":\"(5\\\\.[0-4])|^(4\\\\.4)\"},\"type\":\"file\",\"version\":\"5.3.0\"}},\"Joomla_5.3.0-rc1-Release_Candidate-Update_Package.zip\":{\"length\":29060802,\"hashes\":{\"sha512\":\"498b052058fc0d4a28c8466d9db7fe8d97cbe4cf491d78cbab78d3aa66b888f30fb1fa71de1dfe26c0fd244c51dc8c7be6ba80750100ab6132eb57df444f2f53\"},\"custom\":{\"client\":\"site\",\"description\":\"Joomla! 5.3.0-rc1 Release\",\"downloads\":[{\"url\":\"https://github.com/joomla/joomla-cms/releases/download/5.3.0-rc1/Joomla_5.3.0-rc1-Release_Candidate-Update_Package.zip\",\"format\":\"zip\",\"type\":\"full\"}],\"element\":\"joomla\",\"infourl\":{\"url\":\"https://www.joomla.org/announcements/release-news/5923-joomla-5-3-0-release-candidate.html\",\"title\":\"Joomla! 5.3.0-rc1 Release\"},\"maintainer\":\"Joomla! Production Department\",\"maintainerurl\":\"https://www.joomla.org\",\"name\":\"Joomla! 5.3.0-rc1\",\"php_minimum\":\"8.1.0\",\"channel\":\"5.x\",\"stability\":\"RC\",\"supported_databases\":{\"mariadb\":\"10.4\",\"mysql\":\"8.0.13\",\"postgresql\":\"11.0\"},\"targetplatform\":{\"name\":\"joomla\",\"version\":\"(5\\\\.[0-4])|^(4\\\\.4)\"},\"type\":\"file\",\"version\":\"5.3.0-rc1\"}},\"Joomla_5.3.0-rc2-Release_Candidate-Update_Package.zip\":{\"length\":29075074,\"hashes\":{\"sha512\":\"9ecebc56f171d16ce65f9199393093201c2a34b02447dfed5703549821b21eec311da7cfdde899dd6dd9a3b823624901f351dd3c70ea7215e1b190480f30fbdb\"},\"custom\":{\"client\":\"site\",\"description\":\"Joomla! 5.3.0-rc2 Release Candidate\",\"downloads\":[{\"url\":\"https://github.com/joomla/joomla-cms/releases/download/5.3.0-rc2/Joomla_5.3.0-rc2-Release_Candidate-Update_Package.zip\",\"format\":\"zip\",\"type\":\"full\"}],\"element\":\"joomla\",\"infourl\":{\"url\":\"https://www.joomla.org/announcements/release-news/5924-joomla-5-3-0-release-candidate-2.html\",\"title\":\"Joomla! 5.3.0-rc2 Release Candidate\"},\"maintainer\":\"Joomla! Production Department\",\"maintainerurl\":\"https://www.joomla.org\",\"name\":\"Joomla! 5.3.0-rc2\",\"php_minimum\":\"8.1.0\",\"channel\":\"5.x\",\"stability\":\"RC\",\"supported_databases\":{\"mariadb\":\"10.4\",\"mysql\":\"8.0.13\",\"postgresql\":\"11.0\"},\"targetplatform\":{\"name\":\"joomla\",\"version\":\"(5\\\\.[0-4])|^(4\\\\.4)\"},\"type\":\"file\",\"version\":\"5.3.0-rc2\"}}}},\"signatures\":[{\"keyid\":\"e2229942b0fc1e6d7f82adf258e5bdadac10046d1470b7ec459c9eb4e076026b\",\"sig\":\"95d8905d3cd5b4159fe71f8b8442abb7f9aad4914c9efca4dbd5d61cf1be4bf53274e4e5f1482762c317bd448bc5787dc3a3b138331dad1fce9e7f9393e0ae06\"},{\"keyid\":\"31dd7c7290d664c9b88c0dead2697175293ea7df81b7f24153a37370fd3901c3\",\"sig\":\"98909c1a4e5997749d303c22450119738b13c2e7ae797837fe8d675a6b31b0751773f96f0cb09f3c45a887d3ce976f9565dabe612bf821843867bf000bb48c09\"}]}', '{\"signed\":{\"_type\":\"snapshot\",\"spec_version\":\"1.0\",\"version\":50,\"expires\":\"2025-11-11T15:57:56Z\",\"meta\":{\"targets.json\":{\"length\":6104,\"hashes\":{\"sha512\":\"28f0c208b4ebadbdbf8809fc847fe4e5b59965567e40362b1b9c7ca0b3df4130cf6dbf9524c8a0ae7e65c98ed4c6ede23874f5eaff1e0b20ae7b7144efbb01a9\"},\"version\":45}}},\"signatures\":[{\"keyid\":\"e2229942b0fc1e6d7f82adf258e5bdadac10046d1470b7ec459c9eb4e076026b\",\"sig\":\"918c5d8a068c91f4e51303b1c56326db01f8025ee7b30c113ba7e47eee614ea78657e6d8f8e0f730c6efd965a558062d43bc38069dfe5929470859982449a304\"}]}', '{\"signed\":{\"_type\":\"timestamp\",\"spec_version\":\"1.0\",\"version\":557,\"expires\":\"2025-04-26T01:21:17Z\",\"meta\":{\"snapshot.json\":{\"length\":531,\"hashes\":{\"sha512\":\"1346dde0dbd5e8fcc7760ffd68e3346f5b9a9ce4f9f0a398abb6d1bca68ce3803645172bf54aa1af52859a2ad1e73b027ea788f88058cc897e9952e3db2670b6\"},\"version\":50}}},\"signatures\":[{\"keyid\":\"9e41a9d62d94c6a1c8a304f62c5bd72d84a9f286f27e8327cedeacb09e5156cc\",\"sig\":\"89a30c4eedfc3e6d350b84421ca4bce3c9f33ce8c5cda87ec5b17da530be4c9d46830c2540d597a242f1db8f1a049f85e3f334f37a5835d6af968ff3e8c4e40e\"}]}', NULL);

-- --------------------------------------------------------

--
-- Структура таблицы `joom5_ucm_base`
--

CREATE TABLE `joom5_ucm_base` (
  `ucm_id` int UNSIGNED NOT NULL,
  `ucm_item_id` int NOT NULL,
  `ucm_type_id` int NOT NULL,
  `ucm_language_id` int NOT NULL
) ENGINE=InnoDB DEFAULT CHARSET=utf8mb4 COLLATE=utf8mb4_unicode_ci;

-- --------------------------------------------------------

--
-- Структура таблицы `joom5_ucm_content`
--

CREATE TABLE `joom5_ucm_content` (
  `core_content_id` int UNSIGNED NOT NULL,
  `core_type_alias` varchar(400) CHARACTER SET utf8mb4 COLLATE utf8mb4_unicode_ci NOT NULL DEFAULT '' COMMENT 'FK to the content types table',
  `core_title` varchar(400) CHARACTER SET utf8mb4 COLLATE utf8mb4_unicode_ci NOT NULL DEFAULT '',
  `core_alias` varchar(400) CHARACTER SET utf8mb4 COLLATE utf8mb4_bin NOT NULL DEFAULT '',
  `core_body` mediumtext CHARACTER SET utf8mb4 COLLATE utf8mb4_unicode_ci,
  `core_state` tinyint NOT NULL DEFAULT '0',
  `core_checked_out_time` datetime DEFAULT NULL,
  `core_checked_out_user_id` int UNSIGNED DEFAULT NULL,
  `core_access` int UNSIGNED NOT NULL DEFAULT '0',
  `core_params` text CHARACTER SET utf8mb4 COLLATE utf8mb4_unicode_ci,
  `core_featured` tinyint UNSIGNED NOT NULL DEFAULT '0',
  `core_metadata` varchar(2048) CHARACTER SET utf8mb4 COLLATE utf8mb4_unicode_ci NOT NULL DEFAULT '' COMMENT 'JSON encoded metadata properties.',
  `core_created_user_id` int UNSIGNED NOT NULL DEFAULT '0',
  `core_created_by_alias` varchar(255) CHARACTER SET utf8mb4 COLLATE utf8mb4_unicode_ci NOT NULL DEFAULT '',
  `core_created_time` datetime NOT NULL,
  `core_modified_user_id` int UNSIGNED NOT NULL DEFAULT '0' COMMENT 'Most recent user that modified',
  `core_modified_time` datetime NOT NULL,
  `core_language` char(7) CHARACTER SET utf8mb4 COLLATE utf8mb4_unicode_ci NOT NULL DEFAULT '',
  `core_publish_up` datetime DEFAULT NULL,
  `core_publish_down` datetime DEFAULT NULL,
  `core_content_item_id` int UNSIGNED NOT NULL DEFAULT '0' COMMENT 'ID from the individual type table',
  `asset_id` int UNSIGNED NOT NULL DEFAULT '0' COMMENT 'FK to the #__assets table.',
  `core_images` text CHARACTER SET utf8mb4 COLLATE utf8mb4_unicode_ci,
  `core_urls` text CHARACTER SET utf8mb4 COLLATE utf8mb4_unicode_ci,
  `core_hits` int UNSIGNED NOT NULL DEFAULT '0',
  `core_version` int UNSIGNED NOT NULL DEFAULT '1',
  `core_ordering` int NOT NULL DEFAULT '0',
  `core_metakey` text CHARACTER SET utf8mb4 COLLATE utf8mb4_unicode_ci,
  `core_metadesc` text CHARACTER SET utf8mb4 COLLATE utf8mb4_unicode_ci,
  `core_catid` int UNSIGNED NOT NULL DEFAULT '0',
  `core_type_id` int UNSIGNED NOT NULL DEFAULT '0'
) ENGINE=InnoDB DEFAULT CHARSET=utf8mb4 COLLATE=utf8mb4_unicode_ci COMMENT='Contains core content data in name spaced fields';

-- --------------------------------------------------------

--
-- Структура таблицы `joom5_updates`
--

CREATE TABLE `joom5_updates` (
  `update_id` int NOT NULL,
  `update_site_id` int DEFAULT '0',
  `extension_id` int DEFAULT '0',
  `name` varchar(100) CHARACTER SET utf8mb4 COLLATE utf8mb4_unicode_ci DEFAULT '',
  `description` text CHARACTER SET utf8mb4 COLLATE utf8mb4_unicode_ci NOT NULL,
  `element` varchar(100) CHARACTER SET utf8mb4 COLLATE utf8mb4_unicode_ci DEFAULT '',
  `type` varchar(20) CHARACTER SET utf8mb4 COLLATE utf8mb4_unicode_ci DEFAULT '',
  `folder` varchar(20) CHARACTER SET utf8mb4 COLLATE utf8mb4_unicode_ci DEFAULT '',
  `client_id` tinyint DEFAULT '0',
  `version` varchar(32) CHARACTER SET utf8mb4 COLLATE utf8mb4_unicode_ci DEFAULT '',
  `data` text CHARACTER SET utf8mb4 COLLATE utf8mb4_unicode_ci NOT NULL,
  `detailsurl` text CHARACTER SET utf8mb4 COLLATE utf8mb4_unicode_ci NOT NULL,
  `infourl` text CHARACTER SET utf8mb4 COLLATE utf8mb4_unicode_ci NOT NULL,
  `changelogurl` text CHARACTER SET utf8mb4 COLLATE utf8mb4_unicode_ci,
  `extra_query` varchar(1000) CHARACTER SET utf8mb4 COLLATE utf8mb4_unicode_ci DEFAULT ''
) ENGINE=InnoDB DEFAULT CHARSET=utf8mb4 COLLATE=utf8mb4_unicode_ci COMMENT='Available Updates';

--
-- Дамп данных таблицы `joom5_updates`
--

INSERT INTO `joom5_updates` (`update_id`, `update_site_id`, `extension_id`, `name`, `description`, `element`, `type`, `folder`, `client_id`, `version`, `data`, `detailsurl`, `infourl`, `changelogurl`, `extra_query`) VALUES
(295, 1, 237, 'Joomla! 5.3.0', 'Joomla! 5.3.0 Release', 'joomla', 'file', '', 0, '5.3.0', '', 'https://update.joomla.org/cms/', 'https://www.joomla.org/announcements/release-news/5927-joomla-5-3-is-here.html', NULL, ''),
(296, 2, 0, 'Afrikaans', '', 'pkg_af-ZA', 'package', '', 0, '5.0.2.1', '', 'https://update.joomla.org/language/details5/af-ZA_details.xml', '', '', ''),
(297, 2, 0, 'Belarusian', '', 'pkg_be-BY', 'package', '', 0, '5.3.0.1', '', 'https://update.joomla.org/language/details5/be-BY_details.xml', '', '', ''),
(298, 2, 0, 'Bulgarian', '', 'pkg_bg-BG', 'package', '', 0, '5.2.4.1', '', 'https://update.joomla.org/language/details5/bg-BG_details.xml', '', '', ''),
(299, 2, 0, 'Catalan', '', 'pkg_ca-ES', 'package', '', 0, '5.3.0.1', '', 'https://update.joomla.org/language/details5/ca-ES_details.xml', '', '', ''),
(300, 2, 0, 'Chinese, Simplified', '', 'pkg_zh-CN', 'package', '', 0, '5.1.2.1', '', 'https://update.joomla.org/language/details5/zh-CN_details.xml', '', '', ''),
(301, 2, 0, 'Chinese, Traditional', '', 'pkg_zh-TW', 'package', '', 0, '5.0.3.1', '', 'https://update.joomla.org/language/details5/zh-TW_details.xml', '', '', ''),
(302, 2, 0, 'Croatian', '', 'pkg_hr-HR', 'package', '', 0, '5.2.1.1', '', 'https://update.joomla.org/language/details5/hr-HR_details.xml', '', '', ''),
(303, 2, 0, 'Czech', '', 'pkg_cs-CZ', 'package', '', 0, '5.2.0.1', '', 'https://update.joomla.org/language/details5/cs-CZ_details.xml', '', '', ''),
(304, 2, 0, 'Danish', '', 'pkg_da-DK', 'package', '', 0, '5.3.0.1', '', 'https://update.joomla.org/language/details5/da-DK_details.xml', '', '', ''),
(305, 2, 0, 'Dutch', '', 'pkg_nl-NL', 'package', '', 0, '5.3.0.1', '', 'https://update.joomla.org/language/details5/nl-NL_details.xml', '', '', ''),
(306, 2, 0, 'English, Australia', '', 'pkg_en-AU', 'package', '', 0, '5.0.3.1', '', 'https://update.joomla.org/language/details5/en-AU_details.xml', '', '', ''),
(307, 2, 0, 'English, Canada', '', 'pkg_en-CA', 'package', '', 0, '5.2.4.1', '', 'https://update.joomla.org/language/details5/en-CA_details.xml', '', '', ''),
(308, 2, 0, 'English, New Zealand', '', 'pkg_en-NZ', 'package', '', 0, '5.2.4.1', '', 'https://update.joomla.org/language/details5/en-NZ_details.xml', '', '', ''),
(309, 2, 0, 'English, USA', '', 'pkg_en-US', 'package', '', 0, '5.2.4.1', '', 'https://update.joomla.org/language/details5/en-US_details.xml', '', '', ''),
(310, 2, 0, 'Estonian', '', 'pkg_et-EE', 'package', '', 0, '5.2.5.1', '', 'https://update.joomla.org/language/details5/et-EE_details.xml', '', '', ''),
(311, 2, 0, 'Finnish', '', 'pkg_fi-FI', 'package', '', 0, '5.3.0.1', '', 'https://update.joomla.org/language/details5/fi-FI_details.xml', '', '', ''),
(312, 2, 0, 'Flemish', '', 'pkg_nl-BE', 'package', '', 0, '5.3.0.1', '', 'https://update.joomla.org/language/details5/nl-BE_details.xml', '', '', ''),
(313, 2, 0, 'French', '', 'pkg_fr-FR', 'package', '', 0, '5.3.0.1', '', 'https://update.joomla.org/language/details5/fr-FR_details.xml', '', '', ''),
(314, 2, 0, 'French, Canada', '', 'pkg_fr-CA', 'package', '', 0, '5.3.0.1', '', 'https://update.joomla.org/language/details5/fr-CA_details.xml', '', '', ''),
(315, 2, 0, 'Georgian', '', 'pkg_ka-GE', 'package', '', 0, '5.2.4.1', '', 'https://update.joomla.org/language/details5/ka-GE_details.xml', '', '', ''),
(316, 2, 0, 'German', '', 'pkg_de-DE', 'package', '', 0, '5.3.0.1', '', 'https://update.joomla.org/language/details5/de-DE_details.xml', '', '', ''),
(317, 2, 0, 'German, Austria', '', 'pkg_de-AT', 'package', '', 0, '5.3.0.1', '', 'https://update.joomla.org/language/details5/de-AT_details.xml', '', '', ''),
(318, 2, 0, 'German, Liechtenstein', '', 'pkg_de-LI', 'package', '', 0, '5.3.0.1', '', 'https://update.joomla.org/language/details5/de-LI_details.xml', '', '', ''),
(319, 2, 0, 'German, Luxembourg', '', 'pkg_de-LU', 'package', '', 0, '5.3.0.1', '', 'https://update.joomla.org/language/details5/de-LU_details.xml', '', '', ''),
(320, 2, 0, 'German, Switzerland', '', 'pkg_de-CH', 'package', '', 0, '5.3.0.1', '', 'https://update.joomla.org/language/details5/de-CH_details.xml', '', '', ''),
(321, 2, 0, 'Greek', '', 'pkg_el-GR', 'package', '', 0, '5.3.0.1', '', 'https://update.joomla.org/language/details5/el-GR_details.xml', '', '', ''),
(322, 2, 0, 'Hungarian', '', 'pkg_hu-HU', 'package', '', 0, '5.2.4.1', '', 'https://update.joomla.org/language/details5/hu-HU_details.xml', '', '', ''),
(323, 2, 0, 'Italian', '', 'pkg_it-IT', 'package', '', 0, '5.3.0.1', '', 'https://update.joomla.org/language/details5/it-IT_details.xml', '', '', ''),
(324, 2, 0, 'Japanese', '', 'pkg_ja-JP', 'package', '', 0, '5.2.6.1', '', 'https://update.joomla.org/language/details5/ja-JP_details.xml', '', '', ''),
(325, 2, 0, 'Kazakh', '', 'pkg_kk-KZ', 'package', '', 0, '5.0.0.4', '', 'https://update.joomla.org/language/details5/kk-KZ_details.xml', '', '', ''),
(326, 2, 0, 'Korean', '', 'pkg_ko-KR', 'package', '', 0, '5.0.2.1', '', 'https://update.joomla.org/language/details5/ko-KR_details.xml', '', '', ''),
(327, 2, 0, 'Latvian', '', 'pkg_lv-LV', 'package', '', 0, '5.2.4.1', '', 'https://update.joomla.org/language/details5/lv-LV_details.xml', '', '', ''),
(328, 2, 0, 'Lithuanian', '', 'pkg_lt-LT', 'package', '', 0, '5.3.0.1', '', 'https://update.joomla.org/language/details5/lt-LT_details.xml', '', '', ''),
(329, 2, 0, 'Norwegian Bokmål', '', 'pkg_nb-NO', 'package', '', 0, '5.2.3.1', '', 'https://update.joomla.org/language/details5/nb-NO_details.xml', '', '', ''),
(330, 2, 0, 'Pashto Afghanistan', '', 'pkg_ps-AF', 'package', '', 0, '5.0.1.1', '', 'https://update.joomla.org/language/details5/ps-AF_details.xml', '', '', ''),
(331, 2, 0, 'Persian Farsi', '', 'pkg_fa-IR', 'package', '', 0, '5.3.0.1', '', 'https://update.joomla.org/language/details5/fa-IR_details.xml', '', '', ''),
(332, 2, 0, 'Polish', '', 'pkg_pl-PL', 'package', '', 0, '5.1.2.1', '', 'https://update.joomla.org/language/details5/pl-PL_details.xml', '', '', ''),
(333, 2, 0, 'Portuguese, Brazil', '', 'pkg_pt-BR', 'package', '', 0, '5.2.6.1', '', 'https://update.joomla.org/language/details5/pt-BR_details.xml', '', '', ''),
(334, 2, 0, 'Portuguese, Portugal', '', 'pkg_pt-PT', 'package', '', 0, '5.2.2.1', '', 'https://update.joomla.org/language/details5/pt-PT_details.xml', '', '', ''),
(335, 2, 0, 'Romanian', '', 'pkg_ro-RO', 'package', '', 0, '5.2.0.2', '', 'https://update.joomla.org/language/details5/ro-RO_details.xml', '', '', ''),
(336, 2, 245, 'Russian', '', 'pkg_ru-RU', 'package', '', 0, '5.3.0.1', '', 'https://update.joomla.org/language/details5/ru-RU_details.xml', '', '', ''),
(337, 2, 0, 'Serbian, Cyrillic', '', 'pkg_sr-RS', 'package', '', 0, '5.3.0.1', '', 'https://update.joomla.org/language/details5/sr-RS_details.xml', '', '', ''),
(338, 2, 0, 'Serbian, Latin', '', 'pkg_sr-YU', 'package', '', 0, '5.2.3.1', '', 'https://update.joomla.org/language/details5/sr-YU_details.xml', '', '', ''),
(339, 2, 0, 'Slovak', '', 'pkg_sk-SK', 'package', '', 0, '5.2.6.1', '', 'https://update.joomla.org/language/details5/sk-SK_details.xml', '', '', ''),
(340, 2, 0, 'Slovenian', '', 'pkg_sl-SI', 'package', '', 0, '5.3.0.1', '', 'https://update.joomla.org/language/details5/sl-SI_details.xml', '', '', ''),
(341, 2, 0, 'Spanish', '', 'pkg_es-ES', 'package', '', 0, '5.3.0.1', '', 'https://update.joomla.org/language/details5/es-ES_details.xml', '', '', ''),
(342, 2, 0, 'Swedish', '', 'pkg_sv-SE', 'package', '', 0, '5.3.0.1', '', 'https://update.joomla.org/language/details5/sv-SE_details.xml', '', '', ''),
(343, 2, 0, 'Tamil, India', '', 'pkg_ta-IN', 'package', '', 0, '5.3.0.1', '', 'https://update.joomla.org/language/details5/ta-IN_details.xml', '', '', ''),
(344, 2, 0, 'Thai', '', 'pkg_th-TH', 'package', '', 0, '5.3.0.1', '', 'https://update.joomla.org/language/details5/th-TH_details.xml', '', '', ''),
(345, 2, 0, 'Turkish', '', 'pkg_tr-TR', 'package', '', 0, '5.3.0.1', '', 'https://update.joomla.org/language/details5/tr-TR_details.xml', '', '', ''),
(346, 2, 0, 'Ukrainian', '', 'pkg_uk-UA', 'package', '', 0, '5.1.3.1', '', 'https://update.joomla.org/language/details5/uk-UA_details.xml', '', '', ''),
(347, 2, 0, 'Urdu, Pakistan', '', 'pkg_ur-PK', 'package', '', 0, '5.1.2.1', '', 'https://update.joomla.org/language/details5/ur-PK_details.xml', '', '', ''),
(348, 2, 0, 'Welsh', '', 'pkg_cy-GB', 'package', '', 0, '5.3.0.2', '', 'https://update.joomla.org/language/details5/cy-GB_details.xml', '', '', ''),
(349, 4, 0, 'Arabic Unitag', '', 'pkg_ar-AA', 'package', '', 0, '4.0.2.1', '', 'https://update.joomla.org/language/details4/ar-AA_details.xml', '', '', ''),
(350, 4, 0, 'Basque', '', 'pkg_eu-ES', 'package', '', 0, '4.4.9.3', '', 'https://update.joomla.org/language/details4/eu-ES_details.xml', '', '', ''),
(351, 4, 0, 'Irish', '', 'pkg_ga-IE', 'package', '', 0, '4.2.8.1', '', 'https://update.joomla.org/language/details4/ga-IE_details.xml', '', '', ''),
(352, 4, 0, 'Macedonian', '', 'pkg_mk-MK', 'package', '', 0, '4.2.4.1', '', 'https://update.joomla.org/language/details4/mk-MK_details.xml', '', '', ''),
(353, 4, 0, 'Vietnamese', '', 'pkg_vi-VN', 'package', '', 0, '4.2.2.1', '', 'https://update.joomla.org/language/details4/vi-VN_details.xml', '', '', ''),
(354, 5, 254, 'JCE Pro 2.9.84', 'Installation package for Joomla! 3.10, Joomla 4.x and Joomla 5.x', 'pkg_jce', 'package', '', 0, '2.9.84', '', 'https://cdn.joomlacontenteditor.net/updates/xml/editor/pkg_jce_pro.xml', 'https://www.joomlacontenteditor.net/news/jce-pro-2-9-84-released', NULL, '');

-- --------------------------------------------------------

--
-- Структура таблицы `joom5_update_sites`
--

CREATE TABLE `joom5_update_sites` (
  `update_site_id` int NOT NULL,
  `name` varchar(100) CHARACTER SET utf8mb4 COLLATE utf8mb4_unicode_ci DEFAULT '',
  `type` varchar(20) CHARACTER SET utf8mb4 COLLATE utf8mb4_unicode_ci DEFAULT '',
  `location` text CHARACTER SET utf8mb4 COLLATE utf8mb4_unicode_ci NOT NULL,
  `enabled` int DEFAULT '0',
  `last_check_timestamp` bigint DEFAULT '0',
  `extra_query` varchar(1000) CHARACTER SET utf8mb4 COLLATE utf8mb4_unicode_ci DEFAULT '',
  `checked_out` int UNSIGNED DEFAULT NULL,
  `checked_out_time` datetime DEFAULT NULL
) ENGINE=InnoDB DEFAULT CHARSET=utf8mb4 COLLATE=utf8mb4_unicode_ci COMMENT='Update Sites';

--
-- Дамп данных таблицы `joom5_update_sites`
--

INSERT INTO `joom5_update_sites` (`update_site_id`, `name`, `type`, `location`, `enabled`, `last_check_timestamp`, `extra_query`, `checked_out`, `checked_out_time`) VALUES
(1, 'Joomla! Core', 'tuf', 'https://update.joomla.org/cms/', 1, 1745468847, '', NULL, NULL),
(2, 'Accredited Joomla! Translations', 'collection', 'https://update.joomla.org/language/translationlist_5.xml', 1, 1745468847, '', NULL, NULL),
(3, 'Joomla! Update Component', 'extension', 'https://update.joomla.org/core/extensions/com_joomlaupdate.xml', 1, 1745468847, '', NULL, NULL),
(4, 'Accredited Joomla! Translations', 'collection', 'https://update.joomla.org/language/translationlist_4.xml', 1, 1745468847, '', NULL, NULL),
(5, 'JCE Editor Package', 'extension', 'https://cdn.joomlacontenteditor.net/updates/xml/editor/pkg_jce_pro.xml', 1, 1745468850, '', NULL, NULL);

-- --------------------------------------------------------

--
-- Структура таблицы `joom5_update_sites_extensions`
--

CREATE TABLE `joom5_update_sites_extensions` (
  `update_site_id` int NOT NULL DEFAULT '0',
  `extension_id` int NOT NULL DEFAULT '0'
) ENGINE=InnoDB DEFAULT CHARSET=utf8mb4 COLLATE=utf8mb4_unicode_ci COMMENT='Links extensions to update sites';

--
-- Дамп данных таблицы `joom5_update_sites_extensions`
--

INSERT INTO `joom5_update_sites_extensions` (`update_site_id`, `extension_id`) VALUES
(1, 237),
(2, 238),
(2, 245),
(3, 24),
(4, 245),
(5, 254);

-- --------------------------------------------------------

--
-- Структура таблицы `joom5_usergroups`
--

CREATE TABLE `joom5_usergroups` (
  `id` int UNSIGNED NOT NULL COMMENT 'Primary Key',
  `parent_id` int UNSIGNED NOT NULL DEFAULT '0' COMMENT 'Adjacency List Reference Id',
  `lft` int NOT NULL DEFAULT '0' COMMENT 'Nested set lft.',
  `rgt` int NOT NULL DEFAULT '0' COMMENT 'Nested set rgt.',
  `title` varchar(100) CHARACTER SET utf8mb4 COLLATE utf8mb4_unicode_ci NOT NULL DEFAULT ''
) ENGINE=InnoDB DEFAULT CHARSET=utf8mb4 COLLATE=utf8mb4_unicode_ci;

--
-- Дамп данных таблицы `joom5_usergroups`
--

INSERT INTO `joom5_usergroups` (`id`, `parent_id`, `lft`, `rgt`, `title`) VALUES
(1, 0, 1, 18, 'Public'),
(2, 1, 8, 15, 'Registered'),
(3, 2, 9, 14, 'Author'),
(4, 3, 10, 13, 'Editor'),
(5, 4, 11, 12, 'Publisher'),
(6, 1, 4, 7, 'Manager'),
(7, 6, 5, 6, 'Administrator'),
(8, 1, 16, 17, 'Super Users'),
(9, 1, 2, 3, 'Guest');

-- --------------------------------------------------------

--
-- Структура таблицы `joom5_users`
--

CREATE TABLE `joom5_users` (
  `id` int NOT NULL,
  `name` varchar(400) CHARACTER SET utf8mb4 COLLATE utf8mb4_unicode_ci NOT NULL DEFAULT '',
  `username` varchar(150) CHARACTER SET utf8mb4 COLLATE utf8mb4_unicode_ci NOT NULL DEFAULT '',
  `email` varchar(100) CHARACTER SET utf8mb4 COLLATE utf8mb4_unicode_ci NOT NULL DEFAULT '',
  `password` varchar(100) CHARACTER SET utf8mb4 COLLATE utf8mb4_unicode_ci NOT NULL DEFAULT '',
  `block` tinyint NOT NULL DEFAULT '0',
  `sendEmail` tinyint DEFAULT '0',
  `registerDate` datetime NOT NULL,
  `lastvisitDate` datetime DEFAULT NULL,
  `activation` varchar(100) CHARACTER SET utf8mb4 COLLATE utf8mb4_unicode_ci NOT NULL DEFAULT '',
  `params` text CHARACTER SET utf8mb4 COLLATE utf8mb4_unicode_ci NOT NULL,
  `lastResetTime` datetime DEFAULT NULL COMMENT 'Date of last password reset',
  `resetCount` int NOT NULL DEFAULT '0' COMMENT 'Count of password resets since lastResetTime',
  `otpKey` varchar(1000) CHARACTER SET utf8mb4 COLLATE utf8mb4_unicode_ci NOT NULL DEFAULT '' COMMENT 'Two factor authentication encrypted keys',
  `otep` varchar(1000) CHARACTER SET utf8mb4 COLLATE utf8mb4_unicode_ci NOT NULL DEFAULT '' COMMENT 'Backup Codes',
  `requireReset` tinyint NOT NULL DEFAULT '0' COMMENT 'Require user to reset password on next login',
  `authProvider` varchar(100) CHARACTER SET utf8mb4 COLLATE utf8mb4_unicode_ci NOT NULL DEFAULT '' COMMENT 'Name of used authentication plugin'
) ENGINE=InnoDB DEFAULT CHARSET=utf8mb4 COLLATE=utf8mb4_unicode_ci;

--
-- Дамп данных таблицы `joom5_users`
--

INSERT INTO `joom5_users` (`id`, `name`, `username`, `email`, `password`, `block`, `sendEmail`, `registerDate`, `lastvisitDate`, `activation`, `params`, `lastResetTime`, `resetCount`, `otpKey`, `otep`, `requireReset`, `authProvider`) VALUES
(91, 'master-saita', 'master-saita', 'test@master-saita.com', '$2y$10$jYBXaeKTpvn8z6hUCJCO8.JziMwuASmTsAXWTc.YSuH0L5JGI4nt2', 0, 1, '2023-11-09 06:21:24', '2025-04-24 04:27:25', '0', '{\"admin_style\":\"\",\"admin_language\":\"ru-RU\",\"language\":\"ru-RU\",\"editor\":\"jce\",\"timezone\":\"Asia\\/Yekaterinburg\",\"a11y_mono\":\"0\",\"a11y_contrast\":\"0\",\"a11y_highlight\":\"0\",\"a11y_font\":\"0\"}', NULL, 0, '', '', 0, ''),
(92, 'stroner', 'stroner', 'h_fayzrahmanov@po-genova.ru', '$2y$10$yw1JMfZaSsbZvuA7UrbHKOxtNk3.UeEYU3kKpIIVYrRuJZqO9BdkK', 0, 0, '2025-04-24 04:29:17', NULL, '', '{\"admin_style\":10,\"colorScheme\":\"os\",\"allowTourAutoStart\":\"0\",\"admin_language\":\"ru-RU\",\"language\":\"ru-RU\",\"editor\":\"jce\",\"timezone\":\"Asia\\/Yekaterinburg\",\"a11y_mono\":\"0\",\"a11y_contrast\":\"0\",\"a11y_highlight\":\"0\",\"a11y_font\":\"0\"}', NULL, 0, '', '', 0, '');

-- --------------------------------------------------------

--
-- Структура таблицы `joom5_user_keys`
--

CREATE TABLE `joom5_user_keys` (
  `id` int UNSIGNED NOT NULL,
  `user_id` varchar(150) CHARACTER SET utf8mb4 COLLATE utf8mb4_unicode_ci NOT NULL,
  `token` varchar(255) CHARACTER SET utf8mb4 COLLATE utf8mb4_unicode_ci NOT NULL,
  `series` varchar(191) CHARACTER SET utf8mb4 COLLATE utf8mb4_unicode_ci NOT NULL,
  `time` varchar(200) CHARACTER SET utf8mb4 COLLATE utf8mb4_unicode_ci NOT NULL,
  `uastring` varchar(255) CHARACTER SET utf8mb4 COLLATE utf8mb4_unicode_ci NOT NULL
) ENGINE=InnoDB DEFAULT CHARSET=utf8mb4 COLLATE=utf8mb4_unicode_ci;

-- --------------------------------------------------------

--
-- Структура таблицы `joom5_user_mfa`
--

CREATE TABLE `joom5_user_mfa` (
  `id` int NOT NULL,
  `user_id` int UNSIGNED NOT NULL,
  `title` varchar(255) CHARACTER SET utf8mb4 COLLATE utf8mb4_unicode_ci NOT NULL DEFAULT '',
  `method` varchar(100) CHARACTER SET utf8mb4 COLLATE utf8mb4_unicode_ci NOT NULL,
  `default` tinyint NOT NULL DEFAULT '0',
  `options` mediumtext CHARACTER SET utf8mb4 COLLATE utf8mb4_unicode_ci NOT NULL,
  `created_on` datetime NOT NULL,
  `last_used` datetime DEFAULT NULL,
  `tries` int NOT NULL DEFAULT '0',
  `last_try` datetime DEFAULT NULL
) ENGINE=InnoDB DEFAULT CHARSET=utf8mb4 COLLATE=utf8mb4_unicode_ci COMMENT='Multi-factor Authentication settings';

-- --------------------------------------------------------

--
-- Структура таблицы `joom5_user_notes`
--

CREATE TABLE `joom5_user_notes` (
  `id` int UNSIGNED NOT NULL,
  `user_id` int UNSIGNED NOT NULL DEFAULT '0',
  `catid` int UNSIGNED NOT NULL DEFAULT '0',
  `subject` varchar(100) CHARACTER SET utf8mb4 COLLATE utf8mb4_unicode_ci NOT NULL DEFAULT '',
  `body` text CHARACTER SET utf8mb4 COLLATE utf8mb4_unicode_ci NOT NULL,
  `state` tinyint NOT NULL DEFAULT '0',
  `checked_out` int UNSIGNED DEFAULT NULL,
  `checked_out_time` datetime DEFAULT NULL,
  `created_user_id` int UNSIGNED NOT NULL DEFAULT '0',
  `created_time` datetime NOT NULL,
  `modified_user_id` int UNSIGNED NOT NULL DEFAULT '0',
  `modified_time` datetime NOT NULL,
  `review_time` datetime DEFAULT NULL,
  `publish_up` datetime DEFAULT NULL,
  `publish_down` datetime DEFAULT NULL
) ENGINE=InnoDB DEFAULT CHARSET=utf8mb4 COLLATE=utf8mb4_unicode_ci;

-- --------------------------------------------------------

--
-- Структура таблицы `joom5_user_profiles`
--

CREATE TABLE `joom5_user_profiles` (
  `user_id` int NOT NULL,
  `profile_key` varchar(100) CHARACTER SET utf8mb4 COLLATE utf8mb4_unicode_ci NOT NULL,
  `profile_value` text CHARACTER SET utf8mb4 COLLATE utf8mb4_unicode_ci NOT NULL,
  `ordering` int NOT NULL DEFAULT '0'
) ENGINE=InnoDB DEFAULT CHARSET=utf8mb4 COLLATE=utf8mb4_unicode_ci COMMENT='Simple user profile storage table';

--
-- Дамп данных таблицы `joom5_user_profiles`
--

INSERT INTO `joom5_user_profiles` (`user_id`, `profile_key`, `profile_value`, `ordering`) VALUES
(91, 'guidedtour.id.13', '{\"state\":\"skipped\"}', 0),
(91, 'joomlatoken.enabled', '1', 2),
(91, 'joomlatoken.token', 'Rsrr1JTbHqdNw6XvDNrvpDl1QWH0cEeyQePkrnCeTIM=', 1),
(92, 'joomlatoken.enabled', '1', 2),
(92, 'joomlatoken.token', 'TQVGvmlAaho1Vsv7kjhQbmGwFrcOgwZfBl6btuW1wds=', 1);

-- --------------------------------------------------------

--
-- Структура таблицы `joom5_user_usergroup_map`
--

CREATE TABLE `joom5_user_usergroup_map` (
  `user_id` int UNSIGNED NOT NULL DEFAULT '0' COMMENT 'Foreign Key to #__users.id',
  `group_id` int UNSIGNED NOT NULL DEFAULT '0' COMMENT 'Foreign Key to #__usergroups.id'
) ENGINE=InnoDB DEFAULT CHARSET=utf8mb4 COLLATE=utf8mb4_unicode_ci;

--
-- Дамп данных таблицы `joom5_user_usergroup_map`
--

INSERT INTO `joom5_user_usergroup_map` (`user_id`, `group_id`) VALUES
(91, 8),
(92, 2),
(92, 8);

-- --------------------------------------------------------

--
-- Структура таблицы `joom5_viewlevels`
--

CREATE TABLE `joom5_viewlevels` (
  `id` int UNSIGNED NOT NULL COMMENT 'Primary Key',
  `title` varchar(100) CHARACTER SET utf8mb4 COLLATE utf8mb4_unicode_ci NOT NULL DEFAULT '',
  `ordering` int NOT NULL DEFAULT '0',
  `rules` varchar(5120) CHARACTER SET utf8mb4 COLLATE utf8mb4_unicode_ci NOT NULL COMMENT 'JSON encoded access control.'
) ENGINE=InnoDB DEFAULT CHARSET=utf8mb4 COLLATE=utf8mb4_unicode_ci;

--
-- Дамп данных таблицы `joom5_viewlevels`
--

INSERT INTO `joom5_viewlevels` (`id`, `title`, `ordering`, `rules`) VALUES
(1, 'Public', 0, '[1]'),
(2, 'Registered', 2, '[6,2,8]'),
(3, 'Special', 3, '[6,3,8]'),
(5, 'Guest', 1, '[9]'),
(6, 'Super Users', 4, '[8]');

-- --------------------------------------------------------

--
-- Структура таблицы `joom5_webauthn_credentials`
--

CREATE TABLE `joom5_webauthn_credentials` (
  `id` varchar(1000) CHARACTER SET utf8mb4 COLLATE utf8mb4_unicode_ci NOT NULL COMMENT 'Credential ID',
  `user_id` varchar(128) CHARACTER SET utf8mb4 COLLATE utf8mb4_unicode_ci NOT NULL COMMENT 'User handle',
  `label` varchar(190) CHARACTER SET utf8mb4 COLLATE utf8mb4_unicode_ci NOT NULL COMMENT 'Human readable label',
  `credential` mediumtext CHARACTER SET utf8mb4 COLLATE utf8mb4_unicode_ci NOT NULL COMMENT 'Credential source data, JSON format'
) ENGINE=InnoDB DEFAULT CHARSET=utf8mb4 COLLATE=utf8mb4_unicode_ci;

-- --------------------------------------------------------

--
-- Структура таблицы `joom5_wf_profiles`
--

CREATE TABLE `joom5_wf_profiles` (
  `id` int NOT NULL,
  `name` varchar(255) NOT NULL,
  `description` text NOT NULL,
  `users` text NOT NULL,
  `types` text NOT NULL,
  `components` text NOT NULL,
  `area` tinyint NOT NULL,
  `device` varchar(255) NOT NULL,
  `rows` text NOT NULL,
  `plugins` text NOT NULL,
  `published` tinyint NOT NULL,
  `ordering` int NOT NULL,
  `checked_out` int UNSIGNED DEFAULT NULL,
  `checked_out_time` datetime DEFAULT NULL,
  `params` text NOT NULL
) ENGINE=InnoDB DEFAULT CHARSET=utf8mb3;

--
-- Дамп данных таблицы `joom5_wf_profiles`
--

INSERT INTO `joom5_wf_profiles` (`id`, `name`, `description`, `users`, `types`, `components`, `area`, `device`, `rows`, `plugins`, `published`, `ordering`, `checked_out`, `checked_out_time`, `params`) VALUES
(1, 'Default', 'Default Profile for all users', '', '3,4,5,6,8,7', '', 0, 'desktop,tablet,phone', 'help,newdocument,undo,redo,spacer,bold,italic,underline,strikethrough,justifyfull,justifycenter,justifyleft,justifyright,spacer,blockquote,formatselect,styleselect,removeformat,cleanup;fontselect,fontsizeselect,fontcolor,spacer,clipboard,indent,outdent,lists,sub,sup,textcase,charmap,hr;directionality,fullscreen,print,searchreplace,spacer,table,style,attributes;visualaid,visualchars,visualblocks,nonbreaking,anchor,unlink,link,imgmanager_ext,mediamanager,filemanager,templatemanager,caption,microdata,textpattern,columns,spellchecker,article', 'formatselect,styleselect,cleanup,fontselect,fontsizeselect,fontcolor,clipboard,lists,textcase,charmap,hr,directionality,fullscreen,print,searchreplace,table,style,attributes,visualchars,visualblocks,nonbreaking,anchor,link,imgmanager_ext,mediamanager,filemanager,templatemanager,caption,microdata,textpattern,columns,spellchecker,article,spellchecker,article,browser,contextmenu,media,preview,source', 0, 1, NULL, NULL, '{\"editor\":{\"toolbar_theme\":\"modern\"}}'),
(2, 'Front End', 'Sample Front-end Profile', '', '3,4,5', '', 1, 'desktop,tablet,phone', 'help,newdocument,undo,redo,spacer,bold,italic,underline,strikethrough,justifyfull,justifycenter,justifyleft,justifyright,spacer,formatselect,styleselect;clipboard,searchreplace,indent,outdent,lists,cleanup,charmap,removeformat,hr,sub,sup,textcase,nonbreaking,visualchars,visualblocks;fullscreen,print,visualaid,style,attributes,anchor,unlink,link,imgmanager,spellchecker,article', 'charmap,contextmenu,help,clipboard,searchreplace,fullscreen,preview,print,style,textcase,nonbreaking,visualchars,visualblocks,attributes,imgmanager,anchor,link,spellchecker,article,lists,formatselect,styleselect,hr', 0, 2, NULL, NULL, '{\"editor\":{\"toolbar_theme\":\"modern\"}}'),
(3, 'Blogger', 'Simple Blogging Profile', '', '3,4,5,6,8,7', '', 0, 'desktop,tablet,phone', 'bold,italic,strikethrough,lists,blockquote,spacer,justifyleft,justifycenter,justifyright,spacer,link,unlink,imgmanager,article,spellchecker,fullscreen,kitchensink;formatselect,styleselect,underline,justifyfull,clipboard,removeformat,charmap,indent,outdent,undo,redo,help', 'link,imgmanager,article,spellchecker,fullscreen,kitchensink,clipboard,contextmenu,lists,formatselect,styleselect,textpattern', 0, 3, NULL, NULL, '{\"editor\":{\"toolbar_theme\":\"modern\"}}'),
(4, 'Mobile', 'Sample Mobile Profile', '', '3,4,5,6,8,7', '', 0, 'tablet,phone', 'undo,redo,spacer,bold,italic,underline,formatselect,spacer,justifyleft,justifycenter,justifyfull,justifyright,spacer,fullscreen,kitchensink;styleselect,lists,spellchecker,article,link,unlink', 'fullscreen,kitchensink,spellchecker,article,link,lists,formatselect,styleselect,textpattern', 0, 4, NULL, NULL, '{\"editor\":{\"toolbar_theme\":\"modern.touch\",\"resizing\":\"0\",\"resize_horizontal\":\"0\",\"resizing_use_cookie\":\"0\",\"links\":{\"popups\":{\"default\":\"\",\"jcemediabox\":{\"enable\":\"0\"},\"window\":{\"enable\":\"0\"}}}}}'),
(5, 'Markdown', 'Sample Markdown Profile', '', '6,7,3,4,5,8', '', 0, 'desktop,tablet,phone', 'fullscreen,justifyleft,justifycenter,justifyfull,justifyright,link,unlink,imgmanager,styleselect', 'fullscreen,link,imgmanager,styleselect,media,textpattern', 0, 5, NULL, NULL, '{\"editor\":{\"toolbar_theme\":\"modern\"}}'),
(6, 'master-saita', 'Default Profile for all users', '', '6,7,3,4,5,8', '', 0, 'phone,tablet,desktop', 'help,newdocument,undo,redo,bold,italic,underline,strikethrough,justifyfull,justifycenter,justifyleft,justifyright,blockquote,formatselect,styleselect,removeformat,cleanup;fontselect,fontsizeselect,fontcolor,clipboard,indent,outdent,lists,sub,sup,textcase,charmap,hr;directionality,fullscreen,print,searchreplace,table,style,xhtmlxtras;visualaid,visualchars,visualblocks,nonbreaking,anchor,unlink,link,imgmanager,spellchecker,article,emotions,layer,iframe,imgmanager_ext,mediamanager,templatemanager,microdata', 'help,newdocument,undo,redo,bold,italic,underline,strikethrough,justifyfull,justifycenter,justifyleft,justifyright,blockquote,formatselect,styleselect,removeformat,cleanup,fontselect,fontsizeselect,fontcolor,clipboard,indent,outdent,lists,sub,sup,textcase,charmap,hr,directionality,fullscreen,print,searchreplace,table,style,xhtmlxtras,visualaid,visualchars,visualblocks,nonbreaking,anchor,unlink,link,imgmanager,spellchecker,article,emotions,layer,iframe,imgmanager_ext,mediamanager,templatemanager,microdata,browser,contextmenu,media,preview,source,textpattern', 1, 1, NULL, NULL, '{\"link\":{\"popups\":{\"popups\":{\"default\":\"widgetkit2\"}}},\"spellchecker\":{\"browser_state\":\"1\"},\"templatemanager\":{\"extensions\":\"html=html,htm,txt,php\"},\"media\":{\"iframes\":\"1\"},\"source\":{\"theme\":\"monokai\"},\"editor\":{\"allow_javascript\":\"1\",\"allow_css\":\"1\",\"allow_php\":\"1\",\"forced_root_block\":\"div\"},\"imgmanager_ext\":{\"popups\":{\"popups\":{\"default\":\"\"}},\"extensions\":\"jpeg,jpg,png,gif,webp,svg\"},\"browser\":{\"extensions\":\"doc,docx,dot,dotx,ppt,pps,pptx,ppsx,xls,xlsx,gif,jpeg,jpg,png,webp,pdf,zip,tar,gz,swf,rar,mov,mp4,m4a,flv,mkv,webm,ogg,ogv,qt,wmv,asx,asf,avi,wav,mp3,aiff,oga,odt,odg,odp,ods,odf,rtf,txt,csv,svg\"},\"imgmanager\":{\"extensions\":\"jpeg,jpg,png,gif,webp,svg\"}}');

-- --------------------------------------------------------

--
-- Структура таблицы `joom5_workflows`
--

CREATE TABLE `joom5_workflows` (
  `id` int NOT NULL,
  `asset_id` int DEFAULT '0',
  `published` tinyint NOT NULL DEFAULT '0',
  `title` varchar(255) CHARACTER SET utf8mb4 COLLATE utf8mb4_unicode_ci NOT NULL,
  `description` text CHARACTER SET utf8mb4 COLLATE utf8mb4_unicode_ci NOT NULL,
  `extension` varchar(50) CHARACTER SET utf8mb4 COLLATE utf8mb4_unicode_ci NOT NULL,
  `default` tinyint NOT NULL DEFAULT '0',
  `ordering` int NOT NULL DEFAULT '0',
  `created` datetime NOT NULL,
  `created_by` int NOT NULL DEFAULT '0',
  `modified` datetime NOT NULL,
  `modified_by` int NOT NULL DEFAULT '0',
  `checked_out_time` datetime DEFAULT NULL,
  `checked_out` int UNSIGNED DEFAULT NULL
) ENGINE=InnoDB DEFAULT CHARSET=utf8mb4 COLLATE=utf8mb4_unicode_ci;

--
-- Дамп данных таблицы `joom5_workflows`
--

INSERT INTO `joom5_workflows` (`id`, `asset_id`, `published`, `title`, `description`, `extension`, `default`, `ordering`, `created`, `created_by`, `modified`, `modified_by`, `checked_out_time`, `checked_out`) VALUES
(1, 56, 1, 'COM_WORKFLOW_BASIC_WORKFLOW', '', 'com_content.article', 1, 1, '2023-11-09 06:21:23', 91, '2023-11-09 06:21:23', 91, NULL, NULL);

-- --------------------------------------------------------

--
-- Структура таблицы `joom5_workflow_associations`
--

CREATE TABLE `joom5_workflow_associations` (
  `item_id` int NOT NULL DEFAULT '0' COMMENT 'Extension table id value',
  `stage_id` int NOT NULL COMMENT 'Foreign Key to #__workflow_stages.id',
  `extension` varchar(50) CHARACTER SET utf8mb4 COLLATE utf8mb4_unicode_ci NOT NULL
) ENGINE=InnoDB DEFAULT CHARSET=utf8mb4 COLLATE=utf8mb4_unicode_ci;

--
-- Дамп данных таблицы `joom5_workflow_associations`
--

INSERT INTO `joom5_workflow_associations` (`item_id`, `stage_id`, `extension`) VALUES
(1, 1, 'com_content.article'),
(2, 1, 'com_content.article'),
(3, 1, 'com_content.article'),
(4, 1, 'com_content.article'),
(5, 1, 'com_content.article'),
(6, 1, 'com_content.article'),
(7, 1, 'com_content.article'),
(8, 1, 'com_content.article'),
(9, 1, 'com_content.article'),
(10, 1, 'com_content.article'),
(11, 1, 'com_content.article');

-- --------------------------------------------------------

--
-- Структура таблицы `joom5_workflow_stages`
--

CREATE TABLE `joom5_workflow_stages` (
  `id` int NOT NULL,
  `asset_id` int DEFAULT '0',
  `ordering` int NOT NULL DEFAULT '0',
  `workflow_id` int NOT NULL,
  `published` tinyint NOT NULL DEFAULT '0',
  `title` varchar(255) CHARACTER SET utf8mb4 COLLATE utf8mb4_unicode_ci NOT NULL,
  `description` text CHARACTER SET utf8mb4 COLLATE utf8mb4_unicode_ci NOT NULL,
  `default` tinyint NOT NULL DEFAULT '0',
  `checked_out_time` datetime DEFAULT NULL,
  `checked_out` int UNSIGNED DEFAULT NULL
) ENGINE=InnoDB DEFAULT CHARSET=utf8mb4 COLLATE=utf8mb4_unicode_ci;

--
-- Дамп данных таблицы `joom5_workflow_stages`
--

INSERT INTO `joom5_workflow_stages` (`id`, `asset_id`, `ordering`, `workflow_id`, `published`, `title`, `description`, `default`, `checked_out_time`, `checked_out`) VALUES
(1, 57, 1, 1, 1, 'COM_WORKFLOW_BASIC_STAGE', '', 1, NULL, NULL);

-- --------------------------------------------------------

--
-- Структура таблицы `joom5_workflow_transitions`
--

CREATE TABLE `joom5_workflow_transitions` (
  `id` int NOT NULL,
  `asset_id` int DEFAULT '0',
  `ordering` int NOT NULL DEFAULT '0',
  `workflow_id` int NOT NULL,
  `published` tinyint NOT NULL DEFAULT '0',
  `title` varchar(255) CHARACTER SET utf8mb4 COLLATE utf8mb4_unicode_ci NOT NULL,
  `description` text CHARACTER SET utf8mb4 COLLATE utf8mb4_unicode_ci NOT NULL,
  `from_stage_id` int NOT NULL,
  `to_stage_id` int NOT NULL,
  `options` text CHARACTER SET utf8mb4 COLLATE utf8mb4_unicode_ci NOT NULL,
  `checked_out_time` datetime DEFAULT NULL,
  `checked_out` int UNSIGNED DEFAULT NULL
) ENGINE=InnoDB DEFAULT CHARSET=utf8mb4 COLLATE=utf8mb4_unicode_ci;

--
-- Дамп данных таблицы `joom5_workflow_transitions`
--

INSERT INTO `joom5_workflow_transitions` (`id`, `asset_id`, `ordering`, `workflow_id`, `published`, `title`, `description`, `from_stage_id`, `to_stage_id`, `options`, `checked_out_time`, `checked_out`) VALUES
(1, 58, 1, 1, 1, 'UNPUBLISH', '', -1, 1, '{\"publishing\":\"0\"}', NULL, NULL),
(2, 59, 2, 1, 1, 'PUBLISH', '', -1, 1, '{\"publishing\":\"1\"}', NULL, NULL),
(3, 60, 3, 1, 1, 'TRASH', '', -1, 1, '{\"publishing\":\"-2\"}', NULL, NULL),
(4, 61, 4, 1, 1, 'ARCHIVE', '', -1, 1, '{\"publishing\":\"2\"}', NULL, NULL),
(5, 62, 5, 1, 1, 'FEATURE', '', -1, 1, '{\"featuring\":\"1\"}', NULL, NULL),
(6, 63, 6, 1, 1, 'UNFEATURE', '', -1, 1, '{\"featuring\":\"0\"}', NULL, NULL),
(7, 64, 7, 1, 1, 'PUBLISH_AND_FEATURE', '', -1, 1, '{\"publishing\":\"1\",\"featuring\":\"1\"}', NULL, NULL);

--
-- Индексы сохранённых таблиц
--

--
-- Индексы таблицы `joom5_action_logs`
--
ALTER TABLE `joom5_action_logs`
  ADD PRIMARY KEY (`id`),
  ADD KEY `idx_user_id` (`user_id`),
  ADD KEY `idx_user_id_logdate` (`user_id`,`log_date`),
  ADD KEY `idx_user_id_extension` (`user_id`,`extension`),
  ADD KEY `idx_extension_item_id` (`extension`,`item_id`);

--
-- Индексы таблицы `joom5_action_logs_extensions`
--
ALTER TABLE `joom5_action_logs_extensions`
  ADD PRIMARY KEY (`id`);

--
-- Индексы таблицы `joom5_action_logs_users`
--
ALTER TABLE `joom5_action_logs_users`
  ADD PRIMARY KEY (`user_id`),
  ADD KEY `idx_notify` (`notify`);

--
-- Индексы таблицы `joom5_action_log_config`
--
ALTER TABLE `joom5_action_log_config`
  ADD PRIMARY KEY (`id`);

--
-- Индексы таблицы `joom5_assets`
--
ALTER TABLE `joom5_assets`
  ADD PRIMARY KEY (`id`),
  ADD UNIQUE KEY `idx_asset_name` (`name`),
  ADD KEY `idx_lft_rgt` (`lft`,`rgt`),
  ADD KEY `idx_parent_id` (`parent_id`);

--
-- Индексы таблицы `joom5_associations`
--
ALTER TABLE `joom5_associations`
  ADD PRIMARY KEY (`context`,`id`),
  ADD KEY `idx_key` (`key`);

--
-- Индексы таблицы `joom5_banners`
--
ALTER TABLE `joom5_banners`
  ADD PRIMARY KEY (`id`),
  ADD KEY `idx_state` (`state`),
  ADD KEY `idx_own_prefix` (`own_prefix`),
  ADD KEY `idx_metakey_prefix` (`metakey_prefix`(100)),
  ADD KEY `idx_banner_catid` (`catid`),
  ADD KEY `idx_language` (`language`);

--
-- Индексы таблицы `joom5_banner_clients`
--
ALTER TABLE `joom5_banner_clients`
  ADD PRIMARY KEY (`id`),
  ADD KEY `idx_own_prefix` (`own_prefix`),
  ADD KEY `idx_metakey_prefix` (`metakey_prefix`(100));

--
-- Индексы таблицы `joom5_banner_tracks`
--
ALTER TABLE `joom5_banner_tracks`
  ADD PRIMARY KEY (`track_date`,`track_type`,`banner_id`),
  ADD KEY `idx_track_date` (`track_date`),
  ADD KEY `idx_track_type` (`track_type`),
  ADD KEY `idx_banner_id` (`banner_id`);

--
-- Индексы таблицы `joom5_categories`
--
ALTER TABLE `joom5_categories`
  ADD PRIMARY KEY (`id`),
  ADD KEY `cat_idx` (`extension`,`published`,`access`),
  ADD KEY `idx_access` (`access`),
  ADD KEY `idx_checkout` (`checked_out`),
  ADD KEY `idx_path` (`path`(100)),
  ADD KEY `idx_left_right` (`lft`,`rgt`),
  ADD KEY `idx_alias` (`alias`(100)),
  ADD KEY `idx_language` (`language`);

--
-- Индексы таблицы `joom5_contact_details`
--
ALTER TABLE `joom5_contact_details`
  ADD PRIMARY KEY (`id`),
  ADD KEY `idx_access` (`access`),
  ADD KEY `idx_checkout` (`checked_out`),
  ADD KEY `idx_state` (`published`),
  ADD KEY `idx_catid` (`catid`),
  ADD KEY `idx_createdby` (`created_by`),
  ADD KEY `idx_featured_catid` (`featured`,`catid`),
  ADD KEY `idx_language` (`language`);

--
-- Индексы таблицы `joom5_content`
--
ALTER TABLE `joom5_content`
  ADD PRIMARY KEY (`id`),
  ADD KEY `idx_access` (`access`),
  ADD KEY `idx_checkout` (`checked_out`),
  ADD KEY `idx_state` (`state`),
  ADD KEY `idx_catid` (`catid`),
  ADD KEY `idx_createdby` (`created_by`),
  ADD KEY `idx_featured_catid` (`featured`,`catid`),
  ADD KEY `idx_language` (`language`),
  ADD KEY `idx_alias` (`alias`(191));

--
-- Индексы таблицы `joom5_contentitem_tag_map`
--
ALTER TABLE `joom5_contentitem_tag_map`
  ADD UNIQUE KEY `uc_ItemnameTagid` (`type_id`,`content_item_id`,`tag_id`),
  ADD KEY `idx_tag_type` (`tag_id`,`type_id`),
  ADD KEY `idx_date_id` (`tag_date`,`tag_id`),
  ADD KEY `idx_core_content_id` (`core_content_id`);

--
-- Индексы таблицы `joom5_content_frontpage`
--
ALTER TABLE `joom5_content_frontpage`
  ADD PRIMARY KEY (`content_id`);

--
-- Индексы таблицы `joom5_content_rating`
--
ALTER TABLE `joom5_content_rating`
  ADD PRIMARY KEY (`content_id`);

--
-- Индексы таблицы `joom5_content_types`
--
ALTER TABLE `joom5_content_types`
  ADD PRIMARY KEY (`type_id`),
  ADD KEY `idx_alias` (`type_alias`(100));

--
-- Индексы таблицы `joom5_extensions`
--
ALTER TABLE `joom5_extensions`
  ADD PRIMARY KEY (`extension_id`),
  ADD KEY `element_clientid` (`element`,`client_id`),
  ADD KEY `element_folder_clientid` (`element`,`folder`,`client_id`),
  ADD KEY `extension` (`type`,`element`,`folder`,`client_id`);

--
-- Индексы таблицы `joom5_fields`
--
ALTER TABLE `joom5_fields`
  ADD PRIMARY KEY (`id`),
  ADD KEY `idx_checkout` (`checked_out`),
  ADD KEY `idx_state` (`state`),
  ADD KEY `idx_created_user_id` (`created_user_id`),
  ADD KEY `idx_access` (`access`),
  ADD KEY `idx_context` (`context`(191)),
  ADD KEY `idx_language` (`language`);

--
-- Индексы таблицы `joom5_fields_categories`
--
ALTER TABLE `joom5_fields_categories`
  ADD PRIMARY KEY (`field_id`,`category_id`);

--
-- Индексы таблицы `joom5_fields_groups`
--
ALTER TABLE `joom5_fields_groups`
  ADD PRIMARY KEY (`id`),
  ADD KEY `idx_checkout` (`checked_out`),
  ADD KEY `idx_state` (`state`),
  ADD KEY `idx_created_by` (`created_by`),
  ADD KEY `idx_access` (`access`),
  ADD KEY `idx_context` (`context`(191)),
  ADD KEY `idx_language` (`language`);

--
-- Индексы таблицы `joom5_fields_values`
--
ALTER TABLE `joom5_fields_values`
  ADD KEY `idx_field_id` (`field_id`),
  ADD KEY `idx_item_id` (`item_id`(191));

--
-- Индексы таблицы `joom5_finder_filters`
--
ALTER TABLE `joom5_finder_filters`
  ADD PRIMARY KEY (`filter_id`);

--
-- Индексы таблицы `joom5_finder_links`
--
ALTER TABLE `joom5_finder_links`
  ADD PRIMARY KEY (`link_id`),
  ADD KEY `idx_type` (`type_id`),
  ADD KEY `idx_title` (`title`(100)),
  ADD KEY `idx_md5` (`md5sum`),
  ADD KEY `idx_url` (`url`(75)),
  ADD KEY `idx_language` (`language`),
  ADD KEY `idx_published_list` (`published`,`state`,`access`,`publish_start_date`,`publish_end_date`,`list_price`),
  ADD KEY `idx_published_sale` (`published`,`state`,`access`,`publish_start_date`,`publish_end_date`,`sale_price`);

--
-- Индексы таблицы `joom5_finder_links_terms`
--
ALTER TABLE `joom5_finder_links_terms`
  ADD PRIMARY KEY (`link_id`,`term_id`),
  ADD KEY `idx_term_weight` (`term_id`,`weight`),
  ADD KEY `idx_link_term_weight` (`link_id`,`term_id`,`weight`);

--
-- Индексы таблицы `joom5_finder_logging`
--
ALTER TABLE `joom5_finder_logging`
  ADD PRIMARY KEY (`md5sum`),
  ADD KEY `searchterm` (`searchterm`(191));

--
-- Индексы таблицы `joom5_finder_taxonomy`
--
ALTER TABLE `joom5_finder_taxonomy`
  ADD PRIMARY KEY (`id`),
  ADD KEY `idx_state` (`state`),
  ADD KEY `idx_access` (`access`),
  ADD KEY `idx_path` (`path`(100)),
  ADD KEY `idx_level` (`level`),
  ADD KEY `idx_left_right` (`lft`,`rgt`),
  ADD KEY `idx_alias` (`alias`(100)),
  ADD KEY `idx_language` (`language`),
  ADD KEY `idx_parent_published` (`parent_id`,`state`,`access`);

--
-- Индексы таблицы `joom5_finder_taxonomy_map`
--
ALTER TABLE `joom5_finder_taxonomy_map`
  ADD PRIMARY KEY (`link_id`,`node_id`),
  ADD KEY `link_id` (`link_id`),
  ADD KEY `node_id` (`node_id`);

--
-- Индексы таблицы `joom5_finder_terms`
--
ALTER TABLE `joom5_finder_terms`
  ADD PRIMARY KEY (`term_id`),
  ADD UNIQUE KEY `idx_term_language` (`term`,`language`),
  ADD KEY `idx_stem` (`stem`),
  ADD KEY `idx_term_phrase` (`term`,`phrase`),
  ADD KEY `idx_stem_phrase` (`stem`,`phrase`),
  ADD KEY `idx_soundex_phrase` (`soundex`,`phrase`),
  ADD KEY `idx_language` (`language`);

--
-- Индексы таблицы `joom5_finder_terms_common`
--
ALTER TABLE `joom5_finder_terms_common`
  ADD UNIQUE KEY `idx_term_language` (`term`,`language`),
  ADD KEY `idx_lang` (`language`);

--
-- Индексы таблицы `joom5_finder_tokens`
--
ALTER TABLE `joom5_finder_tokens`
  ADD KEY `idx_word` (`term`),
  ADD KEY `idx_stem` (`stem`),
  ADD KEY `idx_context` (`context`),
  ADD KEY `idx_language` (`language`);

--
-- Индексы таблицы `joom5_finder_tokens_aggregate`
--
ALTER TABLE `joom5_finder_tokens_aggregate`
  ADD KEY `token` (`term`),
  ADD KEY `keyword_id` (`term_id`);

--
-- Индексы таблицы `joom5_finder_types`
--
ALTER TABLE `joom5_finder_types`
  ADD PRIMARY KEY (`id`),
  ADD UNIQUE KEY `title` (`title`);

--
-- Индексы таблицы `joom5_guidedtours`
--
ALTER TABLE `joom5_guidedtours`
  ADD PRIMARY KEY (`id`),
  ADD KEY `idx_access` (`access`),
  ADD KEY `idx_state` (`published`),
  ADD KEY `idx_language` (`language`),
  ADD KEY `idx_uid` (`uid`(191));

--
-- Индексы таблицы `joom5_guidedtour_steps`
--
ALTER TABLE `joom5_guidedtour_steps`
  ADD PRIMARY KEY (`id`),
  ADD KEY `idx_tour` (`tour_id`),
  ADD KEY `idx_state` (`published`),
  ADD KEY `idx_language` (`language`);

--
-- Индексы таблицы `joom5_history`
--
ALTER TABLE `joom5_history`
  ADD PRIMARY KEY (`version_id`),
  ADD KEY `idx_ucm_item_id` (`item_id`),
  ADD KEY `idx_save_date` (`save_date`);

--
-- Индексы таблицы `joom5_languages`
--
ALTER TABLE `joom5_languages`
  ADD PRIMARY KEY (`lang_id`),
  ADD UNIQUE KEY `idx_sef` (`sef`),
  ADD UNIQUE KEY `idx_langcode` (`lang_code`),
  ADD KEY `idx_access` (`access`),
  ADD KEY `idx_ordering` (`ordering`);

--
-- Индексы таблицы `joom5_mail_templates`
--
ALTER TABLE `joom5_mail_templates`
  ADD PRIMARY KEY (`template_id`,`language`);

--
-- Индексы таблицы `joom5_menu`
--
ALTER TABLE `joom5_menu`
  ADD PRIMARY KEY (`id`),
  ADD UNIQUE KEY `idx_client_id_parent_id_alias_language` (`client_id`,`parent_id`,`alias`(100),`language`),
  ADD KEY `idx_componentid` (`component_id`,`menutype`,`published`,`access`),
  ADD KEY `idx_menutype` (`menutype`),
  ADD KEY `idx_left_right` (`lft`,`rgt`),
  ADD KEY `idx_alias` (`alias`(100)),
  ADD KEY `idx_path` (`path`(100)),
  ADD KEY `idx_language` (`language`);

--
-- Индексы таблицы `joom5_menu_types`
--
ALTER TABLE `joom5_menu_types`
  ADD PRIMARY KEY (`id`),
  ADD UNIQUE KEY `idx_menutype` (`menutype`);

--
-- Индексы таблицы `joom5_messages`
--
ALTER TABLE `joom5_messages`
  ADD PRIMARY KEY (`message_id`),
  ADD KEY `useridto_state` (`user_id_to`,`state`);

--
-- Индексы таблицы `joom5_messages_cfg`
--
ALTER TABLE `joom5_messages_cfg`
  ADD UNIQUE KEY `idx_user_var_name` (`user_id`,`cfg_name`);

--
-- Индексы таблицы `joom5_modules`
--
ALTER TABLE `joom5_modules`
  ADD PRIMARY KEY (`id`),
  ADD KEY `published` (`published`,`access`),
  ADD KEY `newsfeeds` (`module`,`published`),
  ADD KEY `idx_language` (`language`);

--
-- Индексы таблицы `joom5_modules_menu`
--
ALTER TABLE `joom5_modules_menu`
  ADD PRIMARY KEY (`moduleid`,`menuid`);

--
-- Индексы таблицы `joom5_newsfeeds`
--
ALTER TABLE `joom5_newsfeeds`
  ADD PRIMARY KEY (`id`),
  ADD KEY `idx_access` (`access`),
  ADD KEY `idx_checkout` (`checked_out`),
  ADD KEY `idx_state` (`published`),
  ADD KEY `idx_catid` (`catid`),
  ADD KEY `idx_createdby` (`created_by`),
  ADD KEY `idx_language` (`language`);

--
-- Индексы таблицы `joom5_overrider`
--
ALTER TABLE `joom5_overrider`
  ADD PRIMARY KEY (`id`);

--
-- Индексы таблицы `joom5_postinstall_messages`
--
ALTER TABLE `joom5_postinstall_messages`
  ADD PRIMARY KEY (`postinstall_message_id`);

--
-- Индексы таблицы `joom5_privacy_consents`
--
ALTER TABLE `joom5_privacy_consents`
  ADD PRIMARY KEY (`id`),
  ADD KEY `idx_user_id` (`user_id`);

--
-- Индексы таблицы `joom5_privacy_requests`
--
ALTER TABLE `joom5_privacy_requests`
  ADD PRIMARY KEY (`id`);

--
-- Индексы таблицы `joom5_redirect_links`
--
ALTER TABLE `joom5_redirect_links`
  ADD PRIMARY KEY (`id`),
  ADD KEY `idx_old_url` (`old_url`(100)),
  ADD KEY `idx_link_modified` (`modified_date`);

--
-- Индексы таблицы `joom5_scheduler_tasks`
--
ALTER TABLE `joom5_scheduler_tasks`
  ADD PRIMARY KEY (`id`),
  ADD KEY `idx_type` (`type`),
  ADD KEY `idx_state` (`state`),
  ADD KEY `idx_last_exit` (`last_exit_code`),
  ADD KEY `idx_next_exec` (`next_execution`),
  ADD KEY `idx_locked` (`locked`),
  ADD KEY `idx_priority` (`priority`),
  ADD KEY `idx_cli_exclusive` (`cli_exclusive`),
  ADD KEY `idx_checked_out` (`checked_out`);

--
-- Индексы таблицы `joom5_schemaorg`
--
ALTER TABLE `joom5_schemaorg`
  ADD PRIMARY KEY (`id`);

--
-- Индексы таблицы `joom5_schemas`
--
ALTER TABLE `joom5_schemas`
  ADD PRIMARY KEY (`extension_id`,`version_id`);

--
-- Индексы таблицы `joom5_session`
--
ALTER TABLE `joom5_session`
  ADD PRIMARY KEY (`session_id`),
  ADD KEY `userid` (`userid`),
  ADD KEY `time` (`time`),
  ADD KEY `client_id_guest` (`client_id`,`guest`);

--
-- Индексы таблицы `joom5_tags`
--
ALTER TABLE `joom5_tags`
  ADD PRIMARY KEY (`id`),
  ADD KEY `tag_idx` (`published`,`access`),
  ADD KEY `idx_access` (`access`),
  ADD KEY `idx_checkout` (`checked_out`),
  ADD KEY `idx_path` (`path`(100)),
  ADD KEY `idx_left_right` (`lft`,`rgt`),
  ADD KEY `idx_alias` (`alias`(100)),
  ADD KEY `idx_language` (`language`);

--
-- Индексы таблицы `joom5_template_overrides`
--
ALTER TABLE `joom5_template_overrides`
  ADD PRIMARY KEY (`id`),
  ADD KEY `idx_template` (`template`),
  ADD KEY `idx_extension_id` (`extension_id`);

--
-- Индексы таблицы `joom5_template_styles`
--
ALTER TABLE `joom5_template_styles`
  ADD PRIMARY KEY (`id`),
  ADD KEY `idx_template` (`template`),
  ADD KEY `idx_client_id` (`client_id`),
  ADD KEY `idx_client_id_home` (`client_id`,`home`);

--
-- Индексы таблицы `joom5_tuf_metadata`
--
ALTER TABLE `joom5_tuf_metadata`
  ADD PRIMARY KEY (`id`);

--
-- Индексы таблицы `joom5_ucm_base`
--
ALTER TABLE `joom5_ucm_base`
  ADD PRIMARY KEY (`ucm_id`),
  ADD KEY `idx_ucm_item_id` (`ucm_item_id`),
  ADD KEY `idx_ucm_type_id` (`ucm_type_id`),
  ADD KEY `idx_ucm_language_id` (`ucm_language_id`);

--
-- Индексы таблицы `joom5_ucm_content`
--
ALTER TABLE `joom5_ucm_content`
  ADD PRIMARY KEY (`core_content_id`),
  ADD KEY `tag_idx` (`core_state`,`core_access`),
  ADD KEY `idx_access` (`core_access`),
  ADD KEY `idx_alias` (`core_alias`(100)),
  ADD KEY `idx_language` (`core_language`),
  ADD KEY `idx_title` (`core_title`(100)),
  ADD KEY `idx_modified_time` (`core_modified_time`),
  ADD KEY `idx_created_time` (`core_created_time`),
  ADD KEY `idx_content_type` (`core_type_alias`(100)),
  ADD KEY `idx_core_modified_user_id` (`core_modified_user_id`),
  ADD KEY `idx_core_checked_out_user_id` (`core_checked_out_user_id`),
  ADD KEY `idx_core_created_user_id` (`core_created_user_id`),
  ADD KEY `idx_core_type_id` (`core_type_id`);

--
-- Индексы таблицы `joom5_updates`
--
ALTER TABLE `joom5_updates`
  ADD PRIMARY KEY (`update_id`);

--
-- Индексы таблицы `joom5_update_sites`
--
ALTER TABLE `joom5_update_sites`
  ADD PRIMARY KEY (`update_site_id`);

--
-- Индексы таблицы `joom5_update_sites_extensions`
--
ALTER TABLE `joom5_update_sites_extensions`
  ADD PRIMARY KEY (`update_site_id`,`extension_id`);

--
-- Индексы таблицы `joom5_usergroups`
--
ALTER TABLE `joom5_usergroups`
  ADD PRIMARY KEY (`id`),
  ADD UNIQUE KEY `idx_usergroup_parent_title_lookup` (`parent_id`,`title`),
  ADD KEY `idx_usergroup_title_lookup` (`title`),
  ADD KEY `idx_usergroup_adjacency_lookup` (`parent_id`),
  ADD KEY `idx_usergroup_nested_set_lookup` (`lft`,`rgt`) USING BTREE;

--
-- Индексы таблицы `joom5_users`
--
ALTER TABLE `joom5_users`
  ADD PRIMARY KEY (`id`),
  ADD UNIQUE KEY `idx_username` (`username`),
  ADD KEY `idx_name` (`name`(100)),
  ADD KEY `idx_block` (`block`),
  ADD KEY `email` (`email`);

--
-- Индексы таблицы `joom5_user_keys`
--
ALTER TABLE `joom5_user_keys`
  ADD PRIMARY KEY (`id`),
  ADD UNIQUE KEY `series` (`series`),
  ADD KEY `user_id` (`user_id`);

--
-- Индексы таблицы `joom5_user_mfa`
--
ALTER TABLE `joom5_user_mfa`
  ADD PRIMARY KEY (`id`),
  ADD KEY `idx_user_id` (`user_id`);

--
-- Индексы таблицы `joom5_user_notes`
--
ALTER TABLE `joom5_user_notes`
  ADD PRIMARY KEY (`id`),
  ADD KEY `idx_user_id` (`user_id`),
  ADD KEY `idx_category_id` (`catid`);

--
-- Индексы таблицы `joom5_user_profiles`
--
ALTER TABLE `joom5_user_profiles`
  ADD UNIQUE KEY `idx_user_id_profile_key` (`user_id`,`profile_key`);

--
-- Индексы таблицы `joom5_user_usergroup_map`
--
ALTER TABLE `joom5_user_usergroup_map`
  ADD PRIMARY KEY (`user_id`,`group_id`);

--
-- Индексы таблицы `joom5_viewlevels`
--
ALTER TABLE `joom5_viewlevels`
  ADD PRIMARY KEY (`id`),
  ADD UNIQUE KEY `idx_assetgroup_title_lookup` (`title`);

--
-- Индексы таблицы `joom5_webauthn_credentials`
--
ALTER TABLE `joom5_webauthn_credentials`
  ADD PRIMARY KEY (`id`(100)),
  ADD KEY `user_id` (`user_id`(100));

--
-- Индексы таблицы `joom5_wf_profiles`
--
ALTER TABLE `joom5_wf_profiles`
  ADD PRIMARY KEY (`id`);

--
-- Индексы таблицы `joom5_workflows`
--
ALTER TABLE `joom5_workflows`
  ADD PRIMARY KEY (`id`),
  ADD KEY `idx_asset_id` (`asset_id`),
  ADD KEY `idx_title` (`title`(191)),
  ADD KEY `idx_extension` (`extension`),
  ADD KEY `idx_default` (`default`),
  ADD KEY `idx_created` (`created`),
  ADD KEY `idx_created_by` (`created_by`),
  ADD KEY `idx_modified` (`modified`),
  ADD KEY `idx_modified_by` (`modified_by`),
  ADD KEY `idx_checked_out` (`checked_out`);

--
-- Индексы таблицы `joom5_workflow_associations`
--
ALTER TABLE `joom5_workflow_associations`
  ADD PRIMARY KEY (`item_id`,`extension`),
  ADD KEY `idx_item_stage_extension` (`item_id`,`stage_id`,`extension`),
  ADD KEY `idx_item_id` (`item_id`),
  ADD KEY `idx_stage_id` (`stage_id`),
  ADD KEY `idx_extension` (`extension`);

--
-- Индексы таблицы `joom5_workflow_stages`
--
ALTER TABLE `joom5_workflow_stages`
  ADD PRIMARY KEY (`id`),
  ADD KEY `idx_workflow_id` (`workflow_id`),
  ADD KEY `idx_checked_out` (`checked_out`),
  ADD KEY `idx_title` (`title`(191)),
  ADD KEY `idx_asset_id` (`asset_id`),
  ADD KEY `idx_default` (`default`);

--
-- Индексы таблицы `joom5_workflow_transitions`
--
ALTER TABLE `joom5_workflow_transitions`
  ADD PRIMARY KEY (`id`),
  ADD KEY `idx_title` (`title`(191)),
  ADD KEY `idx_asset_id` (`asset_id`),
  ADD KEY `idx_checked_out` (`checked_out`),
  ADD KEY `idx_from_stage_id` (`from_stage_id`),
  ADD KEY `idx_to_stage_id` (`to_stage_id`),
  ADD KEY `idx_workflow_id` (`workflow_id`);

--
-- AUTO_INCREMENT для сохранённых таблиц
--

--
-- AUTO_INCREMENT для таблицы `joom5_action_logs`
--
ALTER TABLE `joom5_action_logs`
  MODIFY `id` int UNSIGNED NOT NULL AUTO_INCREMENT, AUTO_INCREMENT=407;

--
-- AUTO_INCREMENT для таблицы `joom5_action_logs_extensions`
--
ALTER TABLE `joom5_action_logs_extensions`
  MODIFY `id` int UNSIGNED NOT NULL AUTO_INCREMENT, AUTO_INCREMENT=22;

--
-- AUTO_INCREMENT для таблицы `joom5_action_log_config`
--
ALTER TABLE `joom5_action_log_config`
  MODIFY `id` int UNSIGNED NOT NULL AUTO_INCREMENT, AUTO_INCREMENT=23;

--
-- AUTO_INCREMENT для таблицы `joom5_assets`
--
ALTER TABLE `joom5_assets`
  MODIFY `id` int UNSIGNED NOT NULL AUTO_INCREMENT COMMENT 'Primary Key', AUTO_INCREMENT=138;

--
-- AUTO_INCREMENT для таблицы `joom5_banners`
--
ALTER TABLE `joom5_banners`
  MODIFY `id` int NOT NULL AUTO_INCREMENT;

--
-- AUTO_INCREMENT для таблицы `joom5_banner_clients`
--
ALTER TABLE `joom5_banner_clients`
  MODIFY `id` int NOT NULL AUTO_INCREMENT;

--
-- AUTO_INCREMENT для таблицы `joom5_categories`
--
ALTER TABLE `joom5_categories`
  MODIFY `id` int NOT NULL AUTO_INCREMENT, AUTO_INCREMENT=9;

--
-- AUTO_INCREMENT для таблицы `joom5_contact_details`
--
ALTER TABLE `joom5_contact_details`
  MODIFY `id` int NOT NULL AUTO_INCREMENT;

--
-- AUTO_INCREMENT для таблицы `joom5_content`
--
ALTER TABLE `joom5_content`
  MODIFY `id` int UNSIGNED NOT NULL AUTO_INCREMENT, AUTO_INCREMENT=12;

--
-- AUTO_INCREMENT для таблицы `joom5_content_types`
--
ALTER TABLE `joom5_content_types`
  MODIFY `type_id` int UNSIGNED NOT NULL AUTO_INCREMENT, AUTO_INCREMENT=10000;

--
-- AUTO_INCREMENT для таблицы `joom5_extensions`
--
ALTER TABLE `joom5_extensions`
  MODIFY `extension_id` int NOT NULL AUTO_INCREMENT, AUTO_INCREMENT=259;

--
-- AUTO_INCREMENT для таблицы `joom5_fields`
--
ALTER TABLE `joom5_fields`
  MODIFY `id` int UNSIGNED NOT NULL AUTO_INCREMENT;

--
-- AUTO_INCREMENT для таблицы `joom5_fields_groups`
--
ALTER TABLE `joom5_fields_groups`
  MODIFY `id` int UNSIGNED NOT NULL AUTO_INCREMENT;

--
-- AUTO_INCREMENT для таблицы `joom5_finder_filters`
--
ALTER TABLE `joom5_finder_filters`
  MODIFY `filter_id` int UNSIGNED NOT NULL AUTO_INCREMENT;

--
-- AUTO_INCREMENT для таблицы `joom5_finder_links`
--
ALTER TABLE `joom5_finder_links`
  MODIFY `link_id` int UNSIGNED NOT NULL AUTO_INCREMENT, AUTO_INCREMENT=14;

--
-- AUTO_INCREMENT для таблицы `joom5_finder_taxonomy`
--
ALTER TABLE `joom5_finder_taxonomy`
  MODIFY `id` int UNSIGNED NOT NULL AUTO_INCREMENT, AUTO_INCREMENT=16;

--
-- AUTO_INCREMENT для таблицы `joom5_finder_terms`
--
ALTER TABLE `joom5_finder_terms`
  MODIFY `term_id` int UNSIGNED NOT NULL AUTO_INCREMENT, AUTO_INCREMENT=708;

--
-- AUTO_INCREMENT для таблицы `joom5_finder_types`
--
ALTER TABLE `joom5_finder_types`
  MODIFY `id` int UNSIGNED NOT NULL AUTO_INCREMENT, AUTO_INCREMENT=6;

--
-- AUTO_INCREMENT для таблицы `joom5_guidedtours`
--
ALTER TABLE `joom5_guidedtours`
  MODIFY `id` int NOT NULL AUTO_INCREMENT, AUTO_INCREMENT=14;

--
-- AUTO_INCREMENT для таблицы `joom5_guidedtour_steps`
--
ALTER TABLE `joom5_guidedtour_steps`
  MODIFY `id` int NOT NULL AUTO_INCREMENT, AUTO_INCREMENT=119;

--
-- AUTO_INCREMENT для таблицы `joom5_history`
--
ALTER TABLE `joom5_history`
  MODIFY `version_id` int UNSIGNED NOT NULL AUTO_INCREMENT, AUTO_INCREMENT=30;

--
-- AUTO_INCREMENT для таблицы `joom5_languages`
--
ALTER TABLE `joom5_languages`
  MODIFY `lang_id` int UNSIGNED NOT NULL AUTO_INCREMENT, AUTO_INCREMENT=3;

--
-- AUTO_INCREMENT для таблицы `joom5_menu`
--
ALTER TABLE `joom5_menu`
  MODIFY `id` int NOT NULL AUTO_INCREMENT, AUTO_INCREMENT=118;

--
-- AUTO_INCREMENT для таблицы `joom5_menu_types`
--
ALTER TABLE `joom5_menu_types`
  MODIFY `id` int UNSIGNED NOT NULL AUTO_INCREMENT, AUTO_INCREMENT=2;

--
-- AUTO_INCREMENT для таблицы `joom5_messages`
--
ALTER TABLE `joom5_messages`
  MODIFY `message_id` int UNSIGNED NOT NULL AUTO_INCREMENT;

--
-- AUTO_INCREMENT для таблицы `joom5_modules`
--
ALTER TABLE `joom5_modules`
  MODIFY `id` int NOT NULL AUTO_INCREMENT, AUTO_INCREMENT=134;

--
-- AUTO_INCREMENT для таблицы `joom5_newsfeeds`
--
ALTER TABLE `joom5_newsfeeds`
  MODIFY `id` int UNSIGNED NOT NULL AUTO_INCREMENT;

--
-- AUTO_INCREMENT для таблицы `joom5_overrider`
--
ALTER TABLE `joom5_overrider`
  MODIFY `id` int NOT NULL AUTO_INCREMENT COMMENT 'Primary Key';

--
-- AUTO_INCREMENT для таблицы `joom5_postinstall_messages`
--
ALTER TABLE `joom5_postinstall_messages`
  MODIFY `postinstall_message_id` bigint UNSIGNED NOT NULL AUTO_INCREMENT, AUTO_INCREMENT=6;

--
-- AUTO_INCREMENT для таблицы `joom5_privacy_consents`
--
ALTER TABLE `joom5_privacy_consents`
  MODIFY `id` int UNSIGNED NOT NULL AUTO_INCREMENT;

--
-- AUTO_INCREMENT для таблицы `joom5_privacy_requests`
--
ALTER TABLE `joom5_privacy_requests`
  MODIFY `id` int UNSIGNED NOT NULL AUTO_INCREMENT;

--
-- AUTO_INCREMENT для таблицы `joom5_redirect_links`
--
ALTER TABLE `joom5_redirect_links`
  MODIFY `id` int UNSIGNED NOT NULL AUTO_INCREMENT;

--
-- AUTO_INCREMENT для таблицы `joom5_scheduler_tasks`
--
ALTER TABLE `joom5_scheduler_tasks`
  MODIFY `id` int UNSIGNED NOT NULL AUTO_INCREMENT, AUTO_INCREMENT=4;

--
-- AUTO_INCREMENT для таблицы `joom5_schemaorg`
--
ALTER TABLE `joom5_schemaorg`
  MODIFY `id` int UNSIGNED NOT NULL AUTO_INCREMENT;

--
-- AUTO_INCREMENT для таблицы `joom5_tags`
--
ALTER TABLE `joom5_tags`
  MODIFY `id` int UNSIGNED NOT NULL AUTO_INCREMENT, AUTO_INCREMENT=2;

--
-- AUTO_INCREMENT для таблицы `joom5_template_overrides`
--
ALTER TABLE `joom5_template_overrides`
  MODIFY `id` int UNSIGNED NOT NULL AUTO_INCREMENT;

--
-- AUTO_INCREMENT для таблицы `joom5_template_styles`
--
ALTER TABLE `joom5_template_styles`
  MODIFY `id` int UNSIGNED NOT NULL AUTO_INCREMENT, AUTO_INCREMENT=12;

--
-- AUTO_INCREMENT для таблицы `joom5_tuf_metadata`
--
ALTER TABLE `joom5_tuf_metadata`
  MODIFY `id` int NOT NULL AUTO_INCREMENT, AUTO_INCREMENT=2;

--
-- AUTO_INCREMENT для таблицы `joom5_ucm_content`
--
ALTER TABLE `joom5_ucm_content`
  MODIFY `core_content_id` int UNSIGNED NOT NULL AUTO_INCREMENT;

--
-- AUTO_INCREMENT для таблицы `joom5_updates`
--
ALTER TABLE `joom5_updates`
  MODIFY `update_id` int NOT NULL AUTO_INCREMENT, AUTO_INCREMENT=355;

--
-- AUTO_INCREMENT для таблицы `joom5_update_sites`
--
ALTER TABLE `joom5_update_sites`
  MODIFY `update_site_id` int NOT NULL AUTO_INCREMENT, AUTO_INCREMENT=6;

--
-- AUTO_INCREMENT для таблицы `joom5_usergroups`
--
ALTER TABLE `joom5_usergroups`
  MODIFY `id` int UNSIGNED NOT NULL AUTO_INCREMENT COMMENT 'Primary Key', AUTO_INCREMENT=10;

--
-- AUTO_INCREMENT для таблицы `joom5_users`
--
ALTER TABLE `joom5_users`
  MODIFY `id` int NOT NULL AUTO_INCREMENT, AUTO_INCREMENT=93;

--
-- AUTO_INCREMENT для таблицы `joom5_user_keys`
--
ALTER TABLE `joom5_user_keys`
  MODIFY `id` int UNSIGNED NOT NULL AUTO_INCREMENT;

--
-- AUTO_INCREMENT для таблицы `joom5_user_mfa`
--
ALTER TABLE `joom5_user_mfa`
  MODIFY `id` int NOT NULL AUTO_INCREMENT;

--
-- AUTO_INCREMENT для таблицы `joom5_user_notes`
--
ALTER TABLE `joom5_user_notes`
  MODIFY `id` int UNSIGNED NOT NULL AUTO_INCREMENT;

--
-- AUTO_INCREMENT для таблицы `joom5_viewlevels`
--
ALTER TABLE `joom5_viewlevels`
  MODIFY `id` int UNSIGNED NOT NULL AUTO_INCREMENT COMMENT 'Primary Key', AUTO_INCREMENT=7;

--
-- AUTO_INCREMENT для таблицы `joom5_wf_profiles`
--
ALTER TABLE `joom5_wf_profiles`
  MODIFY `id` int NOT NULL AUTO_INCREMENT, AUTO_INCREMENT=7;

--
-- AUTO_INCREMENT для таблицы `joom5_workflows`
--
ALTER TABLE `joom5_workflows`
  MODIFY `id` int NOT NULL AUTO_INCREMENT, AUTO_INCREMENT=2;

--
-- AUTO_INCREMENT для таблицы `joom5_workflow_stages`
--
ALTER TABLE `joom5_workflow_stages`
  MODIFY `id` int NOT NULL AUTO_INCREMENT, AUTO_INCREMENT=2;

--
-- AUTO_INCREMENT для таблицы `joom5_workflow_transitions`
--
ALTER TABLE `joom5_workflow_transitions`
  MODIFY `id` int NOT NULL AUTO_INCREMENT, AUTO_INCREMENT=8;
COMMIT;

